{"id":40818,"date":"2023-06-30T13:40:24","date_gmt":"2023-06-30T13:40:24","guid":{"rendered":"https:\/\/miminhosritacatita.com\/?post_type=product&#038;p=40818"},"modified":"2025-01-16T10:45:02","modified_gmt":"2025-01-16T10:45:02","slug":"marcador-mesa-delicado-a-noiva-sou-eu","status":"publish","type":"product","link":"https:\/\/miminhosritacatita.com\/pt\/colecao-a-noiva-sou-eu\/marcadores-de-mesa-colecao-a-noiva-sou-eu\/marcador-mesa-delicado-a-noiva-sou-eu\/","title":{"rendered":"Marcador Mesa Delicado &#8216;A Noiva Sou Eu&#8217;"},"content":{"rendered":"<h1>Marcador Mesa Delicado &#8216;A Noiva Sou Eu&#8217;<\/h1>\n<p>Marcador Mesa Delicado &#8216;A Noiva Sou Eu&#8217;<\/p>\n<p>Dizem que o segredo est\u00e1 nos detalhes\u2026 E n\u00f3s acreditamos! Na nossa loja o Marcador Mesa Delicado &#8216;A Noiva Sou Eu&#8217; \u00e9 dos nossos detalhes favoritos.<\/p>\n<p>Dos robes \u00e0s ligas\u2026 Como ser\u00e1 o seu Marcador de mesas no casamento? Pense!, porque \u00e9 aqui que o estilo pessoal vai brilhar!<\/p>\n<p>Feitos com amor, os nossos Marcadores para mesas de casamento s\u00e3o feitos para cada cliente, ideia que resulta dos detalhes da sua hist\u00f3ria. Por isso, vamos j\u00e1 conta-la como ela \u00e9, pelas suas palavras.<\/p>\n<p>Temos, na nossa loja, v\u00e1rios Marcadores para mesas de casamento para v\u00e1rios pre\u00e7os e gostos, mantendo sempre a promessa de qualidade.<\/p>\n<h2>O Marcador Mesa Delicado &#8216;A Noiva Sou Eu&#8217;<\/h2>\n<p>Entendemos que o m\u00e9rito pelo <b>Casamento<\/b> \u00e9 seu, mas que a miss\u00e3o \u00e9 nossa. E, por isso, criamos produtos ajustados ao gosto de cada cliente, cumprindo sempre com a qualidade e perfei\u00e7\u00e3o e bom gosto.<\/p>\n<p>Assim, encontre na Loja Online a resposta para todos os pormenores que far\u00e3o a sua festa \u00fanica.<\/p>\n<p>Assim como, tamb\u00e9m alugamos carros para o transporte dos noivos. Assim, para saber o pre\u00e7o contacte-nos e informe a data do Evento \/ a morada de recolha \/ a da Igreja \/ e a do local da boda.<\/p>\n<p>Assim, temos ainda para alugar um insufl\u00e1vel e um escorrega. Portanto, pe\u00e7a o seu or\u00e7amento dizendo em que dia ser\u00e1 o evento e se o deseja levantar em loja ou se pretende que nos desloquemos ao local do evento para a montagem \/ e a desmontagem.<\/p>\n<p>Portanto, encontre aqui a resposta para todos os detalhes que far\u00e3o o seu Casamento \u00fanico, como o Marcador Mesas Casamento. Dos quais:<\/p>\n<ul>\n<li>Porta Alian\u00e7as<\/li>\n<li>Livros de Honra<\/li>\n<li>Lembran\u00e7as de casamento<\/li>\n<li>Cestas de Lembran\u00e7as de casamento<\/li>\n<li>Photo Booth de casamento<\/li>\n<li>Cabides dos noivos<\/li>\n<\/ul>\n<p>Assim como Flutes \/ e Talheres \/ e os Cart\u00f5es Marca\u00e7\u00e3o Mesa \/ e os Sparklers \/ e Placard Casamento Acr\u00edlico Delicado. Seja como for, tamb\u00e9m temos Ramos de Noiva Artificiais \/ e os Ramos de Solteiras \/ e Caixas de Envelopes. E ainda, as Ofertas a Pais e Padrinhos \/ e as Argolas de Guardanapos\/ e as Ementas.<\/p>\n<p><strong>Veja Tamb\u00e9m: <a href=\"https:\/\/miminhosritacatita.com\/produto\/agenda-da-noiva\/\">Agenda da Noiva<\/a><\/strong><\/p>\n<p>Siga-nos no <a href=\"https:\/\/www.instagram.com\/miminhos.rita.catita\/\" target=\"_blank\" rel=\"noopener\">Instagram<\/a><\/p>\n<p>&nbsp;<\/p>\n","protected":false},"excerpt":{"rendered":"<p>Marcador Mesa Delicado &#8216;A Noiva Sou Eu&#8217;<\/p>\n<p>Veja o marcador de lugar que combina com este marcador de mesa:<\/p>\n<p><a href=\"https:\/\/miminhosritacatita.com\/colecao-a-noiva-sou-eu\/marcadores-de-lugar\/marcador-lugar-delicado-a-noiva-sou-eu\/\" target=\"_blank\" rel=\"noopener\">https:\/\/miminhosritacatita.com\/colecao-a-noiva-sou-eu\/marcadores-de-lugar\/marcador-lugar-delicado-a-noiva-sou-eu\/<\/a><\/p>\n<p>&nbsp;<\/p>\n<p>&nbsp;<\/p>\n<p>&nbsp;<\/p>\n<p>&nbsp;<\/p>\n<p>&nbsp;<\/p>\n","protected":false},"featured_media":40903,"template":"","meta":[],"product_brand":[],"product_cat":[1171,626,1172],"product_tag":[],"class_list":{"0":"post-40818","1":"product","2":"type-product","3":"status-publish","4":"has-post-thumbnail","6":"product_cat-colecao-a-noiva-sou-eu","7":"product_cat-marcadores-de-mesa","8":"product_cat-marcadores-de-mesa-colecao-a-noiva-sou-eu","10":"first","11":"instock","12":"taxable","13":"shipping-taxable","14":"purchasable","15":"product-type-simple"},"_links":{"self":[{"href":"https:\/\/miminhosritacatita.com\/pt\/wp-json\/wp\/v2\/product\/40818","targetHints":{"allow":["GET"]}}],"collection":[{"href":"https:\/\/miminhosritacatita.com\/pt\/wp-json\/wp\/v2\/product"}],"about":[{"href":"https:\/\/miminhosritacatita.com\/pt\/wp-json\/wp\/v2\/types\/product"}],"wp:featuredmedia":[{"embeddable":true,"href":"https:\/\/miminhosritacatita.com\/pt\/wp-json\/wp\/v2\/media\/40903"}],"wp:attachment":[{"href":"https:\/\/miminhosritacatita.com\/pt\/wp-json\/wp\/v2\/media?parent=40818"}],"wp:term":[{"taxonomy":"product_brand","embeddable":true,"href":"https:\/\/miminhosritacatita.com\/pt\/wp-json\/wp\/v2\/product_brand?post=40818"},{"taxonomy":"product_cat","embeddable":true,"href":"https:\/\/miminhosritacatita.com\/pt\/wp-json\/wp\/v2\/product_cat?post=40818"},{"taxonomy":"product_tag","embeddable":true,"href":"https:\/\/miminhosritacatita.com\/pt\/wp-json\/wp\/v2\/product_tag?post=40818"}],"curies":[{"name":"wp","href":"https:\/\/api.w.org\/{rel}","templated":true}]}}

<h1>Marcador Mesa Delicado &#8216;A Noiva Sou Eu&#8217;</h1>
<p>Marcador Mesa Delicado &#8216;A Noiva Sou Eu&#8217;</p>
<p>Dizem que o segredo está nos detalhes… E nós acreditamos! Na nossa loja o Marcador Mesa Delicado &#8216;A Noiva Sou Eu&#8217; é dos nossos detalhes favoritos.</p>
<p>Dos robes às ligas… Como será o seu Marcador de mesas no casamento? Pense!, porque é aqui que o estilo pessoal vai brilhar!</p>
<p>Feitos com amor, os nossos Marcadores para mesas de casamento são feitos para cada cliente, ideia que resulta dos detalhes da sua história. Por isso, vamos já conta-la como ela é, pelas suas palavras.</p>
<p>Temos, na nossa loja, vários Marcadores para mesas de casamento para vários preços e gostos, mantendo sempre a promessa de qualidade.</p>
<h2>O Marcador Mesa Delicado &#8216;A Noiva Sou Eu&#8217;</h2>
<p>Entendemos que o mérito pelo <b>Casamento</b> é seu, mas que a missão é nossa. E, por isso, criamos produtos ajustados ao gosto de cada cliente, cumprindo sempre com a qualidade e perfeição e bom gosto.</p>
<p>Assim, encontre na Loja Online a resposta para todos os pormenores que farão a sua festa única.</p>
<p>Assim como, também alugamos carros para o transporte dos noivos. Assim, para saber o preço contacte-nos e informe a data do Evento / a morada de recolha / a da Igreja / e a do local da boda.</p>
<p>Assim, temos ainda para alugar um insuflável e um escorrega. Portanto, peça o seu orçamento dizendo em que dia será o evento e se o deseja levantar em loja ou se pretende que nos desloquemos ao local do evento para a montagem / e a desmontagem.</p>
<p>Portanto, encontre aqui a resposta para todos os detalhes que farão o seu Casamento único, como o Marcador Mesas Casamento. Dos quais:</p>
<ul>
<li>Porta Alianças</li>
<li>Livros de Honra</li>
<li>Lembranças de casamento</li>
<li>Cestas de Lembranças de casamento</li>
<li>Photo Booth de casamento</li>
<li>Cabides dos noivos</li>
</ul>
<p>Assim como Flutes / e Talheres / e os Cartões Marcação Mesa / e os Sparklers / e Placard Casamento Acrílico Delicado. Seja como for, também temos Ramos de Noiva Artificiais / e os Ramos de Solteiras / e Caixas de Envelopes. E ainda, as Ofertas a Pais e Padrinhos / e as Argolas de Guardanapos/ e as Ementas.</p>
<p><strong>Veja Também: <a href="https://miminhosritacatita.com/produto/agenda-da-noiva/">Agenda da Noiva</a></strong></p>
<p>Siga-nos no <a href="https://www.instagram.com/miminhos.rita.catita/" target="_blank" rel="noopener">Instagram</a></p>
<p>&nbsp;</p>
