{"id":25881,"date":"2022-01-25T18:46:37","date_gmt":"2022-01-25T18:46:37","guid":{"rendered":"https:\/\/miminhosritacatita.com\/?post_type=product&#038;p=25881"},"modified":"2025-02-04T12:07:26","modified_gmt":"2025-02-04T12:07:26","slug":"robe-renda-sessao-gravida","status":"publish","type":"product","link":"https:\/\/miminhosritacatita.com\/pt\/presentes-personalizados\/prendas-para-bebe\/robe-renda-sessao-gravida\/","title":{"rendered":"Robe Renda Sess\u00e3o Gr\u00e1vida"},"content":{"rendered":"<h1>Robe Renda Sess\u00e3o Gr\u00e1vida<\/h1>\n<p>Robe Renda Sess\u00e3o Gr\u00e1vida<\/p>\n<p>Estamos sempre presentes nos momentos mais importantes da sua vida com <strong>presentes<\/strong> para os momentos especiais!<\/p>\n<p>O que mais gostamos nas <strong>Prendas <\/strong>\u00e9 de as ligar a elementos pessoais \/ \u00fanicos de cada hist\u00f3ria. Qual \u00e9 a sua?<\/p>\n<p>Sabemos que o m\u00e9rito pela Prenda \u00e9 seu, mas que a miss\u00e3o \u00e9 nossa. E, por isso, criamos prendas \u00fanicas e ao seu gosto, cumprindo sempre com a qualidade e perfei\u00e7\u00e3o e bom gosto.<\/p>\n<h2>O Robe Renda Sess\u00e3o Gr\u00e1vida<\/h2>\n<p>As nossas <strong>Prendas<\/strong> j\u00e1 s\u00e3o o resultado de uma combina\u00e7\u00e3o, pelo que trabalhamos para manter a mudan\u00e7a.<\/p>\n<p>Fazemos <strong>Prendas para<\/strong> Nascimento<strong> \/ e beb\u00e9s,<\/strong> de acordo com o seu gosto.<\/p>\n<p>Para al\u00e9m disso, as <strong>Prendas<\/strong> s\u00e3o produzidas c\u00e1, o que nos d\u00e1 controlo sobre o prazo de produ\u00e7\u00e3o.<\/p>\n<p>Tem uma prenda para oferecer e n\u00e3o sabe o que escolher? Pois bem, aqui temos a sua prenda ideal.<\/p>\n<p>Uma vez que as nossas prendas s\u00e3o feitas c\u00e1, saiba que al\u00e9m do que temos online, pode tamb\u00e9m dizer-nos qual a sua ideia, e n\u00f3s fazemos. Nestes artigos podemos criar a seu gosto, no entanto contacte-nos primeiro a confirmar se \u00e9 poss\u00edvel o seu pedido.<\/p>\n<ul>\n<li>Assim, como sugest\u00f5es temos Vela da Vida \/ Banco Mealheiro \/ Caixa com cart\u00f5es para fotografar o beb\u00e9.<\/li>\n<\/ul>\n<p>Caixa de Nascimento (para guardar as recorda\u00e7\u00f5es \/ como o cabelo \/ o umbigo \/ a pulseira da maternidade \/ dentes).<\/p>\n<p>A Agenda da Gr\u00e1vida (desde a gravidez at\u00e9 ao primeiro aninho) \/ Almofadas personalizadas \/ Quadros de Nascimento.<\/p>\n<p>Encontre na Loja Online tudo o que procura para que a sua prenda seja \u00fanica.<\/p>\n<p>Inspire-se no nosso trabalho e tenha j\u00e1 mais ideias de <strong>ofertas<\/strong>, desde as mais simples, \u00e0s mais elegantes e mais formais, at\u00e9 aos mais divertidos.<\/p>\n<p>Portanto, veja j\u00e1, em baixo alguns tipos de <strong>Prendas<\/strong> criadas na loja da Miminhos.\u200b<\/p>\n<p><strong>Veja Tamb\u00e9m:<\/strong><a href=\"https:\/\/miminhosritacatita.com\/categoria-produto\/batizados\/\"> Batizados<\/a><\/p>\n<p><strong>Siga-nos no<a href=\"https:\/\/www.instagram.com\/miminhos.rita.catita\/\" target=\"_blank\" rel=\"noopener\"> Instagram<\/a><\/strong><\/p>\n","protected":false},"excerpt":{"rendered":"<p>Robe Renda Sess\u00e3o Gr\u00e1vida<\/p>\n<p>Cor: Branco<\/p>\n<p>Tamanho \u00fanico<\/p>\n<p>Um detalhe encantador para a sua sess\u00e3o de gr\u00e1vida, que poder\u00e1 usar sempre que necessitar.<\/p>\n","protected":false},"featured_media":25882,"template":"","meta":[],"product_brand":[],"product_cat":[1001],"product_tag":[],"class_list":{"0":"post-25881","1":"product","2":"type-product","3":"status-publish","4":"has-post-thumbnail","6":"product_cat-prendas-para-bebe","8":"first","9":"instock","10":"taxable","11":"shipping-taxable","12":"purchasable","13":"product-type-variable"},"_links":{"self":[{"href":"https:\/\/miminhosritacatita.com\/pt\/wp-json\/wp\/v2\/product\/25881","targetHints":{"allow":["GET"]}}],"collection":[{"href":"https:\/\/miminhosritacatita.com\/pt\/wp-json\/wp\/v2\/product"}],"about":[{"href":"https:\/\/miminhosritacatita.com\/pt\/wp-json\/wp\/v2\/types\/product"}],"wp:featuredmedia":[{"embeddable":true,"href":"https:\/\/miminhosritacatita.com\/pt\/wp-json\/wp\/v2\/media\/25882"}],"wp:attachment":[{"href":"https:\/\/miminhosritacatita.com\/pt\/wp-json\/wp\/v2\/media?parent=25881"}],"wp:term":[{"taxonomy":"product_brand","embeddable":true,"href":"https:\/\/miminhosritacatita.com\/pt\/wp-json\/wp\/v2\/product_brand?post=25881"},{"taxonomy":"product_cat","embeddable":true,"href":"https:\/\/miminhosritacatita.com\/pt\/wp-json\/wp\/v2\/product_cat?post=25881"},{"taxonomy":"product_tag","embeddable":true,"href":"https:\/\/miminhosritacatita.com\/pt\/wp-json\/wp\/v2\/product_tag?post=25881"}],"curies":[{"name":"wp","href":"https:\/\/api.w.org\/{rel}","templated":true}]}}

Robe Renda Sessão Grávida

<h1>Robe Renda Sessão Grávida</h1>
<p>Robe Renda Sessão Grávida</p>
<p>Estamos sempre presentes nos momentos mais importantes da sua vida com <strong>presentes</strong> para os momentos especiais!</p>
<p>O que mais gostamos nas <strong>Prendas </strong>é de as ligar a elementos pessoais / únicos de cada história. Qual é a sua?</p>
<p>Sabemos que o mérito pela Prenda é seu, mas que a missão é nossa. E, por isso, criamos prendas únicas e ao seu gosto, cumprindo sempre com a qualidade e perfeição e bom gosto.</p>
<h2>O Robe Renda Sessão Grávida</h2>
<p>As nossas <strong>Prendas</strong> já são o resultado de uma combinação, pelo que trabalhamos para manter a mudança.</p>
<p>Fazemos <strong>Prendas para</strong> Nascimento<strong> / e bebés,</strong> de acordo com o seu gosto.</p>
<p>Para além disso, as <strong>Prendas</strong> são produzidas cá, o que nos dá controlo sobre o prazo de produção.</p>
<p>Tem uma prenda para oferecer e não sabe o que escolher? Pois bem, aqui temos a sua prenda ideal.</p>
<p>Uma vez que as nossas prendas são feitas cá, saiba que além do que temos online, pode também dizer-nos qual a sua ideia, e nós fazemos. Nestes artigos podemos criar a seu gosto, no entanto contacte-nos primeiro a confirmar se é possível o seu pedido.</p>
<ul>
<li>Assim, como sugestões temos Vela da Vida / Banco Mealheiro / Caixa com cartões para fotografar o bebé.</li>
</ul>
<p>Caixa de Nascimento (para guardar as recordações / como o cabelo / o umbigo / a pulseira da maternidade / dentes).</p>
<p>A Agenda da Grávida (desde a gravidez até ao primeiro aninho) / Almofadas personalizadas / Quadros de Nascimento.</p>
<p>Encontre na Loja Online tudo o que procura para que a sua prenda seja única.</p>
<p>Inspire-se no nosso trabalho e tenha já mais ideias de <strong>ofertas</strong>, desde as mais simples, às mais elegantes e mais formais, até aos mais divertidos.</p>
<p>Portanto, veja já, em baixo alguns tipos de <strong>Prendas</strong> criadas na loja da Miminhos.​</p>
<p><strong>Veja Também:</strong><a href="https://miminhosritacatita.com/categoria-produto/batizados/"> Batizados</a></p>
<p><strong>Siga-nos no<a href="https://www.instagram.com/miminhos.rita.catita/" target="_blank" rel="noopener"> Instagram</a></strong></p>

<p>Robe Renda Sessão Grávida</p>
<p>Cor: Branco</p>
<p>Tamanho único</p>
<p>Um detalhe encantador para a sua sessão de grávida, que poderá usar sempre que necessitar.</p>
