{"id":9554,"date":"2019-11-25T14:27:27","date_gmt":"2019-11-25T14:27:27","guid":{"rendered":"https:\/\/miminhosritacatita.com\/?post_type=product&#038;p=9554"},"modified":"2025-03-13T16:31:07","modified_gmt":"2025-03-13T16:31:07","slug":"cartao-com-dezena-e-laco-rosa","status":"publish","type":"product","link":"https:\/\/miminhosritacatita.com\/it\/comunhao\/lembrancas-de-comunhao\/cartao-com-dezena-e-laco-rosa\/","title":{"rendered":"Cart\u00e3o com Dezena e La\u00e7o Rosa"},"content":{"rendered":"<h1>Cart\u00e3o com Dezena e La\u00e7o Rosa<\/h1>\n<p>Cart\u00e3o com Dezena e la\u00e7o Rosa<\/p>\n<p>Abrimos um caminho sem precedentes quando pensamos na nossa festa de sonho, porque todos os detalhes contam quando o objetivo \u00e9 espalhar amor pelo ar. Na Miminhos Rita Catita, temos uma confiss\u00e3o para fazer: somos fan\u00e1ticos por detalhes. Mais ainda por <strong>Lembran\u00e7as<\/strong>: s\u00e3o elas que guardam a promessa de uma celebra\u00e7\u00e3o inesquec\u00edvel!<\/p>\n<p>Entendemos que o ambiente festivo merece que a imagina\u00e7\u00e3o corra livre. Por isso, o nosso <strong>Cart\u00e3o com Dezena<\/strong> s\u00e3o sempre criativas. As op\u00e7\u00f5es s\u00e3o diversas\u2026 O limite \u00e9 a imagina\u00e7\u00e3o. Como imagina as suas?<\/p>\n<p>Dispomos, nas nossas lojas, de v\u00e1rias <strong>Lembran\u00e7as<\/strong>\u2013 desde as comest\u00edveis at\u00e9 \u00e0s mais funcionais. E, garantimos, todas nos merecem a mesma aten\u00e7\u00e3o ao pormenor e carinho.<\/p>\n<h2>Cart\u00e3o com Dezena e la\u00e7o Rosa<\/h2>\n<p>Precisa de lembran\u00e7as de Comunh\u00e3o e n\u00e3o sabe o que escolher? Pois bem, na Miminhos Rita Catita encontrar\u00e1 a oferta ideal. Para al\u00e9m do que mostramos tamb\u00e9m pode dizer-nos qual a sua ideia e n\u00f3s executamos. Nos artigos que apresentamos \u00e9 poss\u00edvel fazermos altera\u00e7\u00f5es \u00e1s cores e personalizar a gosto, contudo contacte-nos sempre primeiro para confirmar essa possibilidade.<\/p>\n<p>Contudo na Miminhos Rita Catita entendemos que o m\u00e9rito pela escolha \u00e9 seu, mas que o compromisso \u00e9 nosso. E, por isso, desenvolvemos produtos personalizados e ajustados \u00e0s necessidades de cada cliente, cumprindo sempre a promessa de qualidade, excel\u00eancia e profissionalismo.<\/p>\n<ul>\n<li>Portanto encontre na Loja Online da Miminhos Rita Catita a resposta para todos os pormenores que tornar\u00e3o a sua festa de Comunh\u00e3o \u00fanica: Convites, <strong>Lembran\u00e7as<\/strong>, Lembran\u00e7as especiais para padrinhos e para av\u00f3s, Livros de Honra, Placards, Ementas, Marcadores de Mesa, Cestas de Lembran\u00e7as, argolas de guardanapo. Mas tamb\u00e9m Caixas para guardar prendas em dinheiro, talheres e flutes personalizados Topos de Bolo e Cart\u00e3o com Dezena e la\u00e7o Rosa.<\/li>\n<\/ul>\n<ul>\n<li><strong>Lembran\u00e7as de Comunh\u00e3o, Lembran\u00e7as de Primeira Comunh\u00e3o, Lembran\u00e7as Comunh\u00e3o Solene<\/strong>, <strong>Lembran\u00e7as de Profiss\u00e3o de f\u00e9, Lembran\u00e7as de Comunh\u00e3o Originais, Lembran\u00e7as de Comunh\u00e3o Solene Originais<\/strong><\/li>\n<\/ul>\n<p>Tamb\u00e9m dispomos de insufl\u00e1vel e escorrega para alugar. Portanto, Pe\u00e7a-nos or\u00e7amento indicando o dia do evento e se deseja levantar e entregar em loja ou se pretende a nossa desloca\u00e7\u00e3o ao local do evento para montagem e desmontagem.<\/p>\n<p><strong>Vedi anche: <a href=\"https:\/\/miminhosritacatita.com\/it\/product-category\/comunhoes\/convites-de-comunhao\/\">Inviti alla comunione<\/a><\/strong><\/p>\n<p><a href=\"https:\/\/www.facebook.com\/pg\/miminhos.ritacatita\/photos\/?tab=albums\" target=\"_blank\" rel=\"noopener\"><strong>Visite o Nosso <\/strong><\/a><strong><a href=\"https:\/\/www.instagram.com\/miminhos.rita.catita\/\" target=\"_blank\" rel=\"noopener\">Instagram<\/a><\/strong><\/p>","protected":false},"excerpt":{"rendered":"<p>Cart\u00e3o com Dezena e la\u00e7o Rosa<\/p>\n<p>Cor do Papel da imagem: Branco metalizado<\/p>\n<p>Cor Da fita da imagem: Rosa forte<\/p>\n<p>Cor da Dezena: Rosa<\/p>\n<p>Para altera\u00e7\u00f5es indicar nas &#8220;Notas&#8221;<\/p>","protected":false},"featured_media":62661,"template":"","meta":[],"product_brand":[],"product_cat":[1028],"product_tag":[],"class_list":{"0":"post-9554","1":"product","2":"type-product","3":"status-publish","4":"has-post-thumbnail","6":"product_cat-lembrancas-de-comunhao","8":"first","9":"instock","10":"taxable","11":"shipping-taxable","12":"purchasable","13":"product-type-simple"},"_links":{"self":[{"href":"https:\/\/miminhosritacatita.com\/it\/wp-json\/wp\/v2\/product\/9554","targetHints":{"allow":["GET"]}}],"collection":[{"href":"https:\/\/miminhosritacatita.com\/it\/wp-json\/wp\/v2\/product"}],"about":[{"href":"https:\/\/miminhosritacatita.com\/it\/wp-json\/wp\/v2\/types\/product"}],"wp:featuredmedia":[{"embeddable":true,"href":"https:\/\/miminhosritacatita.com\/it\/wp-json\/wp\/v2\/media\/62661"}],"wp:attachment":[{"href":"https:\/\/miminhosritacatita.com\/it\/wp-json\/wp\/v2\/media?parent=9554"}],"wp:term":[{"taxonomy":"product_brand","embeddable":true,"href":"https:\/\/miminhosritacatita.com\/it\/wp-json\/wp\/v2\/product_brand?post=9554"},{"taxonomy":"product_cat","embeddable":true,"href":"https:\/\/miminhosritacatita.com\/it\/wp-json\/wp\/v2\/product_cat?post=9554"},{"taxonomy":"product_tag","embeddable":true,"href":"https:\/\/miminhosritacatita.com\/it\/wp-json\/wp\/v2\/product_tag?post=9554"}],"curies":[{"name":"wp","href":"https:\/\/api.w.org\/{rel}","templated":true}]}}

Cartão com Dezena e Laço Rosa

<h1>Cartão com Dezena e Laço Rosa</h1>
<p>Cartão com Dezena e laço Rosa</p>
<p>Abrimos um caminho sem precedentes quando pensamos na nossa festa de sonho, porque todos os detalhes contam quando o objetivo é espalhar amor pelo ar. Na Miminhos Rita Catita, temos uma confissão para fazer: somos fanáticos por detalhes. Mais ainda por <strong>Lembranças</strong>: são elas que guardam a promessa de uma celebração inesquecível!</p>
<p>Entendemos que o ambiente festivo merece que a imaginação corra livre. Por isso, o nosso <strong>Cartão com Dezena</strong> são sempre criativas. As opções são diversas… O limite é a imaginação. Como imagina as suas?</p>
<p>Dispomos, nas nossas lojas, de várias <strong>Lembranças</strong>– desde as comestíveis até às mais funcionais. E, garantimos, todas nos merecem a mesma atenção ao pormenor e carinho.</p>
<h2>Cartão com Dezena e laço Rosa</h2>
<p>Precisa de lembranças de Comunhão e não sabe o que escolher? Pois bem, na Miminhos Rita Catita encontrará a oferta ideal. Para além do que mostramos também pode dizer-nos qual a sua ideia e nós executamos. Nos artigos que apresentamos é possível fazermos alterações ás cores e personalizar a gosto, contudo contacte-nos sempre primeiro para confirmar essa possibilidade.</p>
<p>Contudo na Miminhos Rita Catita entendemos que o mérito pela escolha é seu, mas que o compromisso é nosso. E, por isso, desenvolvemos produtos personalizados e ajustados às necessidades de cada cliente, cumprindo sempre a promessa de qualidade, excelência e profissionalismo.</p>
<ul>
<li>Portanto encontre na Loja Online da Miminhos Rita Catita a resposta para todos os pormenores que tornarão a sua festa de Comunhão única: Convites, <strong>Lembranças</strong>, Lembranças especiais para padrinhos e para avós, Livros de Honra, Placards, Ementas, Marcadores de Mesa, Cestas de Lembranças, argolas de guardanapo. Mas também Caixas para guardar prendas em dinheiro, talheres e flutes personalizados Topos de Bolo e Cartão com Dezena e laço Rosa.</li>
</ul>
<ul>
<li><strong>Lembranças de Comunhão, Lembranças de Primeira Comunhão, Lembranças Comunhão Solene</strong>, <strong>Lembranças de Profissão de fé, Lembranças de Comunhão Originais, Lembranças de Comunhão Solene Originais</strong></li>
</ul>
<p>Também dispomos de insuflável e escorrega para alugar. Portanto, Peça-nos orçamento indicando o dia do evento e se deseja levantar e entregar em loja ou se pretende a nossa deslocação ao local do evento para montagem e desmontagem.</p>
<p><strong>Vedi anche: <a href="https://miminhosritacatita.com/it/product-category/comunhoes/convites-de-comunhao/">Inviti alla comunione</a></strong></p>
<p><a href="https://www.facebook.com/pg/miminhos.ritacatita/photos/?tab=albums" target="_blank" rel="noopener"><strong>Visite o Nosso </strong></a><strong><a href="https://www.instagram.com/miminhos.rita.catita/" target="_blank" rel="noopener">Instagram</a></strong></p>

<p>Cartão com Dezena e laço Rosa</p>
<p>Cor do Papel da imagem: Branco metalizado</p>
<p>Cor Da fita da imagem: Rosa forte</p>
<p>Cor da Dezena: Rosa</p>
<p>Para alterações indicar nas &#8220;Notas&#8221;</p>
