{"id":43943,"date":"2024-02-02T09:57:29","date_gmt":"2024-02-02T09:57:29","guid":{"rendered":"https:\/\/miminhosritacatita.com\/?post_type=product&#038;p=43943"},"modified":"2026-03-27T09:48:45","modified_gmt":"2026-03-27T09:48:45","slug":"agenda-noiva-preto-branco-standard","status":"publish","type":"product","link":"https:\/\/miminhosritacatita.com\/it\/agendas\/agenda-para-noiva\/agenda-noiva-preto-branco-standard\/","title":{"rendered":"Agenda Noiva Preto-branco Standard"},"content":{"rendered":"<h1>Agenda Noiva Preto-branco Standard<\/h1>\n<p>Agenda Noiva Preto-branco Standard<\/p>\n<p>Quindi, se come noi siete gi\u00e0 pazzi per i dettagli, con il <strong>Diario della sposa<\/strong> perderanno la testa.<\/p>\n<p>(Quasi) tutto inizia qui e questa \u00e8 la (seconda) parte migliore: pianificare, ma anche godersi la preparazione.<\/p>\n<p>La copertina del Diario di nozze personalizzato \u00e8 vostra, ma la promessa \u00e8 nostra. <strong>I diari della sposa<\/strong> vengono prodotti qui, il che ci permette di avere un controllo totale sui tempi di produzione.<\/p>\n<p>Tuttavia, si dice che il segreto sia nei dettagli... E noi ci crediamo! Nel nostro negozio <strong>a\u00a0<\/strong>I diari della sposa sono uno dei nostri dettagli preferiti.<\/p>\n<p>Assim sendo, \u00e9 poss\u00edvel seres uma noiva organizada? ..\u00e9 sim!! Por isso, com a nossa Agenda de Noiva \u00e9 poss\u00edvel!<\/p>\n<p>Per questo motivo, vi abbiamo mostrato un po' di pi\u00f9 di quello che contiene, \u00e8 super completo e in grado di risolvere tutti i vostri dubbi sull'organizzazione del matrimonio!<\/p>\n<p>Ecco quindi uno spazio per annotare e organizzare in modo pratico e semplice tutte le vostre idee per il grande giorno.<\/p>\n<h2>Agenda Noiva Preto-branco Standard<\/h2>\n<p>L'agenda \u00e8 quindi ricca di suggerimenti e consigli su come scegliere le fedi, gli inviti e ci\u00f2 che pi\u00f9 vi si addice. Aiuta a risolvere le questioni relative al tipo di cerimonia \/ aiuta anche nella scelta e nell'organizzazione degli invitati, oltre che nei vari tipi di abito.<\/p>\n<p>C'\u00e8 anche molto spazio per inserire le foto e i compiti da svolgere prima del grande giorno, in modo da avere un'agenda molto completa e molto altro ancora!<\/p>\n<p>Inoltre, l'agenda \u00e8 dotata di schede che consentono di trovare facilmente ci\u00f2 che si sta cercando.<\/p>\n<p>Per questo abbiamo realizzato l'Agenda di nozze con copertina personalizzata, mantenendo la nostra promessa di qualit\u00e0 e buon gusto:<\/p>\n<ul>\n<li>Rilegatura a spirale bianca<\/li>\n<li>Copertina rigida<\/li>\n<li>Diario settimanale non datato, risalente a due anni fa.<\/li>\n<li>Formato: A5<\/li>\n<li>5 schede<\/li>\n<\/ul>\n<p>Allo stesso modo,<\/p>\n<p>Suggerimenti sull'organizzazione del matrimonio e sulla scelta di articoli e fornitori di qualit\u00e0 \/<\/p>\n<p>Lista di controllo fino al grande giorno \/<\/p>\n<p>Elenco degli articoli necessari per il grande giorno \/<\/p>\n<p>Organizzatore di tavoli \/<\/p>\n<p>Eppure... il diario della sposa<br \/>\nOltre 200 pagine di puro divertimento!<\/p>\n<p><strong>Vedi anche:<\/strong><a href=\"https:\/\/miminhosritacatita.com\/it\/product\/topo-de-bolo-acrilico-impresso\/\"> Toppers per torte<\/a><\/p>\n<p><strong>Visite o nosso <a href=\"https:\/\/www.instagram.com\/miminhos.rita.catita\/\" target=\"_blank\" rel=\"noopener\">Instagram<\/a><\/strong><\/p>","protected":false},"excerpt":{"rendered":"<ul>\n<li>Formato: A5<\/li>\n<li>Copertina rigida<\/li>\n<li>Agenda settimanale non datata, completa di 2 anni<\/li>\n<li>5 schede<\/li>\n<li>249 pagine<\/li>\n<li>Peso della carta: 120gr<\/li>\n<li>Copertina standard come immagine<\/li>\n<\/ul>","protected":false},"featured_media":43946,"template":"","meta":[],"product_brand":[],"product_cat":[1096,482,1155],"product_tag":[],"class_list":{"0":"post-43943","1":"product","2":"type-product","3":"status-publish","4":"has-post-thumbnail","6":"product_cat-agendas","7":"product_cat-agenda-da-noiva","8":"product_cat-agenda-para-noiva","10":"first","11":"instock","12":"featured","13":"taxable","14":"shipping-taxable","15":"purchasable","16":"product-type-simple"},"_links":{"self":[{"href":"https:\/\/miminhosritacatita.com\/it\/wp-json\/wp\/v2\/product\/43943","targetHints":{"allow":["GET"]}}],"collection":[{"href":"https:\/\/miminhosritacatita.com\/it\/wp-json\/wp\/v2\/product"}],"about":[{"href":"https:\/\/miminhosritacatita.com\/it\/wp-json\/wp\/v2\/types\/product"}],"wp:featuredmedia":[{"embeddable":true,"href":"https:\/\/miminhosritacatita.com\/it\/wp-json\/wp\/v2\/media\/43946"}],"wp:attachment":[{"href":"https:\/\/miminhosritacatita.com\/it\/wp-json\/wp\/v2\/media?parent=43943"}],"wp:term":[{"taxonomy":"product_brand","embeddable":true,"href":"https:\/\/miminhosritacatita.com\/it\/wp-json\/wp\/v2\/product_brand?post=43943"},{"taxonomy":"product_cat","embeddable":true,"href":"https:\/\/miminhosritacatita.com\/it\/wp-json\/wp\/v2\/product_cat?post=43943"},{"taxonomy":"product_tag","embeddable":true,"href":"https:\/\/miminhosritacatita.com\/it\/wp-json\/wp\/v2\/product_tag?post=43943"}],"curies":[{"name":"wp","href":"https:\/\/api.w.org\/{rel}","templated":true}]}}

<h1>Agenda Noiva Preto-branco Standard</h1>
<p>Agenda Noiva Preto-branco Standard</p>
<p>Quindi, se come noi siete già pazzi per i dettagli, con il <strong>Diario della sposa</strong> perderanno la testa.</p>
<p>(Quasi) tutto inizia qui e questa è la (seconda) parte migliore: pianificare, ma anche godersi la preparazione.</p>
<p>La copertina del Diario di nozze personalizzato è vostra, ma la promessa è nostra. <strong>I diari della sposa</strong> vengono prodotti qui, il che ci permette di avere un controllo totale sui tempi di produzione.</p>
<p>Tuttavia, si dice che il segreto sia nei dettagli... E noi ci crediamo! Nel nostro negozio <strong>a </strong>I diari della sposa sono uno dei nostri dettagli preferiti.</p>
<p>Assim sendo, é possível seres uma noiva organizada? ..é sim!! Por isso, com a nossa Agenda de Noiva é possível!</p>
<p>Per questo motivo, vi abbiamo mostrato un po' di più di quello che contiene, è super completo e in grado di risolvere tutti i vostri dubbi sull'organizzazione del matrimonio!</p>
<p>Ecco quindi uno spazio per annotare e organizzare in modo pratico e semplice tutte le vostre idee per il grande giorno.</p>
<h2>Agenda Noiva Preto-branco Standard</h2>
<p>L'agenda è quindi ricca di suggerimenti e consigli su come scegliere le fedi, gli inviti e ciò che più vi si addice. Aiuta a risolvere le questioni relative al tipo di cerimonia / aiuta anche nella scelta e nell'organizzazione degli invitati, oltre che nei vari tipi di abito.</p>
<p>C'è anche molto spazio per inserire le foto e i compiti da svolgere prima del grande giorno, in modo da avere un'agenda molto completa e molto altro ancora!</p>
<p>Inoltre, l'agenda è dotata di schede che consentono di trovare facilmente ciò che si sta cercando.</p>
<p>Per questo abbiamo realizzato l'Agenda di nozze con copertina personalizzata, mantenendo la nostra promessa di qualità e buon gusto:</p>
<ul>
<li>Rilegatura a spirale bianca</li>
<li>Copertina rigida</li>
<li>Diario settimanale non datato, risalente a due anni fa.</li>
<li>Formato: A5</li>
<li>5 schede</li>
</ul>
<p>Allo stesso modo,</p>
<p>Suggerimenti sull'organizzazione del matrimonio e sulla scelta di articoli e fornitori di qualità /</p>
<p>Lista di controllo fino al grande giorno /</p>
<p>Elenco degli articoli necessari per il grande giorno /</p>
<p>Organizzatore di tavoli /</p>
<p>Eppure... il diario della sposa<br />
Oltre 200 pagine di puro divertimento!</p>
<p><strong>Vedi anche:</strong><a href="https://miminhosritacatita.com/it/product/topo-de-bolo-acrilico-impresso/"> Toppers per torte</a></p>
<p><strong>Visite o nosso <a href="https://www.instagram.com/miminhos.rita.catita/" target="_blank" rel="noopener">Instagram</a></strong></p>
