{"id":43094,"date":"2024-01-04T14:32:52","date_gmt":"2024-01-04T14:32:52","guid":{"rendered":"https:\/\/miminhosritacatita.com\/?post_type=product&#038;p=43094"},"modified":"2026-03-27T09:46:38","modified_gmt":"2026-03-27T09:46:38","slug":"agenda-da-noiva-medalha-bronze","status":"publish","type":"product","link":"https:\/\/miminhosritacatita.com\/it\/agendas\/agenda-para-noiva\/agenda-da-noiva-medalha-bronze\/","title":{"rendered":"Agenda da Noiva Medalha Bronze"},"content":{"rendered":"<h1>Agenda da Noiva Medalha Bronze<\/h1>\n<p>Agenda da Noiva Medalha Bronze<\/p>\n<p>Ent\u00e3o, se j\u00e1 s\u00e3o doidas por detalhes como n\u00f3s, com a <strong>Agenda da Noiva<\/strong> v\u00e3o perder a cabe\u00e7a.<\/p>\n<p>(Quase) Tudo come\u00e7a aqui e esta \u00e9 a (segunda) melhor parte: planear, mas tamb\u00e9m deliciar-se na prepara\u00e7\u00e3o.<\/p>\n<p>Portanto, a Agenda da Noiva Medalha Bronze \u00e9 sua mas o promessa \u00e9 nossa, por isso as nossas <strong>Agendas da Noiva<\/strong> s\u00e3o feitas c\u00e1, o que nos d\u00e1 um total controlo sobre os prazos de produ\u00e7\u00e3o.<\/p>\n<p>No entanto, dizem que o segredo est\u00e1 nos detalhes\u2026 E n\u00f3s acreditamos! Na nossa loja <strong>a\u00a0<\/strong>Agenda Noiva s\u00e3o dos nossos detalhes favoritos.<\/p>\n<p>Assim sendo, \u00e9 poss\u00edvel seres uma noiva organizada? ..\u00e9 sim!! Com a nossa Agenda de Noiva \u00e9 poss\u00edvel!<\/p>\n<p>Como tal, mostramos mais um pouco do que cont\u00e9m, \u00e9 super completa e capaz de resolver as vossas d\u00favidas em delinear o casamento!<\/p>\n<p>Portanto, aqui h\u00e1 espa\u00e7o para escrever e organizar todas as vossas ideias para o grande dia de forma pr\u00e1tica e simples.<\/p>\n<h2>Agenda da Noiva Medalha Bronze<\/h2>\n<p>Assim, a Agenda est\u00e1 cheia de dicas e conselhos de como escolher as alian\u00e7as \/ os convites \/ e o que combina melhor. Ajuda a resolver as quest\u00f5es relacionadas com o tipo de cerim\u00f3nia \/ ajuda tamb\u00e9m na escolha e organiza\u00e7\u00e3o dos convidados, assim como os v\u00e1rios tipos de vestidos.<\/p>\n<p>E ainda, tem muito espa\u00e7o para colocar fotos vossas, bem como as tarefas que ter\u00e3o que realizar at\u00e9 ao grande dia, por isso e muito mais temos uma Agenda muito completa!<\/p>\n<p>Para al\u00e9m disso, a Agenda tem separadores, para encontrar de forma f\u00e1cil e o que procura.<\/p>\n<h3>Portanto, fizemos a Agenda da Noiva Medalha cumprindo a promessa de qualidade e bom gosto:<\/h3>\n<ul>\n<li>Encaderna\u00e7\u00e3o \u00e9 em Espiral Bronze<\/li>\n<li>Capa dura<\/li>\n<li>Agenda N\u00e3o Datada com dois anos completos.<\/li>\n<li>Dimens\u00e3o: A5<\/li>\n<li>5 Separadores<\/li>\n<\/ul>\n<p>Assim como,<\/p>\n<p>Dicas sobre como planear o casamento e como escolher muito artigos e fornecedores \/ Check list at\u00e9 ao grande dia \/<\/p>\n<p>Listagem de artigos que precisa para o grande dia \/ Organizador de mesas \/<\/p>\n<p>E Ainda&#8230; Agenda da Noiva<br \/>\nMais de 200 p\u00e1ginas de pura divers\u00e3o!<\/p>\n<p><strong>Veja Tamb\u00e9m:<\/strong><a href=\"https:\/\/miminhosritacatita.com\/it\/product\/topo-de-bolo-acrilico-impresso\/\"> Topos de Bolo<\/a><\/p>\n<p><a href=\"https:\/\/www.facebook.com\/pg\/miminhos.ritacatita\/photos\/?tab=albums\" target=\"_blank\" rel=\"noopener\"><strong>Visite o nosso <\/strong><\/a><strong><a href=\"https:\/\/www.instagram.com\/miminhos.rita.catita\/\" target=\"_blank\" rel=\"noopener\">Instagram<\/a><\/strong><\/p>","protected":false},"excerpt":{"rendered":"<p>Agenda da Noiva Medalha Bronze<\/p>\n<ul>\n<li>Dimens\u00e3o: A5<\/li>\n<li>Capa dura<\/li>\n<li>Agenda N\u00e3o Datada 2 anos<\/li>\n<li>5 Separadores<\/li>\n<li>249 P\u00e1ginas<\/li>\n<li>Gramagem papel: 120gr<\/li>\n<li>Medalha Personalizada com nomes conforme imagem<\/li>\n<\/ul>\n<p>&nbsp;<\/p>\n<p>&nbsp;<\/p>","protected":false},"featured_media":43095,"template":"","meta":[],"product_brand":[],"product_cat":[1096,482,1155],"product_tag":[],"class_list":{"0":"post-43094","1":"product","2":"type-product","3":"status-publish","4":"has-post-thumbnail","6":"product_cat-agendas","7":"product_cat-agenda-da-noiva","8":"product_cat-agenda-para-noiva","10":"first","11":"instock","12":"featured","13":"taxable","14":"shipping-taxable","15":"purchasable","16":"product-type-simple"},"_links":{"self":[{"href":"https:\/\/miminhosritacatita.com\/it\/wp-json\/wp\/v2\/product\/43094","targetHints":{"allow":["GET"]}}],"collection":[{"href":"https:\/\/miminhosritacatita.com\/it\/wp-json\/wp\/v2\/product"}],"about":[{"href":"https:\/\/miminhosritacatita.com\/it\/wp-json\/wp\/v2\/types\/product"}],"wp:featuredmedia":[{"embeddable":true,"href":"https:\/\/miminhosritacatita.com\/it\/wp-json\/wp\/v2\/media\/43095"}],"wp:attachment":[{"href":"https:\/\/miminhosritacatita.com\/it\/wp-json\/wp\/v2\/media?parent=43094"}],"wp:term":[{"taxonomy":"product_brand","embeddable":true,"href":"https:\/\/miminhosritacatita.com\/it\/wp-json\/wp\/v2\/product_brand?post=43094"},{"taxonomy":"product_cat","embeddable":true,"href":"https:\/\/miminhosritacatita.com\/it\/wp-json\/wp\/v2\/product_cat?post=43094"},{"taxonomy":"product_tag","embeddable":true,"href":"https:\/\/miminhosritacatita.com\/it\/wp-json\/wp\/v2\/product_tag?post=43094"}],"curies":[{"name":"wp","href":"https:\/\/api.w.org\/{rel}","templated":true}]}}

<h1>Agenda da Noiva Medalha Bronze</h1>
<p>Agenda da Noiva Medalha Bronze</p>
<p>Então, se já são doidas por detalhes como nós, com a <strong>Agenda da Noiva</strong> vão perder a cabeça.</p>
<p>(Quase) Tudo começa aqui e esta é a (segunda) melhor parte: planear, mas também deliciar-se na preparação.</p>
<p>Portanto, a Agenda da Noiva Medalha Bronze é sua mas o promessa é nossa, por isso as nossas <strong>Agendas da Noiva</strong> são feitas cá, o que nos dá um total controlo sobre os prazos de produção.</p>
<p>No entanto, dizem que o segredo está nos detalhes… E nós acreditamos! Na nossa loja <strong>a </strong>Agenda Noiva são dos nossos detalhes favoritos.</p>
<p>Assim sendo, é possível seres uma noiva organizada? ..é sim!! Com a nossa Agenda de Noiva é possível!</p>
<p>Como tal, mostramos mais um pouco do que contém, é super completa e capaz de resolver as vossas dúvidas em delinear o casamento!</p>
<p>Portanto, aqui há espaço para escrever e organizar todas as vossas ideias para o grande dia de forma prática e simples.</p>
<h2>Agenda da Noiva Medalha Bronze</h2>
<p>Assim, a Agenda está cheia de dicas e conselhos de como escolher as alianças / os convites / e o que combina melhor. Ajuda a resolver as questões relacionadas com o tipo de cerimónia / ajuda também na escolha e organização dos convidados, assim como os vários tipos de vestidos.</p>
<p>E ainda, tem muito espaço para colocar fotos vossas, bem como as tarefas que terão que realizar até ao grande dia, por isso e muito mais temos uma Agenda muito completa!</p>
<p>Para além disso, a Agenda tem separadores, para encontrar de forma fácil e o que procura.</p>
<h3>Portanto, fizemos a Agenda da Noiva Medalha cumprindo a promessa de qualidade e bom gosto:</h3>
<ul>
<li>Encadernação é em Espiral Bronze</li>
<li>Capa dura</li>
<li>Agenda Não Datada com dois anos completos.</li>
<li>Dimensão: A5</li>
<li>5 Separadores</li>
</ul>
<p>Assim como,</p>
<p>Dicas sobre como planear o casamento e como escolher muito artigos e fornecedores / Check list até ao grande dia /</p>
<p>Listagem de artigos que precisa para o grande dia / Organizador de mesas /</p>
<p>E Ainda&#8230; Agenda da Noiva<br />
Mais de 200 páginas de pura diversão!</p>
<p><strong>Veja Também:</strong><a href="https://miminhosritacatita.com/it/product/topo-de-bolo-acrilico-impresso/"> Topos de Bolo</a></p>
<p><a href="https://www.facebook.com/pg/miminhos.ritacatita/photos/?tab=albums" target="_blank" rel="noopener"><strong>Visite o nosso </strong></a><strong><a href="https://www.instagram.com/miminhos.rita.catita/" target="_blank" rel="noopener">Instagram</a></strong></p>

<p>Agenda da Noiva Medalha Bronze</p>
<ul>
<li>Dimensão: A5</li>
<li>Capa dura</li>
<li>Agenda Não Datada 2 anos</li>
<li>5 Separadores</li>
<li>249 Páginas</li>
<li>Gramagem papel: 120gr</li>
<li>Medalha Personalizada com nomes conforme imagem</li>
</ul>
<p>&nbsp;</p>
<p>&nbsp;</p>
