{"id":34521,"date":"2022-12-23T18:27:48","date_gmt":"2022-12-23T18:27:48","guid":{"rendered":"https:\/\/miminhosritacatita.com\/?post_type=product&#038;p=34521"},"modified":"2025-01-28T18:40:44","modified_gmt":"2025-01-28T18:40:44","slug":"cesta-tema-mar-comunhao-l","status":"publish","type":"product","link":"https:\/\/miminhosritacatita.com\/it\/comunhao\/cestas-para-comunhao\/cesta-tema-mar-comunhao-l\/","title":{"rendered":"Cesta Tema Mar Comunh\u00e3o-L"},"content":{"rendered":"<h1>Cesta Tema Mar Comunh\u00e3o-L<\/h1>\n<p>Cesta Tema Mar Comunh\u00e3o-L<\/p>\n<p><b>O Batismo \u00e9<\/b> das mais importantes fases do crescimento do seu filho e est\u00e1 prestes a chegar. E estamos convencidos de que isso \u00e9 motivo para celebrar.<\/p>\n<p>Todos os detalhes contam, desde o nome do seu filho, \u00e0 data do nascimento, at\u00e9 \u00e0 lista de convidados!\u00a0 Porque vamos j\u00e1 come\u00e7ar a preparar o <b>Batismo<\/b> mais doce de sempre.<\/p>\n<p>Entendemos que o m\u00e9rito pelo <b>Batismo<\/b> \u00e9 seu, mas que a miss\u00e3o \u00e9 nossa. E, por isso, criamos\u00a0 uma Cesta Tema Mar Comunh\u00e3o-L, \u00fanica e adaptada ao gosto de cada cliente, cumprindo sempre com a qualidade e perfei\u00e7\u00e3o e bom gosto.<\/p>\n<p>Fazemos cestas exclusivas para cada cliente. Pois na altura em que nascem, todos os beb\u00e9s j\u00e1 tem a sua hist\u00f3ria.<\/p>\n<h2>A nossa Cesta Tema Mar Comunh\u00e3o-L<\/h2>\n<p>E, na Miminhos, j\u00e1 sabemos que os Cestas s\u00e3o um bom pretexto para contar a sua!<\/p>\n<p>Por isso, vamos j\u00e1 conta-la como ela \u00e9, pelas suas palavras.<\/p>\n<p>Temos cestas de todas as formas e cores e materiais e tamb\u00e9m a todos os pre\u00e7os. Al\u00e9m disso, a nossa Cesta Azul Tema Mickey-L \u00e9 feita c\u00e1, j\u00e1 que \u00e9 o que nos d\u00e1 o controlo sobre o prazo de produ\u00e7\u00e3o.<\/p>\n<p>Compre j\u00e1 na Loja Online da Miminhos os produtos que far\u00e3o da sua festa, a melhor. Dos quais, Convites e Lembran\u00e7as e Conjuntos e Livros de Honra.<\/p>\n<ul>\n<li>E ainda, Placards e Caixas de Envelopes e Marcadores de Mesa e Ementas e Cestas.<\/li>\n<\/ul>\n<p>Mas ainda, Baby Shower e Vestidos e Fatos e Topos de Bolo. Para al\u00e9m disso, temos tamb\u00e9m um insufl\u00e1vel e um escorrega para alugar, para si.<\/p>\n<p class=\"font_3\">Inspire-se no nosso trabalho e tenha j\u00e1 mais ideias de Cesta Tema Mar, desde as mais simples, \u00e0s mais elegantes e mais formais, at\u00e9 aos mais divertidos.<\/p>\n<p class=\"font_2\">Assim, combine j\u00e1 o estilo da sua cesta com o ambiente que quer apresentar aos seus convidados no dia.<\/p>\n<p class=\"font_3\">Portanto, veja j\u00e1, em baixo alguns tipos de <strong>cestas<\/strong> criadas na loja da Miminhos.\u200b<\/p>\n<p><strong>Veja tb: <a href=\"https:\/\/miminhosritacatita.com\/it\/product-category\/batizados\/\">Artigos p Batismo<\/a><\/strong><\/p>\n<p><strong>Siga-nos no<a href=\"https:\/\/www.instagram.com\/miminhos.rita.catita\/\" target=\"_blank\" rel=\"noopener\"> Instagram<\/a><\/strong><\/p>","protected":false},"excerpt":{"rendered":"<p>Cesta Tema Mar Comunh\u00e3o-L<\/p>\n<p>Para altera\u00e7\u00f5es, indicar nas &#8220;notas&#8221;.<\/p>\n<p>O tamanho das cestas \u00e9 aproximado, o modelo das mesmas faz com que a dimens\u00e3o tamb\u00e9m mude, se quiser saber as medidas ao certo, por favor contacte-nos.<\/p>","protected":false},"featured_media":11228,"template":"","meta":[],"product_brand":[],"product_cat":[1041],"product_tag":[],"class_list":{"0":"post-34521","1":"product","2":"type-product","3":"status-publish","4":"has-post-thumbnail","6":"product_cat-cestas-para-comunhao","8":"first","9":"instock","10":"taxable","11":"shipping-taxable","12":"purchasable","13":"product-type-simple"},"_links":{"self":[{"href":"https:\/\/miminhosritacatita.com\/it\/wp-json\/wp\/v2\/product\/34521","targetHints":{"allow":["GET"]}}],"collection":[{"href":"https:\/\/miminhosritacatita.com\/it\/wp-json\/wp\/v2\/product"}],"about":[{"href":"https:\/\/miminhosritacatita.com\/it\/wp-json\/wp\/v2\/types\/product"}],"wp:featuredmedia":[{"embeddable":true,"href":"https:\/\/miminhosritacatita.com\/it\/wp-json\/wp\/v2\/media\/11228"}],"wp:attachment":[{"href":"https:\/\/miminhosritacatita.com\/it\/wp-json\/wp\/v2\/media?parent=34521"}],"wp:term":[{"taxonomy":"product_brand","embeddable":true,"href":"https:\/\/miminhosritacatita.com\/it\/wp-json\/wp\/v2\/product_brand?post=34521"},{"taxonomy":"product_cat","embeddable":true,"href":"https:\/\/miminhosritacatita.com\/it\/wp-json\/wp\/v2\/product_cat?post=34521"},{"taxonomy":"product_tag","embeddable":true,"href":"https:\/\/miminhosritacatita.com\/it\/wp-json\/wp\/v2\/product_tag?post=34521"}],"curies":[{"name":"wp","href":"https:\/\/api.w.org\/{rel}","templated":true}]}}

Cesta Tema Mar Comunhão-L

<h1>Cesta Tema Mar Comunhão-L</h1>
<p>Cesta Tema Mar Comunhão-L</p>
<p><b>O Batismo é</b> das mais importantes fases do crescimento do seu filho e está prestes a chegar. E estamos convencidos de que isso é motivo para celebrar.</p>
<p>Todos os detalhes contam, desde o nome do seu filho, à data do nascimento, até à lista de convidados!  Porque vamos já começar a preparar o <b>Batismo</b> mais doce de sempre.</p>
<p>Entendemos que o mérito pelo <b>Batismo</b> é seu, mas que a missão é nossa. E, por isso, criamos  uma Cesta Tema Mar Comunhão-L, única e adaptada ao gosto de cada cliente, cumprindo sempre com a qualidade e perfeição e bom gosto.</p>
<p>Fazemos cestas exclusivas para cada cliente. Pois na altura em que nascem, todos os bebés já tem a sua história.</p>
<h2>A nossa Cesta Tema Mar Comunhão-L</h2>
<p>E, na Miminhos, já sabemos que os Cestas são um bom pretexto para contar a sua!</p>
<p>Por isso, vamos já conta-la como ela é, pelas suas palavras.</p>
<p>Temos cestas de todas as formas e cores e materiais e também a todos os preços. Além disso, a nossa Cesta Azul Tema Mickey-L é feita cá, já que é o que nos dá o controlo sobre o prazo de produção.</p>
<p>Compre já na Loja Online da Miminhos os produtos que farão da sua festa, a melhor. Dos quais, Convites e Lembranças e Conjuntos e Livros de Honra.</p>
<ul>
<li>E ainda, Placards e Caixas de Envelopes e Marcadores de Mesa e Ementas e Cestas.</li>
</ul>
<p>Mas ainda, Baby Shower e Vestidos e Fatos e Topos de Bolo. Para além disso, temos também um insuflável e um escorrega para alugar, para si.</p>
<p class="font_3">Inspire-se no nosso trabalho e tenha já mais ideias de Cesta Tema Mar, desde as mais simples, às mais elegantes e mais formais, até aos mais divertidos.</p>
<p class="font_2">Assim, combine já o estilo da sua cesta com o ambiente que quer apresentar aos seus convidados no dia.</p>
<p class="font_3">Portanto, veja já, em baixo alguns tipos de <strong>cestas</strong> criadas na loja da Miminhos.​</p>
<p><strong>Veja tb: <a href="https://miminhosritacatita.com/it/product-category/batizados/">Artigos p Batismo</a></strong></p>
<p><strong>Siga-nos no<a href="https://www.instagram.com/miminhos.rita.catita/" target="_blank" rel="noopener"> Instagram</a></strong></p>

<p>Cesta Tema Mar Comunhão-L</p>
<p>Para alterações, indicar nas &#8220;notas&#8221;.</p>
<p>O tamanho das cestas é aproximado, o modelo das mesmas faz com que a dimensão também mude, se quiser saber as medidas ao certo, por favor contacte-nos.</p>
