{"id":9495,"date":"2019-11-21T14:20:14","date_gmt":"2019-11-21T14:20:14","guid":{"rendered":"https:\/\/miminhosritacatita.com\/?post_type=product&#038;p=9495"},"modified":"2025-01-30T12:50:11","modified_gmt":"2025-01-30T12:50:11","slug":"convite-comunhao-elegante-e-delicado","status":"publish","type":"product","link":"https:\/\/miminhosritacatita.com\/fr\/comunhao\/convites-de-comunhao\/convite-comunhao-elegante-e-delicado\/","title":{"rendered":"Convite Comunh\u00e3o Elegante e Delicado"},"content":{"rendered":"<h1>Convite Comunh\u00e3o Elegante e Delicado<\/h1>\n<p>Convite Comunh\u00e3o Elegante e Delicado<\/p>\n<p>A Comunh\u00e3o \u00e9 um dos passos mais importantes na nossa est\u00f3ria, e esse parece-nos motivo suficiente para celebrar. Concorda? Por isso, perguntamos-lhe: como \u00e9 os seus convites de comunh\u00e3o? Conte-nos! Na Miminhos Rita Catita estamos verdadeiramente interessados em saber: porque a nossa miss\u00e3o \u00e9 tornar o seu sonho real.<\/p>\n<p>A festa \u00e9 sua, mas o compromisso \u00e9 nosso. Por isso, \u00e0 singularidade de cada pedido, dedicamo-nos de forma apaixonada. Desenvolvemos um Convite de Comunh\u00e3o ajustado \u00e0s necessidades de cada cliente, cumprindo sempre com a promessa de qualidade, excel\u00eancia e profissionalismo.<\/p>\n<p>As nossas cria\u00e7\u00f5es s\u00e3o o resultado de uma combina\u00e7\u00e3o inspirada nos detalhes que tornam cada hist\u00f3ria especial e \u00fanica, pelo que trabalhamos para manter sempre a mudan\u00e7a e a inova\u00e7\u00e3o.<\/p>\n<p>Festas s\u00e3o celebra\u00e7\u00f5es que realizamos pelos passos dados rumo aos marcos mais importantes da nossa hist\u00f3ria, porque todos temos uma. E, na Miminhos Rita Catita, suspeitamos de que o Convite Comunh\u00e3o Menina Rosa<strong>\u00a0<\/strong>\u00e9 um bom pretexto para (nos) contar a sua!<\/p>\n<h2>O nosso Convite Comunh\u00e3o Elegante e Delicado<\/h2>\n<p>Feitos com amor, os nossos <strong>Invitations de Communion <\/strong>s\u00e3o especialmente desenvolvidos para cada cliente \u2013 uma inspira\u00e7\u00e3o que resulta dos detalhes de cada hist\u00f3ria. Qual \u00e9 a sua?<\/p>\n<p>Dispomos de <strong>Invitations de Communion<\/strong> de todas as formas, cores, materiais e feitios, para todos os pre\u00e7os, cumprindo sempre a promessa de qualidade, excel\u00eancia e profissionalismo. Para al\u00e9m disso, os nossos\u00a0<strong>Convite Comunh\u00e3o Elegante e Delicado <\/strong>s\u00e3o produzidos internamente, o que nos d\u00e1 total controlo sobre os prazos de produ\u00e7\u00e3o.<\/p>\n<p>Assim, escolha a cor de papel que mais lhe agrada e n\u00f3s tratamos do resto, assim, deixe estes detalhes da sua comunh\u00e3o na m\u00e3o de profissionais como n\u00f3s!<\/p>\n<ul>\n<li>Portanto encontre na Loja Online da Miminhos Rita Catita a resposta para todos os pormenores que tornar\u00e3o a sua festa de Comunh\u00e3o \u00fanica: Convite de comunh\u00e3o, Lembran\u00e7as, Livros de Honra, Placards, Ementas. Mas tamb\u00e9m, Marcadores de Mesa, Cestas de Lembran\u00e7as e Topos de Bolo. Assim como, convites e lembran\u00e7as especiais para Padrinhos, Av\u00f3s e Catequistas.<\/li>\n<\/ul>\n<p><strong>Voir aussi :<a href=\"https:\/\/miminhosritacatita.com\/fr\/categorie-produit\/comunhoes\/lembrancas-de-comunhao\/\"> Souvenirs de Communion<\/a><\/strong><\/p>\n<p><strong>Suivez-nous sur<a href=\"https:\/\/www.instagram.com\/miminhos.rita.catita\/\" target=\"_blank\" rel=\"noopener\"> Instagram<\/a><\/strong><\/p>","protected":false},"excerpt":{"rendered":"<p>Convite Comunh\u00e3o Elegante e Delicado<span class=\"text_exposed_show\"><br \/>\n<\/span><\/p>\n<p>Dimens\u00e3o: 12 x 18cm<\/p>\n<p>A fita \u00e9 esfiapada, se preferir uma fita de cetim diga-nos depois de concluir a compra.<\/p>\n<p>Indique nas Notas a cor pretendida para a fita<\/p>\n<p>&nbsp;<\/p>","protected":false},"featured_media":33098,"template":"","meta":[],"product_brand":[],"product_cat":[1027],"product_tag":[],"class_list":{"0":"post-9495","1":"product","2":"type-product","3":"status-publish","4":"has-post-thumbnail","6":"product_cat-convites-de-comunhao","8":"first","9":"instock","10":"taxable","11":"shipping-taxable","12":"purchasable","13":"product-type-simple"},"_links":{"self":[{"href":"https:\/\/miminhosritacatita.com\/fr\/wp-json\/wp\/v2\/product\/9495","targetHints":{"allow":["GET"]}}],"collection":[{"href":"https:\/\/miminhosritacatita.com\/fr\/wp-json\/wp\/v2\/product"}],"about":[{"href":"https:\/\/miminhosritacatita.com\/fr\/wp-json\/wp\/v2\/types\/product"}],"wp:featuredmedia":[{"embeddable":true,"href":"https:\/\/miminhosritacatita.com\/fr\/wp-json\/wp\/v2\/media\/33098"}],"wp:attachment":[{"href":"https:\/\/miminhosritacatita.com\/fr\/wp-json\/wp\/v2\/media?parent=9495"}],"wp:term":[{"taxonomy":"product_brand","embeddable":true,"href":"https:\/\/miminhosritacatita.com\/fr\/wp-json\/wp\/v2\/product_brand?post=9495"},{"taxonomy":"product_cat","embeddable":true,"href":"https:\/\/miminhosritacatita.com\/fr\/wp-json\/wp\/v2\/product_cat?post=9495"},{"taxonomy":"product_tag","embeddable":true,"href":"https:\/\/miminhosritacatita.com\/fr\/wp-json\/wp\/v2\/product_tag?post=9495"}],"curies":[{"name":"wp","href":"https:\/\/api.w.org\/{rel}","templated":true}]}}

Convite Comunhão Elegante e Delicado

<h1>Convite Comunhão Elegante e Delicado</h1>
<p>Convite Comunhão Elegante e Delicado</p>
<p>A Comunhão é um dos passos mais importantes na nossa estória, e esse parece-nos motivo suficiente para celebrar. Concorda? Por isso, perguntamos-lhe: como é os seus convites de comunhão? Conte-nos! Na Miminhos Rita Catita estamos verdadeiramente interessados em saber: porque a nossa missão é tornar o seu sonho real.</p>
<p>A festa é sua, mas o compromisso é nosso. Por isso, à singularidade de cada pedido, dedicamo-nos de forma apaixonada. Desenvolvemos um Convite de Comunhão ajustado às necessidades de cada cliente, cumprindo sempre com a promessa de qualidade, excelência e profissionalismo.</p>
<p>As nossas criações são o resultado de uma combinação inspirada nos detalhes que tornam cada história especial e única, pelo que trabalhamos para manter sempre a mudança e a inovação.</p>
<p>Festas são celebrações que realizamos pelos passos dados rumo aos marcos mais importantes da nossa história, porque todos temos uma. E, na Miminhos Rita Catita, suspeitamos de que o Convite Comunhão Menina Rosa<strong> </strong>é um bom pretexto para (nos) contar a sua!</p>
<h2>O nosso Convite Comunhão Elegante e Delicado</h2>
<p>Feitos com amor, os nossos <strong>Invitations de Communion </strong>são especialmente desenvolvidos para cada cliente – uma inspiração que resulta dos detalhes de cada história. Qual é a sua?</p>
<p>Dispomos de <strong>Invitations de Communion</strong> de todas as formas, cores, materiais e feitios, para todos os preços, cumprindo sempre a promessa de qualidade, excelência e profissionalismo. Para além disso, os nossos <strong>Convite Comunhão Elegante e Delicado </strong>são produzidos internamente, o que nos dá total controlo sobre os prazos de produção.</p>
<p>Assim, escolha a cor de papel que mais lhe agrada e nós tratamos do resto, assim, deixe estes detalhes da sua comunhão na mão de profissionais como nós!</p>
<ul>
<li>Portanto encontre na Loja Online da Miminhos Rita Catita a resposta para todos os pormenores que tornarão a sua festa de Comunhão única: Convite de comunhão, Lembranças, Livros de Honra, Placards, Ementas. Mas também, Marcadores de Mesa, Cestas de Lembranças e Topos de Bolo. Assim como, convites e lembranças especiais para Padrinhos, Avós e Catequistas.</li>
</ul>
<p><strong>Voir aussi :<a href="https://miminhosritacatita.com/fr/categorie-produit/comunhoes/lembrancas-de-comunhao/"> Souvenirs de Communion</a></strong></p>
<p><strong>Suivez-nous sur<a href="https://www.instagram.com/miminhos.rita.catita/" target="_blank" rel="noopener"> Instagram</a></strong></p>

<p>Convite Comunhão Elegante e Delicado<span class="text_exposed_show"><br />
</span></p>
<p>Dimensão: 12 x 18cm</p>
<p>A fita é esfiapada, se preferir uma fita de cetim diga-nos depois de concluir a compra.</p>
<p>Indique nas Notas a cor pretendida para a fita</p>
<p>&nbsp;</p>
