{"id":4335,"date":"2018-11-16T11:59:25","date_gmt":"2018-11-16T11:59:25","guid":{"rendered":"https:\/\/miminhosritacatita.com\/?post_type=product&#038;p=4335"},"modified":"2026-03-12T16:09:06","modified_gmt":"2026-03-12T16:09:06","slug":"porta-aliancas-coracoes-madeira","status":"publish","type":"product","link":"https:\/\/miminhosritacatita.com\/fr\/casamento\/porta-aliancas\/porta-aliancas-coracoes-madeira\/","title":{"rendered":"Porta Alian\u00e7as Cora\u00e7\u00f5es Madeira"},"content":{"rendered":"<h1>Porta Alian\u00e7as Cora\u00e7\u00f5es Madeira<\/h1>\n<p>Porta Alian\u00e7as Cora\u00e7\u00f5es Madeira<\/p>\n<p>Dizem que o segredo est\u00e1 nos detalhes\u2026 E n\u00f3s acreditamos! Na nossa loja os Porta Alian\u00e7as s\u00e3o dos nossos detalhes favoritos.<\/p>\n<p>Dos robes \u00e0s ligas\u2026 Como ser\u00e1 o seu? Pense!, porque \u00e9 aqui que o estilo pessoal vai brilhar!<\/p>\n<p>Feitos com amor, as nossa Porta Alian\u00e7as Cora\u00e7\u00f5es Madeira \u00e9 feita para cada cliente, ideia que resulta dos detalhes da sua hist\u00f3ria. Por isso, vamos j\u00e1 conta-la como ela \u00e9, pelas suas palavras.<\/p>\n<p>Temos, na nossa loja, v\u00e1rias Porta Alian\u00e7as para v\u00e1rios pre\u00e7os e gostos, mantendo sempre a promessa de qualidade.<\/p>\n<p>Nous comprenons que le m\u00e9rite du <b>Mariage<\/b> Et c'est \u00e0 vous, mais la mission est la n\u00f4tre. Et, pour cela, nous cr\u00e9ons des produits adapt\u00e9s aux go\u00fbts de chaque client, en respectant toujours la qualit\u00e9, la perfection et le bon go\u00fbt.<\/p>\n<h2>Porta Alian\u00e7as Cora\u00e7\u00f5es Madeira<\/h2>\n<p>Ainsi, trouvez dans la Boutique en Ligne la r\u00e9ponse \u00e0 tous les d\u00e9tails qui rendront votre f\u00eate unique.<\/p>\n<p>Tamb\u00e9m alugamos carros para o transporte dos noivos. Para saber o pre\u00e7o contacte-nos e informe a data do Evento \/ a morada de recolha \/ a da Igreja \/ e a do local da boda. Almofada Asas de Anjo<\/p>\n<p>Nous avons \u00e9galement une structure gonflable et un toboggan \u00e0 louer. Demandez un devis en pr\u00e9cisant le jour de l'\u00e9v\u00e9nement et si vous souhaitez venir le chercher au magasin ou que nous venions sur place pour l'installer et le d\u00e9monter.<\/p>\n<p>Encontre aqui a resposta para todos os detalhes que far\u00e3o o seu Casamento \u00fanico. Dos quais:<\/p>\n<ul>\n<li>Convites \/ Porta Alian\u00e7as Cora\u00e7\u00f5es \/ Livros de Honra \/ Lembran\u00e7as. Mas tamb\u00e9m, as Cestas de Lembran\u00e7as \/ e os Photo Booth \/ e os Cabides. Assim como Flutes \/ e Talheres \/ e os Bal\u00f5es \/ e os Sparklers \/ e Placas para casamento.<\/li>\n<\/ul>\n<p>Tamb\u00e9m temos outros tipos de porta alian\u00e7as \/ e os Ramos de Solteiras \/ e Caixas de Envelopes. E ainda, as Ofertas a Pais e Padrinhos \/ e as Argolas de Guardanapos\/ e as Ementas.<\/p>\n<p><strong>Voir aussi : <a href=\"https:\/\/miminhosritacatita.com\/fr\/produit\/agenda-de-la-mariee\/\">Agenda de la mari\u00e9e<\/a><\/strong><\/p>\n<p><strong>Suivez-nous sur <a href=\"https:\/\/www.instagram.com\/miminhos.rita.catita\/\" target=\"_blank\" rel=\"noopener\">Instagram<\/a><\/strong><\/p>\n<p>&nbsp;<\/p>\n<p>&nbsp;<\/p>","protected":false},"excerpt":{"rendered":"<p>Porta Alian\u00e7as Cora\u00e7\u00f5es Madeira<\/p>\n<p>Dimens\u00e3o 28,5cm cada<\/p>\n<p>Une excellente id\u00e9e pour rendre votre mariage encore plus m\u00e9morable et unique !<\/p>\n<p>&nbsp;<\/p>\n<p>&nbsp;<\/p>\n<p>&nbsp;<\/p>\n<p>&nbsp;<\/p>\n<p>&nbsp;<\/p>\n<p>&nbsp;<\/p>","protected":false},"featured_media":12439,"template":"","meta":[],"product_brand":[],"product_cat":[481],"product_tag":[],"class_list":{"0":"post-4335","1":"product","2":"type-product","3":"status-publish","4":"has-post-thumbnail","6":"product_cat-porta-aliancas","8":"first","9":"instock","10":"taxable","11":"shipping-taxable","12":"purchasable","13":"product-type-simple"},"_links":{"self":[{"href":"https:\/\/miminhosritacatita.com\/fr\/wp-json\/wp\/v2\/product\/4335","targetHints":{"allow":["GET"]}}],"collection":[{"href":"https:\/\/miminhosritacatita.com\/fr\/wp-json\/wp\/v2\/product"}],"about":[{"href":"https:\/\/miminhosritacatita.com\/fr\/wp-json\/wp\/v2\/types\/product"}],"wp:featuredmedia":[{"embeddable":true,"href":"https:\/\/miminhosritacatita.com\/fr\/wp-json\/wp\/v2\/media\/12439"}],"wp:attachment":[{"href":"https:\/\/miminhosritacatita.com\/fr\/wp-json\/wp\/v2\/media?parent=4335"}],"wp:term":[{"taxonomy":"product_brand","embeddable":true,"href":"https:\/\/miminhosritacatita.com\/fr\/wp-json\/wp\/v2\/product_brand?post=4335"},{"taxonomy":"product_cat","embeddable":true,"href":"https:\/\/miminhosritacatita.com\/fr\/wp-json\/wp\/v2\/product_cat?post=4335"},{"taxonomy":"product_tag","embeddable":true,"href":"https:\/\/miminhosritacatita.com\/fr\/wp-json\/wp\/v2\/product_tag?post=4335"}],"curies":[{"name":"wp","href":"https:\/\/api.w.org\/{rel}","templated":true}]}}

Porta Alianças Corações Madeira

<h1>Porta Alianças Corações Madeira</h1>
<p>Porta Alianças Corações Madeira</p>
<p>Dizem que o segredo está nos detalhes… E nós acreditamos! Na nossa loja os Porta Alianças são dos nossos detalhes favoritos.</p>
<p>Dos robes às ligas… Como será o seu? Pense!, porque é aqui que o estilo pessoal vai brilhar!</p>
<p>Feitos com amor, as nossa Porta Alianças Corações Madeira é feita para cada cliente, ideia que resulta dos detalhes da sua história. Por isso, vamos já conta-la como ela é, pelas suas palavras.</p>
<p>Temos, na nossa loja, várias Porta Alianças para vários preços e gostos, mantendo sempre a promessa de qualidade.</p>
<p>Nous comprenons que le mérite du <b>Mariage</b> Et c'est à vous, mais la mission est la nôtre. Et, pour cela, nous créons des produits adaptés aux goûts de chaque client, en respectant toujours la qualité, la perfection et le bon goût.</p>
<h2>Porta Alianças Corações Madeira</h2>
<p>Ainsi, trouvez dans la Boutique en Ligne la réponse à tous les détails qui rendront votre fête unique.</p>
<p>Também alugamos carros para o transporte dos noivos. Para saber o preço contacte-nos e informe a data do Evento / a morada de recolha / a da Igreja / e a do local da boda. Almofada Asas de Anjo</p>
<p>Nous avons également une structure gonflable et un toboggan à louer. Demandez un devis en précisant le jour de l'événement et si vous souhaitez venir le chercher au magasin ou que nous venions sur place pour l'installer et le démonter.</p>
<p>Encontre aqui a resposta para todos os detalhes que farão o seu Casamento único. Dos quais:</p>
<ul>
<li>Convites / Porta Alianças Corações / Livros de Honra / Lembranças. Mas também, as Cestas de Lembranças / e os Photo Booth / e os Cabides. Assim como Flutes / e Talheres / e os Balões / e os Sparklers / e Placas para casamento.</li>
</ul>
<p>Também temos outros tipos de porta alianças / e os Ramos de Solteiras / e Caixas de Envelopes. E ainda, as Ofertas a Pais e Padrinhos / e as Argolas de Guardanapos/ e as Ementas.</p>
<p><strong>Voir aussi : <a href="https://miminhosritacatita.com/fr/produit/agenda-de-la-mariee/">Agenda de la mariée</a></strong></p>
<p><strong>Suivez-nous sur <a href="https://www.instagram.com/miminhos.rita.catita/" target="_blank" rel="noopener">Instagram</a></strong></p>
<p>&nbsp;</p>
<p>&nbsp;</p>

<p>Porta Alianças Corações Madeira</p>
<p>Dimensão 28,5cm cada</p>
<p>Une excellente idée pour rendre votre mariage encore plus mémorable et unique !</p>
<p>&nbsp;</p>
<p>&nbsp;</p>
<p>&nbsp;</p>
<p>&nbsp;</p>
<p>&nbsp;</p>
<p>&nbsp;</p>
