{"id":41732,"date":"2023-10-16T14:53:15","date_gmt":"2023-10-16T14:53:15","guid":{"rendered":"https:\/\/miminhosritacatita.com\/?post_type=product&#038;p=41732"},"modified":"2025-10-06T13:50:26","modified_gmt":"2025-10-06T13:50:26","slug":"convite-casamento-ilhos-a-noiva-sou-eu","status":"publish","type":"product","link":"https:\/\/miminhosritacatita.com\/fr\/colecao-a-noiva-sou-eu\/convites-casamento-a-noiva-sou-eu\/convite-casamento-ilhos-a-noiva-sou-eu\/","title":{"rendered":"Invitation Mariage \u0152illet \u2018 La mari\u00e9e, c'est moi \u2019"},"content":{"rendered":"<h1>Invitation Mariage \u0152illet \u2018 La mari\u00e9e, c'est moi \u2019<\/h1>\n<p>Invitation Mariage \u0152illet \u2018 La mari\u00e9e, c'est moi \u2019<\/p>\n<p>Dizem que o segredo est\u00e1 nos detalhes\u2026 E n\u00f3s acreditamos! Na nossa loja o Convite Casamento Delicado &#8216;A Noiva Sou Eu&#8217; \u00e9 dos nossos detalhes favoritos.<\/p>\n<p>Dos robes \u00e0s ligas\u2026 Como ser\u00e1 o seu Convite de Casamento? Pense!, porque \u00e9 aqui que o estilo pessoal vai brilhar!<\/p>\n<p>Feitos com amor, os nossos Convites de Casamento s\u00e3o feitos para cada cliente, ideia que resulta dos detalhes da sua hist\u00f3ria. Por isso, vamos j\u00e1 conta-la como ela \u00e9, pelas suas palavras.<\/p>\n<p>Temos, na nossa loja, v\u00e1rios Marcadores de Lugar de Casamento para v\u00e1rios pre\u00e7os e gostos, mantendo sempre a promessa de qualidade.<\/p>\n<h2>O Convite Casamento Ilh\u00f3s &#8216;A Noiva Sou Eu&#8217;<\/h2>\n<p>Nous comprenons que le m\u00e9rite du <b>Mariage<\/b> Et c'est \u00e0 vous, mais la mission est la n\u00f4tre. Et, pour cela, nous cr\u00e9ons des produits adapt\u00e9s aux go\u00fbts de chaque client, en respectant toujours la qualit\u00e9, la perfection et le bon go\u00fbt.<\/p>\n<p>Assim, encontre na Loja Online a resposta para todos os pormenores que far\u00e3o a sua festa \u00fanica, como os nossos marcadores de lugar.<\/p>\n<p>Nous louons \u00e9galement des voitures pour le transport des mari\u00e9s. Pour conna\u00eetre le prix, contactez-nous en nous indiquant la date de l'\u00e9v\u00e9nement \/ l'adresse de prise en charge \/ l'adresse de l'\u00e9glise \/ et le lieu du mariage.<\/p>\n<p>Ainsi, nous avons \u00e9galement encore \u00e0 louer un ch\u00e2teau gonflable et un toboggan. Par cons\u00e9quent, demandez votre devis en pr\u00e9cisant le jour de l'\u00e9v\u00e9nement et si vous souhaitez le retirer en magasin ou si vous souhaitez que nous nous d\u00e9placions sur le lieu de l'\u00e9v\u00e9nement pour l'installation \/ et le d\u00e9sassemblage.<\/p>\n<p>Assim, encontre aqui a resposta para todos os detalhes que far\u00e3o o seu Casamento \u00fanico. Portanto dos quais Marcadores de lugar para convidados \/ Convites de Casamento \/ Porta Alian\u00e7as \/ Lembran\u00e7as de Casamento.<\/p>\n<ul>\n<li>Mas tamb\u00e9m, as Cestas de Lembran\u00e7as \/ e os Photo Booth \/ e os Cabides. Assim como Flutes \/ e Talheres \/ e os Bal\u00f5es \/ e os Sparklers \/ e Placas \u201cL\u00e1 Vem a Noiva\u201d. Caixa Cart\u00f5es Honra<\/li>\n<\/ul>\n<p>Tamb\u00e9m temos Esferogr\u00e1fica Pluma Livro Casamento \/ e os Ramos de Solteiras \/ e Caixas de Envelopes. E ainda, as Ofertas a Pais e Padrinhos \/ e as Argolas de Guardanapos\/ e as Ementas.<\/p>\n<p><strong>Voir aussi : <a href=\"https:\/\/miminhosritacatita.com\/fr\/produit\/agenda-de-la-mariee\/\">Agenda de la mari\u00e9e<\/a><\/strong><\/p>\n<p>Suivez-nous sur <a href=\"https:\/\/www.instagram.com\/miminhos.rita.catita\/\" target=\"_blank\" rel=\"noopener\">Instagram<\/a><\/p>","protected":false},"excerpt":{"rendered":"<p>Invitation Mariage \u0152illet \u2018 La mari\u00e9e, c'est moi \u2019<\/p>\n<p>Dimens\u00e3o: 12x18cm<\/p>\n<p>Papier 250gr<\/p>\n<p>Para altera\u00e7\u00e3o das cores dos pap\u00e9is, indicar nas notas, depois de finalizar a encomenda.<\/p>\n<p>De desejar algo diferente do que \u00e9 apresentado, contacte-nos.<\/p>\n<p>https:\/\/youtube.com\/shorts\/4boTKcxT-ug?feature=share<\/p>","protected":false},"featured_media":43564,"template":"","meta":[],"product_brand":[],"product_cat":[379,1178],"product_tag":[],"class_list":{"0":"post-41732","1":"product","2":"type-product","3":"status-publish","4":"has-post-thumbnail","6":"product_cat-convites-de-casamento","7":"product_cat-convites-casamento-a-noiva-sou-eu","9":"first","10":"instock","11":"taxable","12":"shipping-taxable","13":"purchasable","14":"product-type-simple"},"_links":{"self":[{"href":"https:\/\/miminhosritacatita.com\/fr\/wp-json\/wp\/v2\/product\/41732","targetHints":{"allow":["GET"]}}],"collection":[{"href":"https:\/\/miminhosritacatita.com\/fr\/wp-json\/wp\/v2\/product"}],"about":[{"href":"https:\/\/miminhosritacatita.com\/fr\/wp-json\/wp\/v2\/types\/product"}],"wp:featuredmedia":[{"embeddable":true,"href":"https:\/\/miminhosritacatita.com\/fr\/wp-json\/wp\/v2\/media\/43564"}],"wp:attachment":[{"href":"https:\/\/miminhosritacatita.com\/fr\/wp-json\/wp\/v2\/media?parent=41732"}],"wp:term":[{"taxonomy":"product_brand","embeddable":true,"href":"https:\/\/miminhosritacatita.com\/fr\/wp-json\/wp\/v2\/product_brand?post=41732"},{"taxonomy":"product_cat","embeddable":true,"href":"https:\/\/miminhosritacatita.com\/fr\/wp-json\/wp\/v2\/product_cat?post=41732"},{"taxonomy":"product_tag","embeddable":true,"href":"https:\/\/miminhosritacatita.com\/fr\/wp-json\/wp\/v2\/product_tag?post=41732"}],"curies":[{"name":"wp","href":"https:\/\/api.w.org\/{rel}","templated":true}]}}

Invitation Mariage Œillet ‘ La mariée, c'est moi ’

<h1>Invitation Mariage Œillet ‘ La mariée, c'est moi ’</h1>
<p>Invitation Mariage Œillet ‘ La mariée, c'est moi ’</p>
<p>Dizem que o segredo está nos detalhes… E nós acreditamos! Na nossa loja o Convite Casamento Delicado &#8216;A Noiva Sou Eu&#8217; é dos nossos detalhes favoritos.</p>
<p>Dos robes às ligas… Como será o seu Convite de Casamento? Pense!, porque é aqui que o estilo pessoal vai brilhar!</p>
<p>Feitos com amor, os nossos Convites de Casamento são feitos para cada cliente, ideia que resulta dos detalhes da sua história. Por isso, vamos já conta-la como ela é, pelas suas palavras.</p>
<p>Temos, na nossa loja, vários Marcadores de Lugar de Casamento para vários preços e gostos, mantendo sempre a promessa de qualidade.</p>
<h2>O Convite Casamento Ilhós &#8216;A Noiva Sou Eu&#8217;</h2>
<p>Nous comprenons que le mérite du <b>Mariage</b> Et c'est à vous, mais la mission est la nôtre. Et, pour cela, nous créons des produits adaptés aux goûts de chaque client, en respectant toujours la qualité, la perfection et le bon goût.</p>
<p>Assim, encontre na Loja Online a resposta para todos os pormenores que farão a sua festa única, como os nossos marcadores de lugar.</p>
<p>Nous louons également des voitures pour le transport des mariés. Pour connaître le prix, contactez-nous en nous indiquant la date de l'événement / l'adresse de prise en charge / l'adresse de l'église / et le lieu du mariage.</p>
<p>Ainsi, nous avons également encore à louer un château gonflable et un toboggan. Par conséquent, demandez votre devis en précisant le jour de l'événement et si vous souhaitez le retirer en magasin ou si vous souhaitez que nous nous déplacions sur le lieu de l'événement pour l'installation / et le désassemblage.</p>
<p>Assim, encontre aqui a resposta para todos os detalhes que farão o seu Casamento único. Portanto dos quais Marcadores de lugar para convidados / Convites de Casamento / Porta Alianças / Lembranças de Casamento.</p>
<ul>
<li>Mas também, as Cestas de Lembranças / e os Photo Booth / e os Cabides. Assim como Flutes / e Talheres / e os Balões / e os Sparklers / e Placas “Lá Vem a Noiva”. Caixa Cartões Honra</li>
</ul>
<p>Também temos Esferográfica Pluma Livro Casamento / e os Ramos de Solteiras / e Caixas de Envelopes. E ainda, as Ofertas a Pais e Padrinhos / e as Argolas de Guardanapos/ e as Ementas.</p>
<p><strong>Voir aussi : <a href="https://miminhosritacatita.com/fr/produit/agenda-de-la-mariee/">Agenda de la mariée</a></strong></p>
<p>Suivez-nous sur <a href="https://www.instagram.com/miminhos.rita.catita/" target="_blank" rel="noopener">Instagram</a></p>

<p>Invitation Mariage Œillet ‘ La mariée, c'est moi ’</p>
<p>Dimensão: 12x18cm</p>
<p>Papier 250gr</p>
<p>Para alteração das cores dos papéis, indicar nas notas, depois de finalizar a encomenda.</p>
<p>De desejar algo diferente do que é apresentado, contacte-nos.</p>
<p>https://youtube.com/shorts/4boTKcxT-ug?feature=share</p>
