{"id":40788,"date":"2023-06-30T10:29:01","date_gmt":"2023-06-30T10:29:01","guid":{"rendered":"https:\/\/miminhosritacatita.com\/?post_type=product&#038;p=40788"},"modified":"2025-01-15T18:33:24","modified_gmt":"2025-01-15T18:33:24","slug":"marcador-lugar-copo-a-noiva-sou-eu","status":"publish","type":"product","link":"https:\/\/miminhosritacatita.com\/fr\/casamento\/marcadores-de-lugar\/marcador-lugar-copo-a-noiva-sou-eu\/","title":{"rendered":"Marcador Lugar Copo &#8216;A Noiva Sou Eu&#8217;"},"content":{"rendered":"<h1>Marcador Lugar Copo &#8216;A Noiva Sou Eu&#8217;<\/h1>\n<p>Marcador Lugar Copo &#8216;A Noiva Sou Eu&#8217;<\/p>\n<p>Dizem que o segredo est\u00e1 nos detalhes\u2026 E n\u00f3s acreditamos! Na nossa loja os Marcador Lugar Copo &#8216;A Noiva Sou Eu&#8217; s\u00e3o dos nossos detalhes favoritos.<\/p>\n<p>Dos robes \u00e0s ligas\u2026 Como ser\u00e1 o seu Marcador de Lugar de Casamento? Pense!, porque \u00e9 aqui que o estilo pessoal vai brilhar!<\/p>\n<p>Feitos com amor, os nossos Marcadores de Lugar de Casamento s\u00e3o feitos para cada cliente, ideia que resulta dos detalhes da sua hist\u00f3ria. Por isso, vamos j\u00e1 conta-la como ela \u00e9, pelas suas palavras.<\/p>\n<p>Temos, na nossa loja, v\u00e1rios Marcadores de Lugar de Casamento para v\u00e1rios pre\u00e7os e gostos, mantendo sempre a promessa de qualidade.<\/p>\n<h2>O Marcador Lugar Copo &#8216;A Noiva Sou Eu&#8217;<\/h2>\n<p>Nous comprenons que le m\u00e9rite du <b>Mariage<\/b> Et c'est \u00e0 vous, mais la mission est la n\u00f4tre. Et, pour cela, nous cr\u00e9ons des produits adapt\u00e9s aux go\u00fbts de chaque client, en respectant toujours la qualit\u00e9, la perfection et le bon go\u00fbt.<\/p>\n<p>Assim, encontre na Loja Online a resposta para todos os pormenores que far\u00e3o a sua festa \u00fanica, como os nossos marcadores de lugar.<\/p>\n<p>Nous louons \u00e9galement des voitures pour le transport des mari\u00e9s. Pour conna\u00eetre le prix, contactez-nous en nous indiquant la date de l'\u00e9v\u00e9nement \/ l'adresse de prise en charge \/ l'adresse de l'\u00e9glise \/ et le lieu du mariage.<\/p>\n<p>Ainsi, nous avons \u00e9galement encore \u00e0 louer un ch\u00e2teau gonflable et un toboggan. Par cons\u00e9quent, demandez votre devis en pr\u00e9cisant le jour de l'\u00e9v\u00e9nement et si vous souhaitez le retirer en magasin ou si vous souhaitez que nous nous d\u00e9placions sur le lieu de l'\u00e9v\u00e9nement pour l'installation \/ et le d\u00e9sassemblage.<\/p>\n<p>Assim, encontre aqui a resposta para todos os detalhes que far\u00e3o o seu Casamento \u00fanico. Portanto dos quais Marcadores de lugar para convidados \/ Convites de Casamento \/ Porta Alian\u00e7as \/ Lembran\u00e7as de Casamento.<\/p>\n<ul>\n<li>Mas tamb\u00e9m, as Cestas de Lembran\u00e7as \/ e os Photo Booth \/ e os Cabides. Assim como Flutes \/ e Talheres \/ e os Bal\u00f5es \/ e os Sparklers \/ e Placas para casamento. Caixa Cart\u00f5es Honra<\/li>\n<\/ul>\n<p>Tamb\u00e9m temos Esferogr\u00e1fica Pluma Livro Casamento \/ e os Ramos de Solteiras \/ e Caixas de Envelopes. E ainda, as Ofertas a Pais e Padrinhos \/ e as Argolas de Guardanapos\/ e as Ementas.<\/p>\n<p>&nbsp;<\/p>\n<p><strong>Voir aussi : <a href=\"https:\/\/miminhosritacatita.com\/fr\/produit\/agenda-de-la-mariee\/\">Agenda de la mari\u00e9e<\/a><\/strong><\/p>\n<p>Suivez-nous sur <a href=\"https:\/\/www.instagram.com\/miminhos.rita.catita\/\" target=\"_blank\" rel=\"noopener\">Instagram<\/a><\/p>\n<p>&nbsp;<\/p>","protected":false},"excerpt":{"rendered":"<p>Marcador Lugar Copo &#8216;A Noiva Sou Eu&#8217;<\/p>\n<p>Veja no link abaixo o marcador de mesa que combina com esta pe\u00e7a:<\/p>\n<p>https:\/\/miminhosritacatita.com\/colecao-a-noiva-sou-eu\/marcador-mesa-rose-a-noiva-sou-eu\/<\/p>\n<p>&nbsp;<\/p>\n<p>&nbsp;<\/p>","protected":false},"featured_media":40936,"template":"","meta":[],"product_brand":[],"product_cat":[1173,1177],"product_tag":[],"class_list":{"0":"post-40788","1":"product","2":"type-product","3":"status-publish","4":"has-post-thumbnail","6":"product_cat-marcadores-de-lugar-a-noiva","7":"product_cat-marcadores-de-lugar","9":"first","10":"instock","11":"featured","12":"taxable","13":"shipping-taxable","14":"purchasable","15":"product-type-simple"},"_links":{"self":[{"href":"https:\/\/miminhosritacatita.com\/fr\/wp-json\/wp\/v2\/product\/40788","targetHints":{"allow":["GET"]}}],"collection":[{"href":"https:\/\/miminhosritacatita.com\/fr\/wp-json\/wp\/v2\/product"}],"about":[{"href":"https:\/\/miminhosritacatita.com\/fr\/wp-json\/wp\/v2\/types\/product"}],"wp:featuredmedia":[{"embeddable":true,"href":"https:\/\/miminhosritacatita.com\/fr\/wp-json\/wp\/v2\/media\/40936"}],"wp:attachment":[{"href":"https:\/\/miminhosritacatita.com\/fr\/wp-json\/wp\/v2\/media?parent=40788"}],"wp:term":[{"taxonomy":"product_brand","embeddable":true,"href":"https:\/\/miminhosritacatita.com\/fr\/wp-json\/wp\/v2\/product_brand?post=40788"},{"taxonomy":"product_cat","embeddable":true,"href":"https:\/\/miminhosritacatita.com\/fr\/wp-json\/wp\/v2\/product_cat?post=40788"},{"taxonomy":"product_tag","embeddable":true,"href":"https:\/\/miminhosritacatita.com\/fr\/wp-json\/wp\/v2\/product_tag?post=40788"}],"curies":[{"name":"wp","href":"https:\/\/api.w.org\/{rel}","templated":true}]}}

<h1>Marcador Lugar Copo &#8216;A Noiva Sou Eu&#8217;</h1>
<p>Marcador Lugar Copo &#8216;A Noiva Sou Eu&#8217;</p>
<p>Dizem que o segredo está nos detalhes… E nós acreditamos! Na nossa loja os Marcador Lugar Copo &#8216;A Noiva Sou Eu&#8217; são dos nossos detalhes favoritos.</p>
<p>Dos robes às ligas… Como será o seu Marcador de Lugar de Casamento? Pense!, porque é aqui que o estilo pessoal vai brilhar!</p>
<p>Feitos com amor, os nossos Marcadores de Lugar de Casamento são feitos para cada cliente, ideia que resulta dos detalhes da sua história. Por isso, vamos já conta-la como ela é, pelas suas palavras.</p>
<p>Temos, na nossa loja, vários Marcadores de Lugar de Casamento para vários preços e gostos, mantendo sempre a promessa de qualidade.</p>
<h2>O Marcador Lugar Copo &#8216;A Noiva Sou Eu&#8217;</h2>
<p>Nous comprenons que le mérite du <b>Mariage</b> Et c'est à vous, mais la mission est la nôtre. Et, pour cela, nous créons des produits adaptés aux goûts de chaque client, en respectant toujours la qualité, la perfection et le bon goût.</p>
<p>Assim, encontre na Loja Online a resposta para todos os pormenores que farão a sua festa única, como os nossos marcadores de lugar.</p>
<p>Nous louons également des voitures pour le transport des mariés. Pour connaître le prix, contactez-nous en nous indiquant la date de l'événement / l'adresse de prise en charge / l'adresse de l'église / et le lieu du mariage.</p>
<p>Ainsi, nous avons également encore à louer un château gonflable et un toboggan. Par conséquent, demandez votre devis en précisant le jour de l'événement et si vous souhaitez le retirer en magasin ou si vous souhaitez que nous nous déplacions sur le lieu de l'événement pour l'installation / et le désassemblage.</p>
<p>Assim, encontre aqui a resposta para todos os detalhes que farão o seu Casamento único. Portanto dos quais Marcadores de lugar para convidados / Convites de Casamento / Porta Alianças / Lembranças de Casamento.</p>
<ul>
<li>Mas também, as Cestas de Lembranças / e os Photo Booth / e os Cabides. Assim como Flutes / e Talheres / e os Balões / e os Sparklers / e Placas para casamento. Caixa Cartões Honra</li>
</ul>
<p>Também temos Esferográfica Pluma Livro Casamento / e os Ramos de Solteiras / e Caixas de Envelopes. E ainda, as Ofertas a Pais e Padrinhos / e as Argolas de Guardanapos/ e as Ementas.</p>
<p>&nbsp;</p>
<p><strong>Voir aussi : <a href="https://miminhosritacatita.com/fr/produit/agenda-de-la-mariee/">Agenda de la mariée</a></strong></p>
<p>Suivez-nous sur <a href="https://www.instagram.com/miminhos.rita.catita/" target="_blank" rel="noopener">Instagram</a></p>
<p>&nbsp;</p>

<p>Marcador Lugar Copo &#8216;A Noiva Sou Eu&#8217;</p>
<p>Veja no link abaixo o marcador de mesa que combina com esta peça:</p>
<p>https://miminhosritacatita.com/colecao-a-noiva-sou-eu/marcador-mesa-rose-a-noiva-sou-eu/</p>
<p>&nbsp;</p>
<p>&nbsp;</p>
