{"id":25967,"date":"2022-01-26T10:53:48","date_gmt":"2022-01-26T10:53:48","guid":{"rendered":"https:\/\/miminhosritacatita.com\/?post_type=product&#038;p=25967"},"modified":"2025-02-04T11:58:30","modified_gmt":"2025-02-04T11:58:30","slug":"prenda-bebe-porta-enfeite","status":"publish","type":"product","link":"https:\/\/miminhosritacatita.com\/fr\/presentes-personalizados\/prendas-para-bebe\/prenda-bebe-porta-enfeite\/","title":{"rendered":"Prenda Beb\u00e9 Porta Enfeite"},"content":{"rendered":"<h1>Prenda Beb\u00e9 Porta Enfeite<\/h1>\n<p>Prenda Beb\u00e9 Porta Enfeite<\/p>\n<p>Estamos sempre presentes nos momentos mais importantes da sua vida com as Prendas para Beb\u00e9s e presentes personalizados para os momentos especiais!<\/p>\n<p>O que mais gostamos nos\u00a0<strong>Pr\u00e9sents personnalis\u00e9s\u00a0<\/strong>\u00e9 de as ligar a elementos pessoais \/ \u00fanicos de cada hist\u00f3ria. Qual \u00e9 a sua?<\/p>\n<p>Sabemos que o m\u00e9rito pelas Prendas para Beb\u00e9s e presentes personalizados \u00e9 seu, mas que a miss\u00e3o \u00e9 nossa. E, por isso, criamos prendas \u00fanicas e ao seu gosto, cumprindo sempre com a qualidade e perfei\u00e7\u00e3o e bom gosto.<\/p>\n<h2>A Prenda Beb\u00e9 Porta Enfeite<\/h2>\n<p>Os nossos presentes para beb\u00e9s originais j\u00e1 s\u00e3o o resultado de uma combina\u00e7\u00e3o, pelo que trabalhamos para manter a mudan\u00e7a. Fazemos\u00a0<strong>Prendas para bebe 1 ano,<\/strong>\u00a0de acordo com o seu gosto.<\/p>\n<p>Para al\u00e9m disso, os presentes para beb\u00e9s s\u00e3o produzidos c\u00e1, o que nos d\u00e1 controlo sobre o prazo de produ\u00e7\u00e3o.<\/p>\n<p>Tem prendas para Beb\u00e9s para oferecer e n\u00e3o sabe o que escolher? Pois bem, aqui temos a sua prenda ideal.<\/p>\n<p>Uma vez que os nossos presentes personalizados para bebe s\u00e3o feitos c\u00e1, saiba que al\u00e9m do que temos online, pode tamb\u00e9m dizer-nos qual a sua ideia, e n\u00f3s fazemos.<\/p>\n<p>Assim, como sugest\u00f5es de prendas para beb\u00e9s como:<\/p>\n<ul>\n<li>Banco Mealheiro \/ Caixa com cart\u00f5es para fotografar o beb\u00e9. Caixa de Nascimento (para guardar as recorda\u00e7\u00f5es \/ como o cabelo \/ o umbigo \/ a pulseira da maternidade \/ dentes).<\/li>\n<\/ul>\n<p>Assim, tamb\u00e9m temos a Agenda da Gr\u00e1vida (desde a gravidez at\u00e9 ao primeiro aninho) \/ Almofadas personalizadas \/ Quadros de Nascimento.<\/p>\n<p>Encontre na Loja Online tudo o que procura para que a sua Prenda para Beb\u00e9s e presentes personalizados seja \u00fanica.<\/p>\n<p>Inspire-se no nosso trabalho e tenha j\u00e1 mais ideias de\u00a0<strong>ofertas<\/strong>, desde as mais simples, \u00e0s mais elegantes e mais formais, at\u00e9 aos mais divertidos.<\/p>\n<p>Portanto, encomende j\u00e1 a Prenda Beb\u00e9 Porta Enfeite criadas na loja da Miminhos.\u200b<\/p>\n<p><strong>Voir aussi :<\/strong><a href=\"https:\/\/miminhosritacatita.com\/fr\/categorie-produit\/batizados\/\"> Batizados<\/a><\/p>\n<p><strong>Suivez-nous sur<a href=\"https:\/\/www.instagram.com\/miminhos.rita.catita\/\" target=\"_blank\" rel=\"noopener\"> Instagram<\/a><\/strong><\/p>","protected":false},"excerpt":{"rendered":"<p>Prenda Beb\u00e9 Porta Enfeite<\/p>\n<p>Dimens\u00e3o: bolacha: 28,5cm + placa: 7cm x 26,5<\/p>\n<p>Placa perfeita para a porta do quarto do beb\u00e9 ou para pendurar perto do ber\u00e7o do beb\u00e9.<\/p>\n<p>&nbsp;<\/p>","protected":false},"featured_media":25969,"template":"","meta":[],"product_brand":[],"product_cat":[1001],"product_tag":[],"class_list":{"0":"post-25967","1":"product","2":"type-product","3":"status-publish","4":"has-post-thumbnail","6":"product_cat-prendas-para-bebe","8":"first","9":"instock","10":"taxable","11":"shipping-taxable","12":"purchasable","13":"product-type-simple"},"_links":{"self":[{"href":"https:\/\/miminhosritacatita.com\/fr\/wp-json\/wp\/v2\/product\/25967","targetHints":{"allow":["GET"]}}],"collection":[{"href":"https:\/\/miminhosritacatita.com\/fr\/wp-json\/wp\/v2\/product"}],"about":[{"href":"https:\/\/miminhosritacatita.com\/fr\/wp-json\/wp\/v2\/types\/product"}],"wp:featuredmedia":[{"embeddable":true,"href":"https:\/\/miminhosritacatita.com\/fr\/wp-json\/wp\/v2\/media\/25969"}],"wp:attachment":[{"href":"https:\/\/miminhosritacatita.com\/fr\/wp-json\/wp\/v2\/media?parent=25967"}],"wp:term":[{"taxonomy":"product_brand","embeddable":true,"href":"https:\/\/miminhosritacatita.com\/fr\/wp-json\/wp\/v2\/product_brand?post=25967"},{"taxonomy":"product_cat","embeddable":true,"href":"https:\/\/miminhosritacatita.com\/fr\/wp-json\/wp\/v2\/product_cat?post=25967"},{"taxonomy":"product_tag","embeddable":true,"href":"https:\/\/miminhosritacatita.com\/fr\/wp-json\/wp\/v2\/product_tag?post=25967"}],"curies":[{"name":"wp","href":"https:\/\/api.w.org\/{rel}","templated":true}]}}

Prenda Bebé Porta Enfeite

<h1>Prenda Bebé Porta Enfeite</h1>
<p>Prenda Bebé Porta Enfeite</p>
<p>Estamos sempre presentes nos momentos mais importantes da sua vida com as Prendas para Bebés e presentes personalizados para os momentos especiais!</p>
<p>O que mais gostamos nos <strong>Présents personnalisés </strong>é de as ligar a elementos pessoais / únicos de cada história. Qual é a sua?</p>
<p>Sabemos que o mérito pelas Prendas para Bebés e presentes personalizados é seu, mas que a missão é nossa. E, por isso, criamos prendas únicas e ao seu gosto, cumprindo sempre com a qualidade e perfeição e bom gosto.</p>
<h2>A Prenda Bebé Porta Enfeite</h2>
<p>Os nossos presentes para bebés originais já são o resultado de uma combinação, pelo que trabalhamos para manter a mudança. Fazemos <strong>Prendas para bebe 1 ano,</strong> de acordo com o seu gosto.</p>
<p>Para além disso, os presentes para bebés são produzidos cá, o que nos dá controlo sobre o prazo de produção.</p>
<p>Tem prendas para Bebés para oferecer e não sabe o que escolher? Pois bem, aqui temos a sua prenda ideal.</p>
<p>Uma vez que os nossos presentes personalizados para bebe são feitos cá, saiba que além do que temos online, pode também dizer-nos qual a sua ideia, e nós fazemos.</p>
<p>Assim, como sugestões de prendas para bebés como:</p>
<ul>
<li>Banco Mealheiro / Caixa com cartões para fotografar o bebé. Caixa de Nascimento (para guardar as recordações / como o cabelo / o umbigo / a pulseira da maternidade / dentes).</li>
</ul>
<p>Assim, também temos a Agenda da Grávida (desde a gravidez até ao primeiro aninho) / Almofadas personalizadas / Quadros de Nascimento.</p>
<p>Encontre na Loja Online tudo o que procura para que a sua Prenda para Bebés e presentes personalizados seja única.</p>
<p>Inspire-se no nosso trabalho e tenha já mais ideias de <strong>ofertas</strong>, desde as mais simples, às mais elegantes e mais formais, até aos mais divertidos.</p>
<p>Portanto, encomende já a Prenda Bebé Porta Enfeite criadas na loja da Miminhos.​</p>
<p><strong>Voir aussi :</strong><a href="https://miminhosritacatita.com/fr/categorie-produit/batizados/"> Batizados</a></p>
<p><strong>Suivez-nous sur<a href="https://www.instagram.com/miminhos.rita.catita/" target="_blank" rel="noopener"> Instagram</a></strong></p>

<p>Prenda Bebé Porta Enfeite</p>
<p>Dimensão: bolacha: 28,5cm + placa: 7cm x 26,5</p>
<p>Placa perfeita para a porta do quarto do bebé ou para pendurar perto do berço do bebé.</p>
<p>&nbsp;</p>
