{"id":23118,"date":"2021-12-06T18:42:53","date_gmt":"2021-12-06T18:42:53","guid":{"rendered":"https:\/\/miminhosritacatita.com\/?post_type=product&#038;p=23118"},"modified":"2024-12-24T09:56:14","modified_gmt":"2024-12-24T09:56:14","slug":"convite-menino-aliancas-suspensorios","status":"publish","type":"product","link":"https:\/\/miminhosritacatita.com\/fr\/casamento\/convites-meninos-aliancas\/convite-menino-aliancas-suspensorios\/","title":{"rendered":"Invitation Enfant Alliances Bretelles"},"content":{"rendered":"<h1>Invitation Enfant Alliances Bretelles<\/h1>\n<p>Invitation Enfant Alliances Bretelles<\/p>\n<p>Dizem que o segredo est\u00e1 nos detalhes\u2026 E n\u00f3s acreditamos! Na nossa loja os Convites s\u00e3o dos nossos detalhes favoritos.<\/p>\n<p>Dos robes \u00e0s ligas\u2026 Qual ser\u00e1 o seu Convite Suspens\u00f3rios? Pense!, porque \u00e9 aqui que o estilo pessoal vai brilhar!<\/p>\n<p>Assim, feitos com amor, os nossos cones s\u00e3o feitas para cada cliente, ideia que resulta dos detalhes da sua hist\u00f3ria. Por isso, vamos j\u00e1 conta-la como ela \u00e9, pelas suas palavras.<\/p>\n<h2>O Convite Menino Alian\u00e7as Suspens\u00f3rios<\/h2>\n<p>Nous comprenons que le m\u00e9rite du <b>Mariage<\/b> Et c'est \u00e0 vous, mais la mission est la n\u00f4tre. Et, pour cela, nous cr\u00e9ons des produits adapt\u00e9s aux go\u00fbts de chaque client, en respectant toujours la qualit\u00e9, la perfection et le bon go\u00fbt.<\/p>\n<p>Ainsi, trouvez dans la Boutique en Ligne la r\u00e9ponse \u00e0 tous les d\u00e9tails qui rendront votre f\u00eate unique.<\/p>\n<p>Nous louons \u00e9galement des voitures pour le transport des mari\u00e9s. Pour conna\u00eetre le prix, contactez-nous en nous indiquant la date de l'\u00e9v\u00e9nement \/ l'adresse de prise en charge \/ l'adresse de l'\u00e9glise \/ et le lieu du mariage.<\/p>\n<p>Ainsi, nous avons \u00e9galement encore \u00e0 louer un ch\u00e2teau gonflable et un toboggan. Par cons\u00e9quent, demandez votre devis en pr\u00e9cisant le jour de l'\u00e9v\u00e9nement et si vous souhaitez le retirer en magasin ou si vous souhaitez que nous nous d\u00e9placions sur le lieu de l'\u00e9v\u00e9nement pour l'installation \/ et le d\u00e9sassemblage.<\/p>\n<p>Encontre aqui a resposta para todos os detalhes que far\u00e3o o seu Casamento \u00fanico. Dos quais Convites \/ Porta Alian\u00e7as \/ Livros de Honra \/ Lembran\u00e7as \/ e Convite Suspens\u00f3rios.<\/p>\n<ul>\n<li>Mas tamb\u00e9m, Cesta para Lembran\u00e7a \/ e Photo Booth \/ e Cabides. Assim como Flutes \/ e Talheres \/ e os Bal\u00f5es \/ e os Sparklers \/ e Placas \u201cL\u00e1 Vem a Noiva\u201d.<\/li>\n<\/ul>\n<p>Tamb\u00e9m temos Ramos de Noiva Artificiais \/ e os Ramos de Solteiras \/ e Caixas de Envelopes. E ainda, as Ofertas a Pais e Padrinhos \/ e as Argolas de Guardanapos\/ Cesta para Lembran\u00e7a \/ e as Ementas. Encomende j\u00e1 o Convite Menino Alian\u00e7as Suspens\u00f3rios!<\/p>\n<p><strong>Voir aussi : <a href=\"https:\/\/miminhosritacatita.com\/fr\/produit\/agenda-de-la-mariee\/\">Agenda de la mari\u00e9e<\/a><\/strong><\/p>\n<p><strong>Suivez-nous sur <a href=\"https:\/\/www.instagram.com\/miminhos.rita.catita\/\" target=\"_blank\" rel=\"noopener\">Instagram<\/a><\/strong><\/p>","protected":false},"excerpt":{"rendered":"<p>Convite Menino Alian\u00e7as Suspens\u00f3rios e La\u00e7o<\/p>\n<p>Material: Acr\u00edlico Espelhado Dourado 3mm<\/p>\n<p>Dimens\u00e3o: 15 x 23,5 cm<\/p>\n<p>Indique a cor pretendida para os suspens\u00f3rios nas &#8220;Notas&#8221;, o prazo de entrega para algumas cores pode ser de 3 semanas a 1 m\u00eas.<\/p>","protected":false},"featured_media":35456,"template":"","meta":[],"product_brand":[],"product_cat":[1043],"product_tag":[],"class_list":{"0":"post-23118","1":"product","2":"type-product","3":"status-publish","4":"has-post-thumbnail","6":"product_cat-convites-meninos-aliancas","8":"first","9":"instock","10":"taxable","11":"shipping-taxable","12":"purchasable","13":"product-type-simple"},"_links":{"self":[{"href":"https:\/\/miminhosritacatita.com\/fr\/wp-json\/wp\/v2\/product\/23118","targetHints":{"allow":["GET"]}}],"collection":[{"href":"https:\/\/miminhosritacatita.com\/fr\/wp-json\/wp\/v2\/product"}],"about":[{"href":"https:\/\/miminhosritacatita.com\/fr\/wp-json\/wp\/v2\/types\/product"}],"wp:featuredmedia":[{"embeddable":true,"href":"https:\/\/miminhosritacatita.com\/fr\/wp-json\/wp\/v2\/media\/35456"}],"wp:attachment":[{"href":"https:\/\/miminhosritacatita.com\/fr\/wp-json\/wp\/v2\/media?parent=23118"}],"wp:term":[{"taxonomy":"product_brand","embeddable":true,"href":"https:\/\/miminhosritacatita.com\/fr\/wp-json\/wp\/v2\/product_brand?post=23118"},{"taxonomy":"product_cat","embeddable":true,"href":"https:\/\/miminhosritacatita.com\/fr\/wp-json\/wp\/v2\/product_cat?post=23118"},{"taxonomy":"product_tag","embeddable":true,"href":"https:\/\/miminhosritacatita.com\/fr\/wp-json\/wp\/v2\/product_tag?post=23118"}],"curies":[{"name":"wp","href":"https:\/\/api.w.org\/{rel}","templated":true}]}}

<h1>Invitation Enfant Alliances Bretelles</h1>
<p>Invitation Enfant Alliances Bretelles</p>
<p>Dizem que o segredo está nos detalhes… E nós acreditamos! Na nossa loja os Convites são dos nossos detalhes favoritos.</p>
<p>Dos robes às ligas… Qual será o seu Convite Suspensórios? Pense!, porque é aqui que o estilo pessoal vai brilhar!</p>
<p>Assim, feitos com amor, os nossos cones são feitas para cada cliente, ideia que resulta dos detalhes da sua história. Por isso, vamos já conta-la como ela é, pelas suas palavras.</p>
<h2>O Convite Menino Alianças Suspensórios</h2>
<p>Nous comprenons que le mérite du <b>Mariage</b> Et c'est à vous, mais la mission est la nôtre. Et, pour cela, nous créons des produits adaptés aux goûts de chaque client, en respectant toujours la qualité, la perfection et le bon goût.</p>
<p>Ainsi, trouvez dans la Boutique en Ligne la réponse à tous les détails qui rendront votre fête unique.</p>
<p>Nous louons également des voitures pour le transport des mariés. Pour connaître le prix, contactez-nous en nous indiquant la date de l'événement / l'adresse de prise en charge / l'adresse de l'église / et le lieu du mariage.</p>
<p>Ainsi, nous avons également encore à louer un château gonflable et un toboggan. Par conséquent, demandez votre devis en précisant le jour de l'événement et si vous souhaitez le retirer en magasin ou si vous souhaitez que nous nous déplacions sur le lieu de l'événement pour l'installation / et le désassemblage.</p>
<p>Encontre aqui a resposta para todos os detalhes que farão o seu Casamento único. Dos quais Convites / Porta Alianças / Livros de Honra / Lembranças / e Convite Suspensórios.</p>
<ul>
<li>Mas também, Cesta para Lembrança / e Photo Booth / e Cabides. Assim como Flutes / e Talheres / e os Balões / e os Sparklers / e Placas “Lá Vem a Noiva”.</li>
</ul>
<p>Também temos Ramos de Noiva Artificiais / e os Ramos de Solteiras / e Caixas de Envelopes. E ainda, as Ofertas a Pais e Padrinhos / e as Argolas de Guardanapos/ Cesta para Lembrança / e as Ementas. Encomende já o Convite Menino Alianças Suspensórios!</p>
<p><strong>Voir aussi : <a href="https://miminhosritacatita.com/fr/produit/agenda-de-la-mariee/">Agenda de la mariée</a></strong></p>
<p><strong>Suivez-nous sur <a href="https://www.instagram.com/miminhos.rita.catita/" target="_blank" rel="noopener">Instagram</a></strong></p>

<p>Convite Menino Alianças Suspensórios e Laço</p>
<p>Material: Acrílico Espelhado Dourado 3mm</p>
<p>Dimensão: 15 x 23,5 cm</p>
<p>Indique a cor pretendida para os suspensórios nas &#8220;Notas&#8221;, o prazo de entrega para algumas cores pode ser de 3 semanas a 1 mês.</p>
