{"id":9517,"date":"2019-11-21T15:17:44","date_gmt":"2019-11-21T15:17:44","guid":{"rendered":"https:\/\/miminhosritacatita.com\/?post_type=product&#038;p=9517"},"modified":"2025-01-30T12:49:26","modified_gmt":"2025-01-30T12:49:26","slug":"convite-comunhao-delicado-e-moderno","status":"publish","type":"product","link":"https:\/\/miminhosritacatita.com\/es\/comunhao\/convites-de-comunhao\/convite-comunhao-delicado-e-moderno\/","title":{"rendered":"Invitaci\u00f3n Comuni\u00f3n Delicada y Moderna"},"content":{"rendered":"<h1>Invitaci\u00f3n Comuni\u00f3n Delicada y Moderna<\/h1>\n<p>Invitaci\u00f3n Comuni\u00f3n Delicada y Moderna<\/p>\n<p>La Comuni\u00f3n es uno de los pasos m\u00e1s importantes en nuestra historia, y este nos parece motivo suficiente para celebrar. \u00bfEst\u00e1 de acuerdo? Por eso, le preguntamos: \u00bfc\u00f3mo son sus invitaciones de comuni\u00f3n? \u00a1Cu\u00e9ntenos! En Miminhos Rita Catita estamos verdaderamente interesados en saber: porque nuestra misi\u00f3n es hacer su sue\u00f1o realidad.<\/p>\n<p>La fiesta es tuya, pero el compromiso es nuestro. Por eso, a la singularidad de cada pedido, nos dedicamos apasionadamente. Desarrollamos una Invitaci\u00f3n de Comuni\u00f3n ajustada a las necesidades de cada cliente, cumpliendo siempre con la promesa de calidad, excelencia y profesionalismo.<\/p>\n<p>Nuestras creaciones son el resultado de una combinaci\u00f3n inspirada en los detalles que hacen cada historia especial y \u00fanica, por lo que trabajamos para mantener siempre el cambio y la innovaci\u00f3n.<\/p>\n<p>Festas s\u00e3o celebra\u00e7\u00f5es que realizamos pelos passos dados rumo aos marcos mais importantes da nossa hist\u00f3ria, porque todos temos uma. E, na Miminhos Rita Catita, suspeitamos de que o Convite Comunh\u00e3o C\u00e1lice Prata <strong>\u00a0<\/strong>es una buena excusa para (nos) contar la suya!<\/p>\n<h2>O nosso Convite Comunh\u00e3o Delicado e Moderno<\/h2>\n<p>Hecho con amor, nuestros <strong>Invitaciones de Comuni\u00f3n <\/strong>son especialmente desarrollados para cada cliente \u2013 una inspiraci\u00f3n que resulta de los detalles de cada historia. \u00bfCu\u00e1l es la tuya?<\/p>\n<p>Disponemos de <strong>Invitaciones de Comuni\u00f3n<\/strong> de todas las formas, colores, materiales y estilos, para todos los precios, cumpliendo siempre la promesa de calidad, excelencia y profesionalismo. Adem\u00e1s, nuestras Invitaciones de Primera Comuni\u00f3n se producen internamente, lo que nos da control total sobre los plazos de producci\u00f3n.<\/p>\n<p>As\u00ed, elija el color de papel que m\u00e1s le agrada y nosotros nos encargamos del resto, as\u00ed, \u00a1deje estos detalles de su comuni\u00f3n en manos de profesionales como nosotros!<\/p>\n<ul>\n<li>Por lo tanto, encuentre en la tienda en l\u00ednea de Miminhos Rita Catita la respuesta para todos los detalles que har\u00e1n que su fiesta de Comuni\u00f3n sea \u00fanica: Invitaci\u00f3n de comuni\u00f3n, Recuerdos, Libros de honor, Paneles, Men\u00fas. Pero tambi\u00e9n, Marcadores de mesa, Cestas de recuerdos y Adornos para pasteles. As\u00ed como, invitaciones y recuerdos especiales para Padrinos, Abuelos y Catequistas.<\/li>\n<\/ul>\n<p><strong>Ver tambi\u00e9n<a href=\"https:\/\/miminhosritacatita.com\/es\/product-category\/comunhoes\/lembrancas-de-comunhao\/\"> Recuerdos de Comuni\u00f3n<\/a><\/strong><\/p>\n<p><strong>S\u00edguenos en<a href=\"https:\/\/www.instagram.com\/miminhos.rita.catita\/\" target=\"_blank\" rel=\"noopener\"> Instagram<\/a><\/strong><\/p>","protected":false},"excerpt":{"rendered":"<p>Convite Comunh\u00e3o Delicado e Moderno &#8211; convite de abrir ao meio<\/p>\n<p>Fita de veludo (se preferir outra indique nas notas)<\/p>\n<p><span class=\"text_exposed_show\">Dimens\u00e3o: 14x14cm (fechado)<br \/>\n<\/span><\/p>\n<p>Papel da imagem: Branco Brilhante<\/p>\n<p>Convites especialmente desenvolvidos para cada cliente.<\/p>\n<p>Encomende o seu!<\/p>\n<p>&nbsp;<\/p>","protected":false},"featured_media":42307,"template":"","meta":[],"product_brand":[],"product_cat":[1027],"product_tag":[],"class_list":{"0":"post-9517","1":"product","2":"type-product","3":"status-publish","4":"has-post-thumbnail","6":"product_cat-convites-de-comunhao","8":"first","9":"instock","10":"taxable","11":"shipping-taxable","12":"purchasable","13":"product-type-simple"},"_links":{"self":[{"href":"https:\/\/miminhosritacatita.com\/es\/wp-json\/wp\/v2\/product\/9517","targetHints":{"allow":["GET"]}}],"collection":[{"href":"https:\/\/miminhosritacatita.com\/es\/wp-json\/wp\/v2\/product"}],"about":[{"href":"https:\/\/miminhosritacatita.com\/es\/wp-json\/wp\/v2\/types\/product"}],"wp:featuredmedia":[{"embeddable":true,"href":"https:\/\/miminhosritacatita.com\/es\/wp-json\/wp\/v2\/media\/42307"}],"wp:attachment":[{"href":"https:\/\/miminhosritacatita.com\/es\/wp-json\/wp\/v2\/media?parent=9517"}],"wp:term":[{"taxonomy":"product_brand","embeddable":true,"href":"https:\/\/miminhosritacatita.com\/es\/wp-json\/wp\/v2\/product_brand?post=9517"},{"taxonomy":"product_cat","embeddable":true,"href":"https:\/\/miminhosritacatita.com\/es\/wp-json\/wp\/v2\/product_cat?post=9517"},{"taxonomy":"product_tag","embeddable":true,"href":"https:\/\/miminhosritacatita.com\/es\/wp-json\/wp\/v2\/product_tag?post=9517"}],"curies":[{"name":"wp","href":"https:\/\/api.w.org\/{rel}","templated":true}]}}

Invitación Comunión Delicada y Moderna

<h1>Invitación Comunión Delicada y Moderna</h1>
<p>Invitación Comunión Delicada y Moderna</p>
<p>La Comunión es uno de los pasos más importantes en nuestra historia, y este nos parece motivo suficiente para celebrar. ¿Está de acuerdo? Por eso, le preguntamos: ¿cómo son sus invitaciones de comunión? ¡Cuéntenos! En Miminhos Rita Catita estamos verdaderamente interesados en saber: porque nuestra misión es hacer su sueño realidad.</p>
<p>La fiesta es tuya, pero el compromiso es nuestro. Por eso, a la singularidad de cada pedido, nos dedicamos apasionadamente. Desarrollamos una Invitación de Comunión ajustada a las necesidades de cada cliente, cumpliendo siempre con la promesa de calidad, excelencia y profesionalismo.</p>
<p>Nuestras creaciones son el resultado de una combinación inspirada en los detalles que hacen cada historia especial y única, por lo que trabajamos para mantener siempre el cambio y la innovación.</p>
<p>Festas são celebrações que realizamos pelos passos dados rumo aos marcos mais importantes da nossa história, porque todos temos uma. E, na Miminhos Rita Catita, suspeitamos de que o Convite Comunhão Cálice Prata <strong> </strong>es una buena excusa para (nos) contar la suya!</p>
<h2>O nosso Convite Comunhão Delicado e Moderno</h2>
<p>Hecho con amor, nuestros <strong>Invitaciones de Comunión </strong>son especialmente desarrollados para cada cliente – una inspiración que resulta de los detalles de cada historia. ¿Cuál es la tuya?</p>
<p>Disponemos de <strong>Invitaciones de Comunión</strong> de todas las formas, colores, materiales y estilos, para todos los precios, cumpliendo siempre la promesa de calidad, excelencia y profesionalismo. Además, nuestras Invitaciones de Primera Comunión se producen internamente, lo que nos da control total sobre los plazos de producción.</p>
<p>Así, elija el color de papel que más le agrada y nosotros nos encargamos del resto, así, ¡deje estos detalles de su comunión en manos de profesionales como nosotros!</p>
<ul>
<li>Por lo tanto, encuentre en la tienda en línea de Miminhos Rita Catita la respuesta para todos los detalles que harán que su fiesta de Comunión sea única: Invitación de comunión, Recuerdos, Libros de honor, Paneles, Menús. Pero también, Marcadores de mesa, Cestas de recuerdos y Adornos para pasteles. Así como, invitaciones y recuerdos especiales para Padrinos, Abuelos y Catequistas.</li>
</ul>
<p><strong>Ver también<a href="https://miminhosritacatita.com/es/product-category/comunhoes/lembrancas-de-comunhao/"> Recuerdos de Comunión</a></strong></p>
<p><strong>Síguenos en<a href="https://www.instagram.com/miminhos.rita.catita/" target="_blank" rel="noopener"> Instagram</a></strong></p>

<p>Convite Comunhão Delicado e Moderno &#8211; convite de abrir ao meio</p>
<p>Fita de veludo (se preferir outra indique nas notas)</p>
<p><span class="text_exposed_show">Dimensão: 14x14cm (fechado)<br />
</span></p>
<p>Papel da imagem: Branco Brilhante</p>
<p>Convites especialmente desenvolvidos para cada cliente.</p>
<p>Encomende o seu!</p>
<p>&nbsp;</p>
