{"id":9495,"date":"2019-11-21T14:20:14","date_gmt":"2019-11-21T14:20:14","guid":{"rendered":"https:\/\/miminhosritacatita.com\/?post_type=product&#038;p=9495"},"modified":"2025-01-30T12:50:11","modified_gmt":"2025-01-30T12:50:11","slug":"convite-comunhao-elegante-e-delicado","status":"publish","type":"product","link":"https:\/\/miminhosritacatita.com\/es\/comunhao\/convites-de-comunhao\/convite-comunhao-elegante-e-delicado\/","title":{"rendered":"Invitaci\u00f3n Comuni\u00f3n Elegante y Delicada"},"content":{"rendered":"<h1>Invitaci\u00f3n Comuni\u00f3n Elegante y Delicada<\/h1>\n<p>Invitaci\u00f3n Comuni\u00f3n Elegante y Delicada<\/p>\n<p>La Comuni\u00f3n es uno de los pasos m\u00e1s importantes en nuestra historia, y este nos parece motivo suficiente para celebrar. \u00bfEst\u00e1 de acuerdo? Por eso, le preguntamos: \u00bfc\u00f3mo son sus invitaciones de comuni\u00f3n? \u00a1Cu\u00e9ntenos! En Miminhos Rita Catita estamos verdaderamente interesados en saber: porque nuestra misi\u00f3n es hacer su sue\u00f1o realidad.<\/p>\n<p>La fiesta es tuya, pero el compromiso es nuestro. Por eso, a la singularidad de cada pedido, nos dedicamos apasionadamente. Desarrollamos una Invitaci\u00f3n de Comuni\u00f3n ajustada a las necesidades de cada cliente, cumpliendo siempre con la promesa de calidad, excelencia y profesionalismo.<\/p>\n<p>Nuestras creaciones son el resultado de una combinaci\u00f3n inspirada en los detalles que hacen cada historia especial y \u00fanica, por lo que trabajamos para mantener siempre el cambio y la innovaci\u00f3n.<\/p>\n<p>Festas s\u00e3o celebra\u00e7\u00f5es que realizamos pelos passos dados rumo aos marcos mais importantes da nossa hist\u00f3ria, porque todos temos uma. E, na Miminhos Rita Catita, suspeitamos de que o Convite Comunh\u00e3o Menina Rosa<strong>\u00a0<\/strong>es una buena excusa para (nos) contar la suya!<\/p>\n<h2>O nosso Convite Comunh\u00e3o Elegante e Delicado<\/h2>\n<p>Hecho con amor, nuestros <strong>Invitaciones de Comuni\u00f3n <\/strong>son especialmente desarrollados para cada cliente \u2013 una inspiraci\u00f3n que resulta de los detalles de cada historia. \u00bfCu\u00e1l es la tuya?<\/p>\n<p>Disponemos de <strong>Invitaciones de Comuni\u00f3n<\/strong> de todas as formas, cores, materiais e feitios, para todos os pre\u00e7os, cumprindo sempre a promessa de qualidade, excel\u00eancia e profissionalismo. Para al\u00e9m disso, os nossos\u00a0<strong>Invitaci\u00f3n Comuni\u00f3n Elegante y Delicada <\/strong>son producidos internamente, lo que nos da control total sobre los plazos de producci\u00f3n.<\/p>\n<p>As\u00ed, elija el color de papel que m\u00e1s le agrada y nosotros nos encargamos del resto, as\u00ed, \u00a1deje estos detalles de su comuni\u00f3n en manos de profesionales como nosotros!<\/p>\n<ul>\n<li>Por lo tanto, encuentre en la tienda en l\u00ednea de Miminhos Rita Catita la respuesta para todos los detalles que har\u00e1n que su fiesta de Comuni\u00f3n sea \u00fanica: Invitaci\u00f3n de comuni\u00f3n, Recuerdos, Libros de honor, Paneles, Men\u00fas. Pero tambi\u00e9n, Marcadores de mesa, Cestas de recuerdos y Adornos para pasteles. As\u00ed como, invitaciones y recuerdos especiales para Padrinos, Abuelos y Catequistas.<\/li>\n<\/ul>\n<p><strong>Ver tambi\u00e9n<a href=\"https:\/\/miminhosritacatita.com\/es\/product-category\/comunhoes\/lembrancas-de-comunhao\/\"> Recuerdos de Comuni\u00f3n<\/a><\/strong><\/p>\n<p><strong>S\u00edguenos en<a href=\"https:\/\/www.instagram.com\/miminhos.rita.catita\/\" target=\"_blank\" rel=\"noopener\"> Instagram<\/a><\/strong><\/p>","protected":false},"excerpt":{"rendered":"<p>Invitaci\u00f3n Comuni\u00f3n Elegante y Delicada<span class=\"text_exposed_show\"><br \/>\n<\/span><\/p>\n<p>Dimensiones: 12 x 18cm<\/p>\n<p>A fita \u00e9 esfiapada, se preferir uma fita de cetim diga-nos depois de concluir a compra.<\/p>\n<p>Indique nas Notas a cor pretendida para a fita<\/p>\n<p>&nbsp;<\/p>","protected":false},"featured_media":33098,"template":"","meta":[],"product_brand":[],"product_cat":[1027],"product_tag":[],"class_list":{"0":"post-9495","1":"product","2":"type-product","3":"status-publish","4":"has-post-thumbnail","6":"product_cat-convites-de-comunhao","8":"first","9":"instock","10":"taxable","11":"shipping-taxable","12":"purchasable","13":"product-type-simple"},"_links":{"self":[{"href":"https:\/\/miminhosritacatita.com\/es\/wp-json\/wp\/v2\/product\/9495","targetHints":{"allow":["GET"]}}],"collection":[{"href":"https:\/\/miminhosritacatita.com\/es\/wp-json\/wp\/v2\/product"}],"about":[{"href":"https:\/\/miminhosritacatita.com\/es\/wp-json\/wp\/v2\/types\/product"}],"wp:featuredmedia":[{"embeddable":true,"href":"https:\/\/miminhosritacatita.com\/es\/wp-json\/wp\/v2\/media\/33098"}],"wp:attachment":[{"href":"https:\/\/miminhosritacatita.com\/es\/wp-json\/wp\/v2\/media?parent=9495"}],"wp:term":[{"taxonomy":"product_brand","embeddable":true,"href":"https:\/\/miminhosritacatita.com\/es\/wp-json\/wp\/v2\/product_brand?post=9495"},{"taxonomy":"product_cat","embeddable":true,"href":"https:\/\/miminhosritacatita.com\/es\/wp-json\/wp\/v2\/product_cat?post=9495"},{"taxonomy":"product_tag","embeddable":true,"href":"https:\/\/miminhosritacatita.com\/es\/wp-json\/wp\/v2\/product_tag?post=9495"}],"curies":[{"name":"wp","href":"https:\/\/api.w.org\/{rel}","templated":true}]}}

Invitación Comunión Elegante y Delicada

<h1>Invitación Comunión Elegante y Delicada</h1>
<p>Invitación Comunión Elegante y Delicada</p>
<p>La Comunión es uno de los pasos más importantes en nuestra historia, y este nos parece motivo suficiente para celebrar. ¿Está de acuerdo? Por eso, le preguntamos: ¿cómo son sus invitaciones de comunión? ¡Cuéntenos! En Miminhos Rita Catita estamos verdaderamente interesados en saber: porque nuestra misión es hacer su sueño realidad.</p>
<p>La fiesta es tuya, pero el compromiso es nuestro. Por eso, a la singularidad de cada pedido, nos dedicamos apasionadamente. Desarrollamos una Invitación de Comunión ajustada a las necesidades de cada cliente, cumpliendo siempre con la promesa de calidad, excelencia y profesionalismo.</p>
<p>Nuestras creaciones son el resultado de una combinación inspirada en los detalles que hacen cada historia especial y única, por lo que trabajamos para mantener siempre el cambio y la innovación.</p>
<p>Festas são celebrações que realizamos pelos passos dados rumo aos marcos mais importantes da nossa história, porque todos temos uma. E, na Miminhos Rita Catita, suspeitamos de que o Convite Comunhão Menina Rosa<strong> </strong>es una buena excusa para (nos) contar la suya!</p>
<h2>O nosso Convite Comunhão Elegante e Delicado</h2>
<p>Hecho con amor, nuestros <strong>Invitaciones de Comunión </strong>son especialmente desarrollados para cada cliente – una inspiración que resulta de los detalles de cada historia. ¿Cuál es la tuya?</p>
<p>Disponemos de <strong>Invitaciones de Comunión</strong> de todas as formas, cores, materiais e feitios, para todos os preços, cumprindo sempre a promessa de qualidade, excelência e profissionalismo. Para além disso, os nossos <strong>Invitación Comunión Elegante y Delicada </strong>son producidos internamente, lo que nos da control total sobre los plazos de producción.</p>
<p>Así, elija el color de papel que más le agrada y nosotros nos encargamos del resto, así, ¡deje estos detalles de su comunión en manos de profesionales como nosotros!</p>
<ul>
<li>Por lo tanto, encuentre en la tienda en línea de Miminhos Rita Catita la respuesta para todos los detalles que harán que su fiesta de Comunión sea única: Invitación de comunión, Recuerdos, Libros de honor, Paneles, Menús. Pero también, Marcadores de mesa, Cestas de recuerdos y Adornos para pasteles. Así como, invitaciones y recuerdos especiales para Padrinos, Abuelos y Catequistas.</li>
</ul>
<p><strong>Ver también<a href="https://miminhosritacatita.com/es/product-category/comunhoes/lembrancas-de-comunhao/"> Recuerdos de Comunión</a></strong></p>
<p><strong>Síguenos en<a href="https://www.instagram.com/miminhos.rita.catita/" target="_blank" rel="noopener"> Instagram</a></strong></p>

<p>Invitación Comunión Elegante y Delicada<span class="text_exposed_show"><br />
</span></p>
<p>Dimensiones: 12 x 18cm</p>
<p>A fita é esfiapada, se preferir uma fita de cetim diga-nos depois de concluir a compra.</p>
<p>Indique nas Notas a cor pretendida para a fita</p>
<p>&nbsp;</p>
