{"id":43963,"date":"2024-02-02T17:14:03","date_gmt":"2024-02-02T17:14:03","guid":{"rendered":"https:\/\/miminhosritacatita.com\/?post_type=product&#038;p=43963"},"modified":"2026-03-27T09:48:24","modified_gmt":"2026-03-27T09:48:24","slug":"agenda-noiva-preto-branco-nomes","status":"publish","type":"product","link":"https:\/\/miminhosritacatita.com\/es\/agendas\/agenda-para-noiva\/agenda-noiva-preto-branco-nomes\/","title":{"rendered":"Agenda Noiva Preto-branco Nomes"},"content":{"rendered":"<h1>Agenda Noiva Preto-branco Nomes<\/h1>\n<p>Agenda Noiva Preto-branco Nomes<\/p>\n<p>As\u00ed que, si ya est\u00e1s loco por los detalles como nosotros, con el <strong>Agenda de la Novia<\/strong> perder\u00e1n la cabeza.<\/p>\n<p>(Casi) todo empieza aqu\u00ed y esta es la (segunda) mejor parte: planificar, pero tambi\u00e9n disfrutar de la preparaci\u00f3n.<\/p>\n<p>As\u00ed pues, la Portada Personalizada del Diario de Bodas es suya, pero la promesa es nuestra, por eso nuestro <strong>Diarios de la novia<\/strong> se fabrican aqu\u00ed, lo que nos permite controlar totalmente los plazos de producci\u00f3n.<\/p>\n<p>Sin embargo, dicen que el secreto est\u00e1 en los detalles... \u00a1Y nosotros lo creemos! En nuestra tienda <strong>a\u00a0<\/strong>Los diarios de la novia son uno de nuestros detalles favoritos.<\/p>\n<p>Entonces, \u00bfes posible ser una novia organizada? ...\u00a1\u00a1\u00a1s\u00ed que lo es!!! \u00a1Por eso es posible con nuestra Agenda de la Novia!<\/p>\n<p>Como tal, te mostramos un poco m\u00e1s de lo que contiene, \u00a1es s\u00faper completo y capaz de resolver todas tus dudas de organizaci\u00f3n de bodas!<\/p>\n<p>As\u00ed que aqu\u00ed tienes un espacio para anotar y organizar todas tus ideas para el gran d\u00eda de forma pr\u00e1ctica y sencilla.<\/p>\n<h2>Agenda Noiva Preto-branco Nomes<\/h2>\n<p>As\u00ed pues, la agenda est\u00e1 llena de consejos y sugerencias sobre c\u00f3mo elegir las alianzas \/ las invitaciones \/ y lo que m\u00e1s te conviene. Ayuda a resolver cuestiones relacionadas con el tipo de ceremonia \/ tambi\u00e9n ayuda a elegir y organizar a los invitados, as\u00ed como los distintos tipos de vestidos.<\/p>\n<p>Y hay mucho espacio para poner tus fotos, as\u00ed como las tareas que tendr\u00e1s que completar antes del gran d\u00eda, \u00a1as\u00ed que tenemos una agenda muy completa y mucho m\u00e1s!<\/p>\n<p>Adem\u00e1s, la agenda tiene pesta\u00f1as para que encuentres f\u00e1cilmente lo que buscas.<\/p>\n<p>Por eso hemos confeccionado la Tapa Personalizada Diario de Bodas, cumpliendo nuestra promesa de calidad y buen gusto:<\/p>\n<ul>\n<li>Encuadernaci\u00f3n en espiral blanca<\/li>\n<li>Tapa dura<\/li>\n<li>Diario semanal sin fecha, de hace dos a\u00f1os.<\/li>\n<li>Dimensi\u00f3n: A5<\/li>\n<li>5 pesta\u00f1as<\/li>\n<\/ul>\n<p>Lo mismo digo,<\/p>\n<p>Consejos para planificar la boda y elegir los mejores art\u00edculos y proveedores \/<\/p>\n<p>Lista de control hasta el gran d\u00eda \/<\/p>\n<p>Lista de art\u00edculos que necesitas para el gran d\u00eda \/<\/p>\n<p>Organizador de mesas \/<\/p>\n<p>Y sin embargo... el diario de la novia<br \/>\n\u00a1M\u00e1s de 200 p\u00e1ginas de pura diversi\u00f3n!<\/p>\n<p><strong>Ver tambi\u00e9n<\/strong><a href=\"https:\/\/miminhosritacatita.com\/es\/product\/topo-de-bolo-acrilico-impresso\/\"> Topos de pastel<\/a><\/p>\n<p><strong>Visita el nuestro <a href=\"https:\/\/www.instagram.com\/miminhos.rita.catita\/\" target=\"_blank\" rel=\"noopener\">Instagram<\/a><\/strong><\/p>","protected":false},"excerpt":{"rendered":"<ul>\n<li>Dimensi\u00f3n: A5<\/li>\n<li>Tapa dura<\/li>\n<li>Diario semanal sin fecha, 2 a\u00f1os completos<\/li>\n<li>5 pesta\u00f1as<\/li>\n<li>249 p\u00e1ginas<\/li>\n<li>Gramaje del papel: 120gr<\/li>\n<li>Capa com Nomes do Casal ou Foto e Nomes<\/li>\n<\/ul>","protected":false},"featured_media":43951,"template":"","meta":[],"product_brand":[],"product_cat":[1096,482,1155],"product_tag":[],"class_list":{"0":"post-43963","1":"product","2":"type-product","3":"status-publish","4":"has-post-thumbnail","6":"product_cat-agendas","7":"product_cat-agenda-da-noiva","8":"product_cat-agenda-para-noiva","10":"first","11":"instock","12":"featured","13":"taxable","14":"shipping-taxable","15":"purchasable","16":"product-type-simple"},"_links":{"self":[{"href":"https:\/\/miminhosritacatita.com\/es\/wp-json\/wp\/v2\/product\/43963","targetHints":{"allow":["GET"]}}],"collection":[{"href":"https:\/\/miminhosritacatita.com\/es\/wp-json\/wp\/v2\/product"}],"about":[{"href":"https:\/\/miminhosritacatita.com\/es\/wp-json\/wp\/v2\/types\/product"}],"wp:featuredmedia":[{"embeddable":true,"href":"https:\/\/miminhosritacatita.com\/es\/wp-json\/wp\/v2\/media\/43951"}],"wp:attachment":[{"href":"https:\/\/miminhosritacatita.com\/es\/wp-json\/wp\/v2\/media?parent=43963"}],"wp:term":[{"taxonomy":"product_brand","embeddable":true,"href":"https:\/\/miminhosritacatita.com\/es\/wp-json\/wp\/v2\/product_brand?post=43963"},{"taxonomy":"product_cat","embeddable":true,"href":"https:\/\/miminhosritacatita.com\/es\/wp-json\/wp\/v2\/product_cat?post=43963"},{"taxonomy":"product_tag","embeddable":true,"href":"https:\/\/miminhosritacatita.com\/es\/wp-json\/wp\/v2\/product_tag?post=43963"}],"curies":[{"name":"wp","href":"https:\/\/api.w.org\/{rel}","templated":true}]}}

<h1>Agenda Noiva Preto-branco Nomes</h1>
<p>Agenda Noiva Preto-branco Nomes</p>
<p>Así que, si ya estás loco por los detalles como nosotros, con el <strong>Agenda de la Novia</strong> perderán la cabeza.</p>
<p>(Casi) todo empieza aquí y esta es la (segunda) mejor parte: planificar, pero también disfrutar de la preparación.</p>
<p>Así pues, la Portada Personalizada del Diario de Bodas es suya, pero la promesa es nuestra, por eso nuestro <strong>Diarios de la novia</strong> se fabrican aquí, lo que nos permite controlar totalmente los plazos de producción.</p>
<p>Sin embargo, dicen que el secreto está en los detalles... ¡Y nosotros lo creemos! En nuestra tienda <strong>a </strong>Los diarios de la novia son uno de nuestros detalles favoritos.</p>
<p>Entonces, ¿es posible ser una novia organizada? ...¡¡¡sí que lo es!!! ¡Por eso es posible con nuestra Agenda de la Novia!</p>
<p>Como tal, te mostramos un poco más de lo que contiene, ¡es súper completo y capaz de resolver todas tus dudas de organización de bodas!</p>
<p>Así que aquí tienes un espacio para anotar y organizar todas tus ideas para el gran día de forma práctica y sencilla.</p>
<h2>Agenda Noiva Preto-branco Nomes</h2>
<p>Así pues, la agenda está llena de consejos y sugerencias sobre cómo elegir las alianzas / las invitaciones / y lo que más te conviene. Ayuda a resolver cuestiones relacionadas con el tipo de ceremonia / también ayuda a elegir y organizar a los invitados, así como los distintos tipos de vestidos.</p>
<p>Y hay mucho espacio para poner tus fotos, así como las tareas que tendrás que completar antes del gran día, ¡así que tenemos una agenda muy completa y mucho más!</p>
<p>Además, la agenda tiene pestañas para que encuentres fácilmente lo que buscas.</p>
<p>Por eso hemos confeccionado la Tapa Personalizada Diario de Bodas, cumpliendo nuestra promesa de calidad y buen gusto:</p>
<ul>
<li>Encuadernación en espiral blanca</li>
<li>Tapa dura</li>
<li>Diario semanal sin fecha, de hace dos años.</li>
<li>Dimensión: A5</li>
<li>5 pestañas</li>
</ul>
<p>Lo mismo digo,</p>
<p>Consejos para planificar la boda y elegir los mejores artículos y proveedores /</p>
<p>Lista de control hasta el gran día /</p>
<p>Lista de artículos que necesitas para el gran día /</p>
<p>Organizador de mesas /</p>
<p>Y sin embargo... el diario de la novia<br />
¡Más de 200 páginas de pura diversión!</p>
<p><strong>Ver también</strong><a href="https://miminhosritacatita.com/es/product/topo-de-bolo-acrilico-impresso/"> Topos de pastel</a></p>
<p><strong>Visita el nuestro <a href="https://www.instagram.com/miminhos.rita.catita/" target="_blank" rel="noopener">Instagram</a></strong></p>

<ul>
<li>Dimensión: A5</li>
<li>Tapa dura</li>
<li>Diario semanal sin fecha, 2 años completos</li>
<li>5 pestañas</li>
<li>249 páginas</li>
<li>Gramaje del papel: 120gr</li>
<li>Capa com Nomes do Casal ou Foto e Nomes</li>
</ul>
