{"id":4312,"date":"2018-11-16T10:24:51","date_gmt":"2018-11-16T10:24:51","guid":{"rendered":"https:\/\/miminhosritacatita.com\/?post_type=product&#038;p=4312"},"modified":"2025-01-21T14:57:22","modified_gmt":"2025-01-21T14:57:22","slug":"porta-aliancas-coracao-flores","status":"publish","type":"product","link":"https:\/\/miminhosritacatita.com\/es\/casamento\/porta-aliancas\/porta-aliancas-coracao-flores\/","title":{"rendered":"Porta Alian\u00e7as Cora\u00e7\u00e3o Flores"},"content":{"rendered":"<h1>Porta Alian\u00e7as Cora\u00e7\u00e3o Flores<\/h1>\n<p>Porta Alian\u00e7as Cora\u00e7\u00e3o Flores<\/p>\n<p>Dizem que o segredo est\u00e1 nos detalhes\u2026 E n\u00f3s acreditamos! Na nossa loja os Porta Alian\u00e7as s\u00e3o dos nossos detalhes favoritos.<\/p>\n<p>Dos robes \u00e0s ligas\u2026 Como ser\u00e1 o seu? Pense!, porque \u00e9 aqui que o estilo pessoal vai brilhar!<\/p>\n<p>Feitos com amor, as nossa Porta Alian\u00e7as Cora\u00e7\u00e3o Flores \u00e9 feita para cada cliente, ideia que resulta dos detalhes da sua hist\u00f3ria. Por isso, vamos j\u00e1 conta-la como ela \u00e9, pelas suas palavras.<\/p>\n<p>Temos, na nossa loja, v\u00e1rias Porta Alian\u00e7as para v\u00e1rios pre\u00e7os e gostos, mantendo sempre a promessa de qualidade.<\/p>\n<h2>O Porta Alian\u00e7as Cora\u00e7\u00e3o Flores<\/h2>\n<p>Entendemos que o m\u00e9rito pelo <b>Boda<\/b> \u00e9 seu, mas que a miss\u00e3o \u00e9 nossa. E, por isso, criamos produtos ajustados ao gosto de cada cliente, cumprindo sempre com a qualidade e perfei\u00e7\u00e3o e bom gosto.<\/p>\n<p>As\u00ed, encuentre en la Tienda en L\u00ednea la respuesta para todos los pormenores que har\u00e1n su fiesta \u00fanica.<\/p>\n<p>Tamb\u00e9m alugamos carros para o transporte dos noivos. Para saber o pre\u00e7o contacte-nos e informe a data do Evento \/ a morada de recolha \/ a da Igreja \/ e a do local da boda. Almofada Asas de Anjo<\/p>\n<p>Assim, temos ainda para alugar um insufl\u00e1vel e um escorrega. Portanto, pe\u00e7a o seu or\u00e7amento dizendo em que dia ser\u00e1 o evento e se o deseja levantar em loja ou se pretende que nos desloquemos ao local do evento para a montagem \/ e a desmontagem.<\/p>\n<ul>\n<li>Encontre aqui a resposta para todos os detalhes que far\u00e3o o seu Casamento \u00fanico. Dos quais Convites \/ Porta Alian\u00e7as Cora\u00e7\u00e3o Flores \/ Livros de Honra \/ Lembran\u00e7as. Mas tamb\u00e9m, as Cestas de Lembran\u00e7as \/ e os Photo Booth \/ e os Cabides. Assim como Flutes \/ e Talheres \/ e os Bal\u00f5es \/ e os Sparklers \/ e Placas para casamento.<\/li>\n<\/ul>\n<p>Tamb\u00e9m temos Ramos de Noiva Artificiais \/ e os Ramos de Solteiras \/ e Caixas de Envelopes. E ainda, as Ofertas a Pais e Padrinhos \/ e as Argolas de Guardanapos\/ e as Ementas.<\/p>\n<p><strong>Ver tambi\u00e9n <a href=\"https:\/\/miminhosritacatita.com\/es\/product\/agenda-da-noiva\/\">Agenda de la Novia<\/a><\/strong><\/p>\n<p><strong>Visita el nuestro <a href=\"https:\/\/www.instagram.com\/miminhos.rita.catita\/\" target=\"_blank\" rel=\"noopener\">Instagram<\/a><\/strong><\/p>\n<p>&nbsp;<\/p>\n<p>&nbsp;<\/p>","protected":false},"excerpt":{"rendered":"<p>Porta Alian\u00e7as Cora\u00e7\u00e3o de Madeira com Flores<\/p>\n<p>Largura 25cm<\/p>\n<p>Uma excelente ideia para tornar o seu casamento ainda mais memor\u00e1vel e \u00fanico!<\/p>","protected":false},"featured_media":61008,"template":"","meta":[],"product_brand":[],"product_cat":[481],"product_tag":[],"class_list":{"0":"post-4312","1":"product","2":"type-product","3":"status-publish","4":"has-post-thumbnail","6":"product_cat-porta-aliancas","8":"first","9":"instock","10":"taxable","11":"shipping-taxable","12":"purchasable","13":"product-type-simple"},"_links":{"self":[{"href":"https:\/\/miminhosritacatita.com\/es\/wp-json\/wp\/v2\/product\/4312","targetHints":{"allow":["GET"]}}],"collection":[{"href":"https:\/\/miminhosritacatita.com\/es\/wp-json\/wp\/v2\/product"}],"about":[{"href":"https:\/\/miminhosritacatita.com\/es\/wp-json\/wp\/v2\/types\/product"}],"wp:featuredmedia":[{"embeddable":true,"href":"https:\/\/miminhosritacatita.com\/es\/wp-json\/wp\/v2\/media\/61008"}],"wp:attachment":[{"href":"https:\/\/miminhosritacatita.com\/es\/wp-json\/wp\/v2\/media?parent=4312"}],"wp:term":[{"taxonomy":"product_brand","embeddable":true,"href":"https:\/\/miminhosritacatita.com\/es\/wp-json\/wp\/v2\/product_brand?post=4312"},{"taxonomy":"product_cat","embeddable":true,"href":"https:\/\/miminhosritacatita.com\/es\/wp-json\/wp\/v2\/product_cat?post=4312"},{"taxonomy":"product_tag","embeddable":true,"href":"https:\/\/miminhosritacatita.com\/es\/wp-json\/wp\/v2\/product_tag?post=4312"}],"curies":[{"name":"wp","href":"https:\/\/api.w.org\/{rel}","templated":true}]}}

Porta Alianças Coração Flores

<h1>Porta Alianças Coração Flores</h1>
<p>Porta Alianças Coração Flores</p>
<p>Dizem que o segredo está nos detalhes… E nós acreditamos! Na nossa loja os Porta Alianças são dos nossos detalhes favoritos.</p>
<p>Dos robes às ligas… Como será o seu? Pense!, porque é aqui que o estilo pessoal vai brilhar!</p>
<p>Feitos com amor, as nossa Porta Alianças Coração Flores é feita para cada cliente, ideia que resulta dos detalhes da sua história. Por isso, vamos já conta-la como ela é, pelas suas palavras.</p>
<p>Temos, na nossa loja, várias Porta Alianças para vários preços e gostos, mantendo sempre a promessa de qualidade.</p>
<h2>O Porta Alianças Coração Flores</h2>
<p>Entendemos que o mérito pelo <b>Boda</b> é seu, mas que a missão é nossa. E, por isso, criamos produtos ajustados ao gosto de cada cliente, cumprindo sempre com a qualidade e perfeição e bom gosto.</p>
<p>Así, encuentre en la Tienda en Línea la respuesta para todos los pormenores que harán su fiesta única.</p>
<p>Também alugamos carros para o transporte dos noivos. Para saber o preço contacte-nos e informe a data do Evento / a morada de recolha / a da Igreja / e a do local da boda. Almofada Asas de Anjo</p>
<p>Assim, temos ainda para alugar um insuflável e um escorrega. Portanto, peça o seu orçamento dizendo em que dia será o evento e se o deseja levantar em loja ou se pretende que nos desloquemos ao local do evento para a montagem / e a desmontagem.</p>
<ul>
<li>Encontre aqui a resposta para todos os detalhes que farão o seu Casamento único. Dos quais Convites / Porta Alianças Coração Flores / Livros de Honra / Lembranças. Mas também, as Cestas de Lembranças / e os Photo Booth / e os Cabides. Assim como Flutes / e Talheres / e os Balões / e os Sparklers / e Placas para casamento.</li>
</ul>
<p>Também temos Ramos de Noiva Artificiais / e os Ramos de Solteiras / e Caixas de Envelopes. E ainda, as Ofertas a Pais e Padrinhos / e as Argolas de Guardanapos/ e as Ementas.</p>
<p><strong>Ver también <a href="https://miminhosritacatita.com/es/product/agenda-da-noiva/">Agenda de la Novia</a></strong></p>
<p><strong>Visita el nuestro <a href="https://www.instagram.com/miminhos.rita.catita/" target="_blank" rel="noopener">Instagram</a></strong></p>
<p>&nbsp;</p>
<p>&nbsp;</p>

<p>Porta Alianças Coração de Madeira com Flores</p>
<p>Largura 25cm</p>
<p>Uma excelente ideia para tornar o seu casamento ainda mais memorável e único!</p>
