{"id":9563,"date":"2019-11-25T14:41:07","date_gmt":"2019-11-25T14:41:07","guid":{"rendered":"https:\/\/miminhosritacatita.com\/?post_type=product&#038;p=9563"},"modified":"2026-03-26T10:23:39","modified_gmt":"2026-03-26T10:23:39","slug":"saco-organza-com-sabonete-comunhao","status":"publish","type":"product","link":"https:\/\/miminhosritacatita.com\/en\/comunhao\/lembrancas-de-comunhao\/saco-organza-com-sabonete-comunhao\/","title":{"rendered":"Saco Organza com Sabonete Comunh\u00e3o"},"content":{"rendered":"<h1>Saco Organza com Sabonete Comunh\u00e3o<\/h1>\n<p>Saco Organza com Sabonete Comunh\u00e3o<\/p>\n<p>Abrimos um caminho sem precedentes quando pensamos na nossa festa de sonho, porque todos os detalhes contam quando o objetivo \u00e9 espalhar amor pelo ar. Na Miminhos Rita Catita, temos uma confiss\u00e3o para fazer: somos fan\u00e1ticos por detalhes. Mais ainda por <strong>Memories<\/strong>: s\u00e3o elas que guardam a promessa de uma celebra\u00e7\u00e3o inesquec\u00edvel!<\/p>\n<p>Entendemos que o ambiente festivo merece que a imagina\u00e7\u00e3o corra livre. Por isso, os nossos Saco Organza com Sabonete Comunh\u00e3o\u00a0s\u00e3o sempre criativas. As op\u00e7\u00f5es s\u00e3o diversas\u2026 O limite \u00e9 a imagina\u00e7\u00e3o. Como imagina as suas?<\/p>\n<p>Dispomos, nas nossas lojas, de v\u00e1rias <strong>Memories<\/strong>\u2013 desde as comest\u00edveis at\u00e9 \u00e0s mais funcionais. E, garantimos, todas nos merecem a mesma aten\u00e7\u00e3o ao pormenor e carinho.<\/p>\n<h2>Saco Organza com Sabonete Comunh\u00e3o<\/h2>\n<p>Contudo precisa de lembran\u00e7as de Comunh\u00e3o e n\u00e3o sabe o que escolher? Pois bem, na Miminhos Rita Catita encontrar\u00e1 a oferta ideal. Para al\u00e9m do que mostramos tamb\u00e9m pode dizer-nos qual a sua ideia e n\u00f3s executamos. Nos artigos que apresentamos \u00e9 poss\u00edvel fazermos altera\u00e7\u00f5es \u00e1s cores e personalizar a gosto, contudo contacte-nos sempre primeiro para confirmar essa possibilidade.<\/p>\n<p>Portanto na Miminhos Rita Catita entendemos que o m\u00e9rito pela escolha \u00e9 seu, mas que o compromisso \u00e9 nosso. E, por isso, desenvolvemos produtos personalizados e ajustados \u00e0s necessidades de cada cliente, cumprindo sempre a promessa de qualidade, excel\u00eancia e profissionalismo.<\/p>\n<p>Contudo\u00a0 encontre na Loja Online da Miminhos Rita Catita a resposta para todos os pormenores que tornar\u00e3o a sua festa de Comunh\u00e3o \u00fanica:<\/p>\n<ul>\n<li>Convites, <strong>Memories<\/strong>, Lembran\u00e7as especiais para padrinhos e para av\u00f3s, Livros de Honra, Placards, Ementas, Marcadores de Mesa, Cestas de Lembran\u00e7as, argolas de guardanapo. Mas tamb\u00e9m Caixas para guardar prendas em dinheiro, talheres e flutes personalizados Topos de Bolo e Saco Sabonete Comunh\u00e3o.<\/li>\n<\/ul>\n<ul>\n<li><strong>Lembran\u00e7as de Comunh\u00e3o, Lembran\u00e7as de Primeira Comunh\u00e3o, Lembran\u00e7as Comunh\u00e3o Solene<\/strong>, <strong>Lembran\u00e7as de Profiss\u00e3o de f\u00e9, Lembran\u00e7as de Comunh\u00e3o Originais, Lembran\u00e7as de Comunh\u00e3o Solene Originais<\/strong><\/li>\n<\/ul>\n<p>Tamb\u00e9m dispomos de insufl\u00e1vel e escorrega para alugar. Portanto, Pe\u00e7a-nos or\u00e7amento indicando o dia do evento e se deseja levantar e entregar em loja ou se pretende a nossa desloca\u00e7\u00e3o ao local do evento para montagem e desmontagem.<\/p>\n<p><strong>See Also: <a href=\"https:\/\/miminhosritacatita.com\/en\/product-category\/comunhoes\/convites-de-comunhao\/\">Communion Invitations<\/a><\/strong><\/p>\n<p><strong>Visite o Nosso <a href=\"https:\/\/www.instagram.com\/miminhos.rita.catita\/\" target=\"_blank\" rel=\"noopener\">Instagram<\/a><\/strong><\/p>","protected":false},"excerpt":{"rendered":"<p>Saco Organza com Sabonete Comunh\u00e3o<\/p>\n<p>Etiqueta 4x2cm inclu\u00edda<\/p>\n<p>Cor do Saco da Imagem: Azul\u00e3o<\/p>\n<p>Cor da Fita da Imagem: Branca<\/p>\n<p>Cor do Sabonete: Branco<\/p>\n<p>Para mais altera\u00e7\u00f5es indicar nas &#8220;Notas&#8221;<\/p>","protected":false},"featured_media":77918,"template":"","meta":[],"product_brand":[],"product_cat":[1028],"product_tag":[],"class_list":{"0":"post-9563","1":"product","2":"type-product","3":"status-publish","4":"has-post-thumbnail","6":"product_cat-lembrancas-de-comunhao","8":"first","9":"instock","10":"taxable","11":"shipping-taxable","12":"purchasable","13":"product-type-simple"},"_links":{"self":[{"href":"https:\/\/miminhosritacatita.com\/en\/wp-json\/wp\/v2\/product\/9563","targetHints":{"allow":["GET"]}}],"collection":[{"href":"https:\/\/miminhosritacatita.com\/en\/wp-json\/wp\/v2\/product"}],"about":[{"href":"https:\/\/miminhosritacatita.com\/en\/wp-json\/wp\/v2\/types\/product"}],"wp:featuredmedia":[{"embeddable":true,"href":"https:\/\/miminhosritacatita.com\/en\/wp-json\/wp\/v2\/media\/77918"}],"wp:attachment":[{"href":"https:\/\/miminhosritacatita.com\/en\/wp-json\/wp\/v2\/media?parent=9563"}],"wp:term":[{"taxonomy":"product_brand","embeddable":true,"href":"https:\/\/miminhosritacatita.com\/en\/wp-json\/wp\/v2\/product_brand?post=9563"},{"taxonomy":"product_cat","embeddable":true,"href":"https:\/\/miminhosritacatita.com\/en\/wp-json\/wp\/v2\/product_cat?post=9563"},{"taxonomy":"product_tag","embeddable":true,"href":"https:\/\/miminhosritacatita.com\/en\/wp-json\/wp\/v2\/product_tag?post=9563"}],"curies":[{"name":"wp","href":"https:\/\/api.w.org\/{rel}","templated":true}]}}

Saco Organza com Sabonete Comunhão

<h1>Saco Organza com Sabonete Comunhão</h1>
<p>Saco Organza com Sabonete Comunhão</p>
<p>Abrimos um caminho sem precedentes quando pensamos na nossa festa de sonho, porque todos os detalhes contam quando o objetivo é espalhar amor pelo ar. Na Miminhos Rita Catita, temos uma confissão para fazer: somos fanáticos por detalhes. Mais ainda por <strong>Memories</strong>: são elas que guardam a promessa de uma celebração inesquecível!</p>
<p>Entendemos que o ambiente festivo merece que a imaginação corra livre. Por isso, os nossos Saco Organza com Sabonete Comunhão são sempre criativas. As opções são diversas… O limite é a imaginação. Como imagina as suas?</p>
<p>Dispomos, nas nossas lojas, de várias <strong>Memories</strong>– desde as comestíveis até às mais funcionais. E, garantimos, todas nos merecem a mesma atenção ao pormenor e carinho.</p>
<h2>Saco Organza com Sabonete Comunhão</h2>
<p>Contudo precisa de lembranças de Comunhão e não sabe o que escolher? Pois bem, na Miminhos Rita Catita encontrará a oferta ideal. Para além do que mostramos também pode dizer-nos qual a sua ideia e nós executamos. Nos artigos que apresentamos é possível fazermos alterações ás cores e personalizar a gosto, contudo contacte-nos sempre primeiro para confirmar essa possibilidade.</p>
<p>Portanto na Miminhos Rita Catita entendemos que o mérito pela escolha é seu, mas que o compromisso é nosso. E, por isso, desenvolvemos produtos personalizados e ajustados às necessidades de cada cliente, cumprindo sempre a promessa de qualidade, excelência e profissionalismo.</p>
<p>Contudo  encontre na Loja Online da Miminhos Rita Catita a resposta para todos os pormenores que tornarão a sua festa de Comunhão única:</p>
<ul>
<li>Convites, <strong>Memories</strong>, Lembranças especiais para padrinhos e para avós, Livros de Honra, Placards, Ementas, Marcadores de Mesa, Cestas de Lembranças, argolas de guardanapo. Mas também Caixas para guardar prendas em dinheiro, talheres e flutes personalizados Topos de Bolo e Saco Sabonete Comunhão.</li>
</ul>
<ul>
<li><strong>Lembranças de Comunhão, Lembranças de Primeira Comunhão, Lembranças Comunhão Solene</strong>, <strong>Lembranças de Profissão de fé, Lembranças de Comunhão Originais, Lembranças de Comunhão Solene Originais</strong></li>
</ul>
<p>Também dispomos de insuflável e escorrega para alugar. Portanto, Peça-nos orçamento indicando o dia do evento e se deseja levantar e entregar em loja ou se pretende a nossa deslocação ao local do evento para montagem e desmontagem.</p>
<p><strong>See Also: <a href="https://miminhosritacatita.com/en/product-category/comunhoes/convites-de-comunhao/">Communion Invitations</a></strong></p>
<p><strong>Visite o Nosso <a href="https://www.instagram.com/miminhos.rita.catita/" target="_blank" rel="noopener">Instagram</a></strong></p>

<p>Saco Organza com Sabonete Comunhão</p>
<p>Etiqueta 4x2cm incluída</p>
<p>Cor do Saco da Imagem: Azulão</p>
<p>Cor da Fita da Imagem: Branca</p>
<p>Cor do Sabonete: Branco</p>
<p>Para mais alterações indicar nas &#8220;Notas&#8221;</p>
