{"id":5107,"date":"2018-12-07T15:50:06","date_gmt":"2018-12-07T15:50:06","guid":{"rendered":"https:\/\/miminhosritacatita.com\/?post_type=product&#038;p=5107"},"modified":"2024-12-24T10:32:11","modified_gmt":"2024-12-24T10:32:11","slug":"coracoes-personalizados-carro-casamento","status":"publish","type":"product","link":"https:\/\/miminhosritacatita.com\/en\/casamento\/decoracao-para-carros\/coracoes-personalizados-carro-casamento\/","title":{"rendered":"Cora\u00e7\u00f5es Personalizados Carro Casamento"},"content":{"rendered":"<h1>Cora\u00e7\u00f5es Personalizados Carro Casamento<\/h1>\n<p>Cora\u00e7\u00f5es Personalizados Carro Casamento<\/p>\n<p>Dizem que o segredo est\u00e1 nos detalhes\u2026 E n\u00f3s acreditamos! Na nossa loja os Cora\u00e7\u00f5es s\u00e3o dos nossos detalhes favoritos.<\/p>\n<p>Dos robes \u00e0s ligas\u2026 Como ser\u00e3o os vossos Cora\u00e7\u00f5es para Carro? Pense!, porque \u00e9 aqui que o estilo pessoal vai brilhar!<\/p>\n<p>Feitos com amor, os nossos Cora\u00e7\u00f5es s\u00e3o feitos para cada cliente, ideia que resulta dos detalhes da sua hist\u00f3ria. Por isso, vamos j\u00e1 conta-la como ela \u00e9, pelas suas palavras.<\/p>\n<p>Temos, na nossa loja, v\u00e1rios Acess\u00f3rios de Carros, para v\u00e1rios pre\u00e7os e gostos, mantendo sempre a promessa de qualidade.<\/p>\n<h2>Os Cora\u00e7\u00f5es Personalizados Carro Casamento<\/h2>\n<p>We understand that the credit for <b>Wedding<\/b> It's yours, but the mission is ours. And because of that, we create products tailored to each client's taste, always delivering quality, perfection, and good taste.<\/p>\n<p>Tamb\u00e9m alugamos carros para o transporte dos noivos. Para saber o pre\u00e7o contacte-nos e informe:<\/p>\n<ul>\n<li>Data do Evento<\/li>\n<li>Collection address<\/li>\n<li>Morada da Igreja<\/li>\n<li>Local da boda.<\/li>\n<\/ul>\n<p>Thus, we still have an inflatable and a slide available for rent. Therefore, request your quote by stating the date of the event and whether you wish to pick it up at our store or if you would like us to come to the event location for setup\/disassembly.<\/p>\n<p>Encontre aqui a resposta para todos os detalhes que far\u00e3o o seu Casamento \u00fanico, sendo os Cora\u00e7\u00f5es Personalizados Carro Casamento a melhor op\u00e7\u00e3o. Dos quais Convites \/ Porta Alian\u00e7as \/ Livros de Honra \/ Lembran\u00e7as.<\/p>\n<p>Mas tamb\u00e9m, as Cestas de Lembran\u00e7as \/ e os Photo Booth \/ e os Cabides. Assim como Flutes \/ e Talheres \/ e os Bal\u00f5es \/ e os Sparklers \/ e Placas \u201cL\u00e1 Vem a Noiva\u201d.<\/p>\n<p>Assim, encontre na Loja Online a resposta para todos os pormenores que far\u00e3o a sua festa \u00fanica, Cora\u00e7\u00f5es Carro Vinil Casamento. Seja como for, entre em contacto connosco e fa\u00e7a j\u00e1 o seu or\u00e7amento.<\/p>\n<p>Tamb\u00e9m temos Ramos de Noiva Artificiais \/ e os Ramos de Solteiras \/ e Caixas de Envelopes. E ainda, as Ofertas a Pais e Padrinhos \/ e as Argolas de Guardanapos\/ e os Cora\u00e7\u00f5es para Carro. Seja como for, pe\u00e7a j\u00e1 o seu or\u00e7amento.<\/p>\n<p><strong>Veja Tb: <a href=\"https:\/\/miminhosritacatita.com\/en\/product\/brides-agenda\/\">Bride's Schedule<\/a><\/strong><\/p>\n<p><strong>Follow us on <a href=\"https:\/\/www.instagram.com\/miminhos.rita.catita\/\" target=\"_blank\" rel=\"noopener\">Instagram<\/a><\/strong><\/p>","protected":false},"excerpt":{"rendered":"<p>Cora\u00e7\u00f5es Personalizados Carro Casamento<\/p>\n<p>Dimens\u00e3o:20x20cm<br \/>\n(N\u00e3o Danifica a Pintura)<\/p>\n<p>Escolha a cor do vinil de acordo com as cores da sua cerim\u00f3nia!<\/p>\n<p>&nbsp;<\/p>\n<p>&nbsp;<\/p>\n<p>&nbsp;<\/p>\n<p>&nbsp;<\/p>\n<p>&nbsp;<\/p>\n<p>&nbsp;<\/p>\n<p>&nbsp;<\/p>","protected":false},"featured_media":39657,"template":"","meta":[],"product_brand":[],"product_cat":[600],"product_tag":[],"class_list":{"0":"post-5107","1":"product","2":"type-product","3":"status-publish","4":"has-post-thumbnail","6":"product_cat-decoracao-para-carros","8":"first","9":"instock","10":"taxable","11":"shipping-taxable","12":"purchasable","13":"product-type-simple"},"_links":{"self":[{"href":"https:\/\/miminhosritacatita.com\/en\/wp-json\/wp\/v2\/product\/5107","targetHints":{"allow":["GET"]}}],"collection":[{"href":"https:\/\/miminhosritacatita.com\/en\/wp-json\/wp\/v2\/product"}],"about":[{"href":"https:\/\/miminhosritacatita.com\/en\/wp-json\/wp\/v2\/types\/product"}],"wp:featuredmedia":[{"embeddable":true,"href":"https:\/\/miminhosritacatita.com\/en\/wp-json\/wp\/v2\/media\/39657"}],"wp:attachment":[{"href":"https:\/\/miminhosritacatita.com\/en\/wp-json\/wp\/v2\/media?parent=5107"}],"wp:term":[{"taxonomy":"product_brand","embeddable":true,"href":"https:\/\/miminhosritacatita.com\/en\/wp-json\/wp\/v2\/product_brand?post=5107"},{"taxonomy":"product_cat","embeddable":true,"href":"https:\/\/miminhosritacatita.com\/en\/wp-json\/wp\/v2\/product_cat?post=5107"},{"taxonomy":"product_tag","embeddable":true,"href":"https:\/\/miminhosritacatita.com\/en\/wp-json\/wp\/v2\/product_tag?post=5107"}],"curies":[{"name":"wp","href":"https:\/\/api.w.org\/{rel}","templated":true}]}}

Corações Personalizados Carro Casamento

<h1>Corações Personalizados Carro Casamento</h1>
<p>Corações Personalizados Carro Casamento</p>
<p>Dizem que o segredo está nos detalhes… E nós acreditamos! Na nossa loja os Corações são dos nossos detalhes favoritos.</p>
<p>Dos robes às ligas… Como serão os vossos Corações para Carro? Pense!, porque é aqui que o estilo pessoal vai brilhar!</p>
<p>Feitos com amor, os nossos Corações são feitos para cada cliente, ideia que resulta dos detalhes da sua história. Por isso, vamos já conta-la como ela é, pelas suas palavras.</p>
<p>Temos, na nossa loja, vários Acessórios de Carros, para vários preços e gostos, mantendo sempre a promessa de qualidade.</p>
<h2>Os Corações Personalizados Carro Casamento</h2>
<p>We understand that the credit for <b>Wedding</b> It's yours, but the mission is ours. And because of that, we create products tailored to each client's taste, always delivering quality, perfection, and good taste.</p>
<p>Também alugamos carros para o transporte dos noivos. Para saber o preço contacte-nos e informe:</p>
<ul>
<li>Data do Evento</li>
<li>Collection address</li>
<li>Morada da Igreja</li>
<li>Local da boda.</li>
</ul>
<p>Thus, we still have an inflatable and a slide available for rent. Therefore, request your quote by stating the date of the event and whether you wish to pick it up at our store or if you would like us to come to the event location for setup/disassembly.</p>
<p>Encontre aqui a resposta para todos os detalhes que farão o seu Casamento único, sendo os Corações Personalizados Carro Casamento a melhor opção. Dos quais Convites / Porta Alianças / Livros de Honra / Lembranças.</p>
<p>Mas também, as Cestas de Lembranças / e os Photo Booth / e os Cabides. Assim como Flutes / e Talheres / e os Balões / e os Sparklers / e Placas “Lá Vem a Noiva”.</p>
<p>Assim, encontre na Loja Online a resposta para todos os pormenores que farão a sua festa única, Corações Carro Vinil Casamento. Seja como for, entre em contacto connosco e faça já o seu orçamento.</p>
<p>Também temos Ramos de Noiva Artificiais / e os Ramos de Solteiras / e Caixas de Envelopes. E ainda, as Ofertas a Pais e Padrinhos / e as Argolas de Guardanapos/ e os Corações para Carro. Seja como for, peça já o seu orçamento.</p>
<p><strong>Veja Tb: <a href="https://miminhosritacatita.com/en/product/brides-agenda/">Bride's Schedule</a></strong></p>
<p><strong>Follow us on <a href="https://www.instagram.com/miminhos.rita.catita/" target="_blank" rel="noopener">Instagram</a></strong></p>

<p>Corações Personalizados Carro Casamento</p>
<p>Dimensão:20x20cm<br />
(Não Danifica a Pintura)</p>
<p>Escolha a cor do vinil de acordo com as cores da sua cerimónia!</p>
<p>&nbsp;</p>
<p>&nbsp;</p>
<p>&nbsp;</p>
<p>&nbsp;</p>
<p>&nbsp;</p>
<p>&nbsp;</p>
<p>&nbsp;</p>
