{"id":6732,"date":"2019-03-12T16:39:50","date_gmt":"2019-03-12T16:39:50","guid":{"rendered":"https:\/\/miminhosritacatita.com\/?post_type=product&#038;p=6732"},"modified":"2025-10-09T09:42:50","modified_gmt":"2025-10-09T09:42:50","slug":"convite-batismo-elegante-e-delicado","status":"publish","type":"product","link":"https:\/\/miminhosritacatita.com\/el\/batizado\/convites-de-batizado\/convite-batismo-elegante-e-delicado\/","title":{"rendered":"Convite Batismo Elegante e Delicado"},"content":{"rendered":"<h1>Convite Batismo Elegante e Delicado<\/h1>\n<p>Convite Batismo Elegante e Delicado<\/p>\n<p><b>O Batismo \u00e9<\/b> das mais importantes fases do crescimento do seu filho e est\u00e1 prestes a chegar. E estamos convencidos de que isso \u00e9 motivo para celebrar.<\/p>\n<p>Todos os detalhes contam, desde o nome do seu filho, \u00e0 data do nascimento, at\u00e9 \u00e0 lista de convidados! Porque vamos j\u00e1 come\u00e7ar a preparar o <b>\u0392\u03ac\u03c0\u03c4\u03b9\u03c3\u03b7<\/b> mais doce de sempre.<\/p>\n<p>Assim, entendemos que o m\u00e9rito pelo <b>\u0392\u03ac\u03c0\u03c4\u03b9\u03c3\u03b7<\/b> \u00e9 seu, mas que a miss\u00e3o \u00e9 nossa. E, por isso, criamos um convite de batizado \u00fanico e adaptado ao gosto de cada cliente, cumprindo sempre com a qualidade e perfei\u00e7\u00e3o e bom gosto.<\/p>\n<p>Portanto, feitos com amor, os nossos<strong> Convites de Batizado<\/strong> s\u00e3o feitos para cada cliente. Pois na altura em que nascem, todos os beb\u00e9s j\u00e1 tem a sua hist\u00f3ria.<\/p>\n<h2>O nosso Convite Batismo Elegante e Delicado<\/h2>\n<p>E, na Miminhos, j\u00e1 sabemos que os Convites de Batizado s\u00e3o um bom pretexto para contar a sua!<\/p>\n<p>Feitos com amor, os Convites de Batizado s\u00e3o feitos para cada cliente, ideia que resulta dos detalhes da sua hist\u00f3ria. Por isso, vamos j\u00e1 conta-la como ela \u00e9, pelas suas palavras.<\/p>\n<p>Temos convites de batizado de todas as formas e cores e materiais e tamb\u00e9m a todos os pre\u00e7os. Al\u00e9m disso, o nosso Convite Batizado Bola Acr\u00edlica, \u00e9 feito c\u00e1, j\u00e1 que \u00e9 o que nos d\u00e1 o controlo sobre o prazo de produ\u00e7\u00e3o.<\/p>\n<p>Compre j\u00e1 na Loja Online da Miminhos os produtos que far\u00e3o da sua festa, a melhor. Dos quais, Convite de batizado, Lembran\u00e7as de batizado, Conjuntos e Livros de Honra.<\/p>\n<p>E ainda,<\/p>\n<ul>\n<li>Placards<\/li>\n<li>Caixas de Envelopes<\/li>\n<li>Marcadores de Mesa<\/li>\n<li>Ementas e Cestas.<\/li>\n<\/ul>\n<p>\u0391\u03bb\u03bb\u03ac \u03ba\u03b1\u03b9 Baby Shower \u03ba\u03b1\u03b9 \u03a6\u03bf\u03c1\u03ad\u03bc\u03b1\u03c4\u03b1 \u03ba\u03b1\u03b9 \u039a\u03bf\u03c3\u03c4\u03bf\u03cd\u03bc\u03b9\u03b1 \u03ba\u03b1\u03b9 Cake Toppers. \u0388\u03c7\u03bf\u03c5\u03bc\u03b5 \u03b5\u03c0\u03af\u03c3\u03b7\u03c2 \u03ad\u03bd\u03b1 \u03c6\u03bf\u03c5\u03c3\u03ba\u03c9\u03c4\u03cc \u03ba\u03b1\u03b9 \u03bc\u03b9\u03b1 \u03c4\u03c3\u03bf\u03c5\u03bb\u03ae\u03b8\u03c1\u03b1 \u03b3\u03b9\u03b1 \u03bd\u03b1 \u03c4\u03b1 \u03bd\u03bf\u03b9\u03ba\u03b9\u03ac\u03c3\u03b5\u03c4\u03b5.<\/p>\n<p class=\"font_3\">Portanto, inspire-se no nosso trabalho e tenha j\u00e1 mais ideias de <strong>convites de<\/strong> <strong>\u03b2\u03ac\u03c0\u03c4\u03b9\u03c3\u03b7<\/strong>, \u03b1\u03c0\u03cc \u03c4\u03b9\u03c2 \u03c0\u03b9\u03bf \u03b1\u03c0\u03bb\u03ad\u03c2, \u03c4\u03b9\u03c2 \u03c0\u03b9\u03bf \u03ba\u03bf\u03bc\u03c8\u03ad\u03c2 \u03ba\u03b1\u03b9 \u03b5\u03c0\u03af\u03c3\u03b7\u03bc\u03b5\u03c2 \u03bc\u03ad\u03c7\u03c1\u03b9 \u03c4\u03b9\u03c2 \u03c0\u03b9\u03bf \u03b4\u03b9\u03b1\u03c3\u03ba\u03b5\u03b4\u03b1\u03c3\u03c4\u03b9\u03ba\u03ad\u03c2.<\/p>\n<p class=\"font_2\">Assim, combine j\u00e1 o design do seu Convite Batizado Bola Acr\u00edlica com o ambiente que quer apresentar aos seus convidados no dia.<\/p>\n<p class=\"font_3\">\u03a1\u03af\u03be\u03c4\u03b5 \u03bb\u03bf\u03b9\u03c0\u03cc\u03bd \u03bc\u03b9\u03b1 \u03bc\u03b1\u03c4\u03b9\u03ac \u03c0\u03b1\u03c1\u03b1\u03ba\u03ac\u03c4\u03c9 \u03c3\u03b5 \u03bc\u03b5\u03c1\u03b9\u03ba\u03bf\u03cd\u03c2 \u03b1\u03c0\u03cc \u03c4\u03bf\u03c5\u03c2 \u03c4\u03cd\u03c0\u03bf\u03c5\u03c2 \u03c4\u03c9\u03bd <strong>convites de batismo <\/strong>\u03b4\u03b7\u03bc\u03b9\u03bf\u03c5\u03c1\u03b3\u03ae\u03b8\u03b7\u03ba\u03b5 \u03c3\u03c4\u03bf \u03ba\u03b1\u03c4\u03ac\u03c3\u03c4\u03b7\u03bc\u03b1 Miminhos.<\/p>\n<p><strong>\u0392\u03bb\u03ad\u03c0\u03b5 \u03b5\u03c0\u03af\u03c3\u03b7\u03c2 <a href=\"https:\/\/miminhosritacatita.com\/el\/product-category\/batizados\/\">\u0386\u03c1\u03b8\u03c1\u03b1 \u03b3\u03b9\u03b1 \u03c4\u03b7 \u03b2\u03ac\u03c0\u03c4\u03b9\u03c3\u03b7<\/a><\/strong><\/p>\n<p><strong>Siga-nos no <a href=\"https:\/\/www.instagram.com\/miminhos.rita.catita\/\" target=\"_blank\" rel=\"noopener\">Instagram<\/a><\/strong><\/p>","protected":false},"excerpt":{"rendered":"<p>Convite Batismo Elegante e Delicado<\/p>\n<p>Dimens\u00e3o: 14 x 14cm<\/p>\n<p>Tom do Papel: Branco Metalizado<\/p>\n<p>Fita: Azul Beb\u00e9<\/p>","protected":false},"featured_media":37627,"template":"","meta":[],"product_brand":[],"product_cat":[858,859],"product_tag":[],"class_list":{"0":"post-6732","1":"product","2":"type-product","3":"status-publish","4":"has-post-thumbnail","6":"product_cat-batizado","7":"product_cat-convites-de-batizado","9":"first","10":"instock","11":"taxable","12":"shipping-taxable","13":"purchasable","14":"product-type-simple"},"_links":{"self":[{"href":"https:\/\/miminhosritacatita.com\/el\/wp-json\/wp\/v2\/product\/6732","targetHints":{"allow":["GET"]}}],"collection":[{"href":"https:\/\/miminhosritacatita.com\/el\/wp-json\/wp\/v2\/product"}],"about":[{"href":"https:\/\/miminhosritacatita.com\/el\/wp-json\/wp\/v2\/types\/product"}],"wp:featuredmedia":[{"embeddable":true,"href":"https:\/\/miminhosritacatita.com\/el\/wp-json\/wp\/v2\/media\/37627"}],"wp:attachment":[{"href":"https:\/\/miminhosritacatita.com\/el\/wp-json\/wp\/v2\/media?parent=6732"}],"wp:term":[{"taxonomy":"product_brand","embeddable":true,"href":"https:\/\/miminhosritacatita.com\/el\/wp-json\/wp\/v2\/product_brand?post=6732"},{"taxonomy":"product_cat","embeddable":true,"href":"https:\/\/miminhosritacatita.com\/el\/wp-json\/wp\/v2\/product_cat?post=6732"},{"taxonomy":"product_tag","embeddable":true,"href":"https:\/\/miminhosritacatita.com\/el\/wp-json\/wp\/v2\/product_tag?post=6732"}],"curies":[{"name":"wp","href":"https:\/\/api.w.org\/{rel}","templated":true}]}}

<h1>Convite Batismo Elegante e Delicado</h1>
<p>Convite Batismo Elegante e Delicado</p>
<p><b>O Batismo é</b> das mais importantes fases do crescimento do seu filho e está prestes a chegar. E estamos convencidos de que isso é motivo para celebrar.</p>
<p>Todos os detalhes contam, desde o nome do seu filho, à data do nascimento, até à lista de convidados! Porque vamos já começar a preparar o <b>Βάπτιση</b> mais doce de sempre.</p>
<p>Assim, entendemos que o mérito pelo <b>Βάπτιση</b> é seu, mas que a missão é nossa. E, por isso, criamos um convite de batizado único e adaptado ao gosto de cada cliente, cumprindo sempre com a qualidade e perfeição e bom gosto.</p>
<p>Portanto, feitos com amor, os nossos<strong> Convites de Batizado</strong> são feitos para cada cliente. Pois na altura em que nascem, todos os bebés já tem a sua história.</p>
<h2>O nosso Convite Batismo Elegante e Delicado</h2>
<p>E, na Miminhos, já sabemos que os Convites de Batizado são um bom pretexto para contar a sua!</p>
<p>Feitos com amor, os Convites de Batizado são feitos para cada cliente, ideia que resulta dos detalhes da sua história. Por isso, vamos já conta-la como ela é, pelas suas palavras.</p>
<p>Temos convites de batizado de todas as formas e cores e materiais e também a todos os preços. Além disso, o nosso Convite Batizado Bola Acrílica, é feito cá, já que é o que nos dá o controlo sobre o prazo de produção.</p>
<p>Compre já na Loja Online da Miminhos os produtos que farão da sua festa, a melhor. Dos quais, Convite de batizado, Lembranças de batizado, Conjuntos e Livros de Honra.</p>
<p>E ainda,</p>
<ul>
<li>Placards</li>
<li>Caixas de Envelopes</li>
<li>Marcadores de Mesa</li>
<li>Ementas e Cestas.</li>
</ul>
<p>Αλλά και Baby Shower και Φορέματα και Κοστούμια και Cake Toppers. Έχουμε επίσης ένα φουσκωτό και μια τσουλήθρα για να τα νοικιάσετε.</p>
<p class="font_3">Portanto, inspire-se no nosso trabalho e tenha já mais ideias de <strong>convites de</strong> <strong>βάπτιση</strong>, από τις πιο απλές, τις πιο κομψές και επίσημες μέχρι τις πιο διασκεδαστικές.</p>
<p class="font_2">Assim, combine já o design do seu Convite Batizado Bola Acrílica com o ambiente que quer apresentar aos seus convidados no dia.</p>
<p class="font_3">Ρίξτε λοιπόν μια ματιά παρακάτω σε μερικούς από τους τύπους των <strong>convites de batismo </strong>δημιουργήθηκε στο κατάστημα Miminhos.</p>
<p><strong>Βλέπε επίσης <a href="https://miminhosritacatita.com/el/product-category/batizados/">Άρθρα για τη βάπτιση</a></strong></p>
<p><strong>Siga-nos no <a href="https://www.instagram.com/miminhos.rita.catita/" target="_blank" rel="noopener">Instagram</a></strong></p>

<p>Convite Batismo Elegante e Delicado</p>
<p>Dimensão: 14 x 14cm</p>
<p>Tom do Papel: Branco Metalizado</p>
<p>Fita: Azul Bebé</p>
