{"id":64746,"date":"2025-10-07T16:07:39","date_gmt":"2025-10-07T16:07:39","guid":{"rendered":"https:\/\/miminhosritacatita.com\/?post_type=product&#038;p=64746"},"modified":"2025-11-05T10:58:23","modified_gmt":"2025-11-05T10:58:23","slug":"porta-aliancas-elegante-e-tematico","status":"publish","type":"product","link":"https:\/\/miminhosritacatita.com\/el\/casamento\/porta-aliancas\/porta-aliancas-elegante-e-tematico\/","title":{"rendered":"Porta Alian\u00e7as Elegante e Tem\u00e1tico"},"content":{"rendered":"<p>[vc_row content_text_aligment=&#8221;&#8221; use_row_as_full_screen_section=&#8221;no&#8221;][vc_column][vc_column_text css=&#8221;&#8221;]<\/p>\n<h1>Porta Alian\u00e7as Elegante e Tem\u00e1tico<\/h1>\n<p>Porta Alian\u00e7as Elegante e Tem\u00e1tico<\/p>\n<p>Dizem que o segredo est\u00e1 nos detalhes\u2026 E n\u00f3s acreditamos! Na nossa loja os Porta Alian\u00e7as s\u00e3o dos nossos detalhes favoritos.<\/p>\n<p>Dos robes \u00e0s ligas\u2026 Como ser\u00e1 o seu Porta Alian\u00e7as Bolas Flores? Pense!, porque \u00e9 aqui que o estilo pessoal vai brilhar!<\/p>\n<p>Feitos com amor, os nossos porta alian\u00e7as s\u00e3o feitos para cada cliente, ideia que resulta dos detalhes da sua hist\u00f3ria. Por isso, vamos j\u00e1 conta-la como ela \u00e9, pelas suas palavras.<\/p>\n<p>Temos, na nossa loja, v\u00e1rias Porta Alian\u00e7as para v\u00e1rios pre\u00e7os e gostos, mantendo sempre a promessa de qualidade.<\/p>\n<h2>Porta Alian\u00e7as Elegante e Tem\u00e1tico<\/h2>\n<p>Entendemos que o m\u00e9rito pelo <b>Casamento<\/b> \u00e9 seu, mas que a miss\u00e3o \u00e9 nossa. E, por isso, criamos produtos ajustados ao gosto de cada cliente, cumprindo sempre com a qualidade e perfei\u00e7\u00e3o e bom gosto.<\/p>\n<p>Assim, encontre na Loja Online a resposta para todos os pormenores que far\u00e3o a sua festa \u00fanica.<\/p>\n<p>Tamb\u00e9m alugamos carros para o transporte dos noivos. Para saber o pre\u00e7o contacte-nos e informe a data do Evento \/ a morada de recolha \/ a da Igreja \/ e a do local da boda.<\/p>\n<p>Assim, temos ainda para alugar um insufl\u00e1vel e um escorrega. Portanto, pe\u00e7a o seu or\u00e7amento dizendo em que dia ser\u00e1 o evento e se o deseja levantar em loja ou se pretende que nos desloquemos ao local do evento para a montagem \/ e a desmontagem.<\/p>\n<ul>\n<li>Encontre aqui a resposta para todos os detalhes que far\u00e3o o seu Casamento \u00fanico. Dos quais Convites \/ Porta Alian\u00e7as\u00a0 \/ Livros de Honra \/ Lembran\u00e7as. Mas tamb\u00e9m, as Cestas de Lembran\u00e7as \/ e os Photo Booth \/ e os Cabides. Assim como Flutes \/ e Talheres \/ e os Bal\u00f5es \/ e os Sparklers \/ e Placas \u201cL\u00e1 Vem a Noiva\u201d.<\/li>\n<\/ul>\n<p>Assim, Tamb\u00e9m temos Ramos de Noiva Artificiais \/ e os Ramos de Solteiras \/ e Caixas de Envelopes. E ainda, as Ofertas a Pais e Padrinhos \/ e as Argolas de Guardanapos\/ e as Ementas. Seja como for, encomenda j\u00e1 o seu porta alian\u00e7as connosco!<\/p>\n<p><strong>Veja Tamb\u00e9m: <a href=\"https:\/\/miminhosritacatita.com\/produto\/agenda-da-noiva\/\">Agenda da Noiva<\/a><\/strong><\/p>\n<p><strong>Visite o nosso <a href=\"https:\/\/www.instagram.com\/miminhos.rita.catita\/\" target=\"_blank\" rel=\"noopener\">Instagram<\/a><\/strong><\/p>\n<p>[\/vc_column_text][\/vc_column][\/vc_row]<\/p>\n","protected":false},"excerpt":{"rendered":"<p class=\"ai-optimize-30\">Porta Alian\u00e7as Elegante e Tem\u00e1tico<\/p>\n<p>M\u00e1scara de Veneza<\/p>\n<p class=\"ai-optimize-32\">\u039c\u03b9\u03b1 \u03b5\u03be\u03b1\u03b9\u03c1\u03b5\u03c4\u03b9\u03ba\u03ae \u03b9\u03b4\u03ad\u03b1 \u03b3\u03b9\u03b1 \u03bd\u03b1 \u03ba\u03ac\u03bd\u03b5\u03c4\u03b5 \u03c4\u03bf \u03b3\u03ac\u03bc\u03bf \u03c3\u03b1\u03c2 \u03b1\u03ba\u03cc\u03bc\u03b1 \u03c0\u03b9\u03bf \u03b1\u03be\u03ad\u03c7\u03b1\u03c3\u03c4\u03bf \u03ba\u03b1\u03b9 \u03bc\u03bf\u03bd\u03b1\u03b4\u03b9\u03ba\u03cc!<\/p>\n<p class=\"ai-optimize-33\">Encomende j\u00e1 o seu!<\/p>\n<p>&nbsp;<\/p>\n<p>&nbsp;<\/p>\n<p>&nbsp;<\/p>\n<p>&nbsp;<\/p>\n<p>&nbsp;<\/p>\n<p>&nbsp;<\/p>","protected":false},"featured_media":64745,"template":"","meta":[],"product_brand":[],"product_cat":[481],"product_tag":[],"class_list":{"0":"post-64746","1":"product","2":"type-product","3":"status-publish","4":"has-post-thumbnail","6":"product_cat-porta-aliancas","8":"first","9":"instock","10":"taxable","11":"shipping-taxable","12":"purchasable","13":"product-type-simple"},"_links":{"self":[{"href":"https:\/\/miminhosritacatita.com\/el\/wp-json\/wp\/v2\/product\/64746","targetHints":{"allow":["GET"]}}],"collection":[{"href":"https:\/\/miminhosritacatita.com\/el\/wp-json\/wp\/v2\/product"}],"about":[{"href":"https:\/\/miminhosritacatita.com\/el\/wp-json\/wp\/v2\/types\/product"}],"wp:featuredmedia":[{"embeddable":true,"href":"https:\/\/miminhosritacatita.com\/el\/wp-json\/wp\/v2\/media\/64745"}],"wp:attachment":[{"href":"https:\/\/miminhosritacatita.com\/el\/wp-json\/wp\/v2\/media?parent=64746"}],"wp:term":[{"taxonomy":"product_brand","embeddable":true,"href":"https:\/\/miminhosritacatita.com\/el\/wp-json\/wp\/v2\/product_brand?post=64746"},{"taxonomy":"product_cat","embeddable":true,"href":"https:\/\/miminhosritacatita.com\/el\/wp-json\/wp\/v2\/product_cat?post=64746"},{"taxonomy":"product_tag","embeddable":true,"href":"https:\/\/miminhosritacatita.com\/el\/wp-json\/wp\/v2\/product_tag?post=64746"}],"curies":[{"name":"wp","href":"https:\/\/api.w.org\/{rel}","templated":true}]}}

Porta Alianças Elegante e Temático

<p>[vc_row content_text_aligment=&#8221;&#8221; use_row_as_full_screen_section=&#8221;no&#8221;][vc_column][vc_column_text css=&#8221;&#8221;]</p>
<h1>Porta Alianças Elegante e Temático</h1>
<p>Porta Alianças Elegante e Temático</p>
<p>Dizem que o segredo está nos detalhes… E nós acreditamos! Na nossa loja os Porta Alianças são dos nossos detalhes favoritos.</p>
<p>Dos robes às ligas… Como será o seu Porta Alianças Bolas Flores? Pense!, porque é aqui que o estilo pessoal vai brilhar!</p>
<p>Feitos com amor, os nossos porta alianças são feitos para cada cliente, ideia que resulta dos detalhes da sua história. Por isso, vamos já conta-la como ela é, pelas suas palavras.</p>
<p>Temos, na nossa loja, várias Porta Alianças para vários preços e gostos, mantendo sempre a promessa de qualidade.</p>
<h2>Porta Alianças Elegante e Temático</h2>
<p>Entendemos que o mérito pelo <b>Casamento</b> é seu, mas que a missão é nossa. E, por isso, criamos produtos ajustados ao gosto de cada cliente, cumprindo sempre com a qualidade e perfeição e bom gosto.</p>
<p>Assim, encontre na Loja Online a resposta para todos os pormenores que farão a sua festa única.</p>
<p>Também alugamos carros para o transporte dos noivos. Para saber o preço contacte-nos e informe a data do Evento / a morada de recolha / a da Igreja / e a do local da boda.</p>
<p>Assim, temos ainda para alugar um insuflável e um escorrega. Portanto, peça o seu orçamento dizendo em que dia será o evento e se o deseja levantar em loja ou se pretende que nos desloquemos ao local do evento para a montagem / e a desmontagem.</p>
<ul>
<li>Encontre aqui a resposta para todos os detalhes que farão o seu Casamento único. Dos quais Convites / Porta Alianças  / Livros de Honra / Lembranças. Mas também, as Cestas de Lembranças / e os Photo Booth / e os Cabides. Assim como Flutes / e Talheres / e os Balões / e os Sparklers / e Placas “Lá Vem a Noiva”.</li>
</ul>
<p>Assim, Também temos Ramos de Noiva Artificiais / e os Ramos de Solteiras / e Caixas de Envelopes. E ainda, as Ofertas a Pais e Padrinhos / e as Argolas de Guardanapos/ e as Ementas. Seja como for, encomenda já o seu porta alianças connosco!</p>
<p><strong>Veja Também: <a href="https://miminhosritacatita.com/produto/agenda-da-noiva/">Agenda da Noiva</a></strong></p>
<p><strong>Visite o nosso <a href="https://www.instagram.com/miminhos.rita.catita/" target="_blank" rel="noopener">Instagram</a></strong></p>
<p>[/vc_column_text][/vc_column][/vc_row]</p>

<p class="ai-optimize-30">Porta Alianças Elegante e Temático</p>
<p>Máscara de Veneza</p>
<p class="ai-optimize-32">Μια εξαιρετική ιδέα για να κάνετε το γάμο σας ακόμα πιο αξέχαστο και μοναδικό!</p>
<p class="ai-optimize-33">Encomende já o seu!</p>
<p>&nbsp;</p>
<p>&nbsp;</p>
<p>&nbsp;</p>
<p>&nbsp;</p>
<p>&nbsp;</p>
<p>&nbsp;</p>
