{"id":40772,"date":"2023-06-30T09:53:39","date_gmt":"2023-06-30T09:53:39","guid":{"rendered":"https:\/\/miminhosritacatita.com\/?post_type=product&#038;p=40772"},"modified":"2024-12-24T14:16:48","modified_gmt":"2024-12-24T14:16:48","slug":"marcador-lugar-lembranca-a-noiva-sou-eu","status":"publish","type":"product","link":"https:\/\/miminhosritacatita.com\/el\/casamento\/marcadores-de-lugar\/marcador-lugar-lembranca-a-noiva-sou-eu\/","title":{"rendered":"Marcador Lugar Lembran\u00e7a &#8216;A Noiva Sou Eu&#8217;"},"content":{"rendered":"<h2>Marcador Lugar Lembran\u00e7a &#8216;A Noiva Sou Eu&#8217;<\/h2>\n<p>Marcador Lugar Lembran\u00e7a &#8216;A Noiva Sou Eu&#8217;<\/p>\n<p>Dizem que o segredo est\u00e1 nos detalhes\u2026 E n\u00f3s acreditamos! Na nossa loja os Marcador Lugar Lembran\u00e7a &#8216;A Noiva Sou Eu&#8217; s\u00e3o dos nossos detalhes favoritos.<\/p>\n<p>Dos robes \u00e0s ligas\u2026 Como ser\u00e1 o seu Marcador de Lugar de Casamento? Pense!, porque \u00e9 aqui que o estilo pessoal vai brilhar!<\/p>\n<p>Feitos com amor, os nossos Marcadores de Lugar de Casamento s\u00e3o feitos para cada cliente, ideia que resulta dos detalhes da sua hist\u00f3ria. Por isso, vamos j\u00e1 conta-la como ela \u00e9, pelas suas palavras.<\/p>\n<p>Temos, na nossa loja, v\u00e1rios Marcadores de Lugar de Casamento para v\u00e1rios pre\u00e7os e gostos, mantendo sempre a promessa de qualidade.<\/p>\n<h4>O Marcador Lugar Lembran\u00e7a &#8216;A Noiva Sou Eu&#8217; \u00e9 Top!<\/h4>\n<p>\u03a0\u03b9\u03c3\u03c4\u03b5\u03cd\u03bf\u03c5\u03bc\u03b5 \u03cc\u03c4\u03b9 \u03c4\u03bf \u03c0\u03bb\u03b5\u03bf\u03bd\u03ad\u03ba\u03c4\u03b7\u03bc\u03b1 \u03b3\u03b9\u03b1 <b>\u0393\u03ac\u03bc\u03bf\u03c2<\/b> \u00e9 seu, mas que a miss\u00e3o \u00e9 nossa. E, por isso, criamos produtos ajustados ao gosto de cada cliente, cumprindo sempre com a qualidade e perfei\u00e7\u00e3o e bom gosto.<\/p>\n<p>Assim, encontre na Loja Online a resposta para todos os pormenores que far\u00e3o a sua festa \u00fanica, como os nossos marcadores de lugar.<\/p>\n<p>Tamb\u00e9m alugamos carros para o transporte dos noivos. Para saber o pre\u00e7o contacte-nos e informe a data do Evento \/ a morada de recolha \/ a da Igreja \/ e a do local da boda.<\/p>\n<p>Assim, temos ainda para alugar um insufl\u00e1vel e um escorrega. Portanto, pe\u00e7a o seu or\u00e7amento dizendo em que dia ser\u00e1 o evento e se o deseja levantar em loja ou se pretende que nos desloquemos ao local do evento para a montagem \/ e desmontagem.<\/p>\n<p>Assim, encontre aqui a resposta para todos os detalhes que far\u00e3o o seu Casamento \u00fanico. Portanto dos quais Marcadores de lugar para convidados \/ Convites de Casamento \/ Porta Alian\u00e7as \/ Lembran\u00e7as de Casamento.<\/p>\n<ul>\n<li>Mas tamb\u00e9m, as Cestas de Lembran\u00e7as \/ e os Photo Booth \/ e os Cabides. Assim como Flutes \/ e Talheres \/ e os Bal\u00f5es \/ e os Sparklers \/ e Placas \u201cL\u00e1 Vem a Noiva\u201d. Caixa Cart\u00f5es Honra<\/li>\n<\/ul>\n<p>Tamb\u00e9m temos Esferogr\u00e1fica Pluma Livro Casamento \/ e os Ramos de Solteiras \/ e Caixas de Envelopes. E ainda, as Ofertas a Pais e Padrinhos \/ e as Argolas de Guardanapos\/ e as Ementas.<\/p>\n<p><strong>\u0394\u03b5\u03af\u03c4\u03b5 \u03b5\u03c0\u03af\u03c3\u03b7\u03c2: <a href=\"https:\/\/miminhosritacatita.com\/el\/product\/agenda-da-noiva\/\">\u0397\u03bc\u03b5\u03c1\u03bf\u03bb\u03cc\u03b3\u03b9\u03bf \u03bd\u03cd\u03c6\u03b7\u03c2<\/a><\/strong><\/p>\n<p><strong>Visite o N\/ Facebook:<\/strong> <a href=\"https:\/\/www.facebook.com\/pg\/miminhos.ritacatita\/photos\/?tab=albums\" target=\"_blank\" rel=\"noopener\">Miminhos Rita Catita<\/a><\/p>\n<p>&nbsp;<\/p>","protected":false},"excerpt":{"rendered":"<p>Marcador Lugar Lembran\u00e7a &#8216;A Noiva Sou Eu&#8217;<\/p>\n<p>Veja no link abaixo o marcador de mesa que combina com esta pe\u00e7a:<\/p>\n<p><a href=\"https:\/\/miminhosritacatita.com\/el\/colecao-a-noiva-sou-eu\/marcador-e-ementa-a-noiva-sou-eu\/\" target=\"_blank\" rel=\"noopener\">https:\/\/miminhosritacatita.com\/colecao-a-noiva-sou-eu\/marcador-e-ementa-a-noiva-sou-eu\/<\/a><\/p>\n<p>&nbsp;<\/p>\n<p>&nbsp;<\/p>","protected":false},"featured_media":40957,"template":"","meta":[],"product_brand":[],"product_cat":[1173,1177],"product_tag":[],"class_list":{"0":"post-40772","1":"product","2":"type-product","3":"status-publish","4":"has-post-thumbnail","6":"product_cat-marcadores-de-lugar-a-noiva","7":"product_cat-marcadores-de-lugar","9":"first","10":"instock","11":"featured","12":"taxable","13":"shipping-taxable","14":"purchasable","15":"product-type-simple"},"_links":{"self":[{"href":"https:\/\/miminhosritacatita.com\/el\/wp-json\/wp\/v2\/product\/40772","targetHints":{"allow":["GET"]}}],"collection":[{"href":"https:\/\/miminhosritacatita.com\/el\/wp-json\/wp\/v2\/product"}],"about":[{"href":"https:\/\/miminhosritacatita.com\/el\/wp-json\/wp\/v2\/types\/product"}],"wp:featuredmedia":[{"embeddable":true,"href":"https:\/\/miminhosritacatita.com\/el\/wp-json\/wp\/v2\/media\/40957"}],"wp:attachment":[{"href":"https:\/\/miminhosritacatita.com\/el\/wp-json\/wp\/v2\/media?parent=40772"}],"wp:term":[{"taxonomy":"product_brand","embeddable":true,"href":"https:\/\/miminhosritacatita.com\/el\/wp-json\/wp\/v2\/product_brand?post=40772"},{"taxonomy":"product_cat","embeddable":true,"href":"https:\/\/miminhosritacatita.com\/el\/wp-json\/wp\/v2\/product_cat?post=40772"},{"taxonomy":"product_tag","embeddable":true,"href":"https:\/\/miminhosritacatita.com\/el\/wp-json\/wp\/v2\/product_tag?post=40772"}],"curies":[{"name":"wp","href":"https:\/\/api.w.org\/{rel}","templated":true}]}}

Marcador Lugar Lembrança &#8216;A Noiva Sou Eu&#8217;

<h2>Marcador Lugar Lembrança &#8216;A Noiva Sou Eu&#8217;</h2>
<p>Marcador Lugar Lembrança &#8216;A Noiva Sou Eu&#8217;</p>
<p>Dizem que o segredo está nos detalhes… E nós acreditamos! Na nossa loja os Marcador Lugar Lembrança &#8216;A Noiva Sou Eu&#8217; são dos nossos detalhes favoritos.</p>
<p>Dos robes às ligas… Como será o seu Marcador de Lugar de Casamento? Pense!, porque é aqui que o estilo pessoal vai brilhar!</p>
<p>Feitos com amor, os nossos Marcadores de Lugar de Casamento são feitos para cada cliente, ideia que resulta dos detalhes da sua história. Por isso, vamos já conta-la como ela é, pelas suas palavras.</p>
<p>Temos, na nossa loja, vários Marcadores de Lugar de Casamento para vários preços e gostos, mantendo sempre a promessa de qualidade.</p>
<h4>O Marcador Lugar Lembrança &#8216;A Noiva Sou Eu&#8217; é Top!</h4>
<p>Πιστεύουμε ότι το πλεονέκτημα για <b>Γάμος</b> é seu, mas que a missão é nossa. E, por isso, criamos produtos ajustados ao gosto de cada cliente, cumprindo sempre com a qualidade e perfeição e bom gosto.</p>
<p>Assim, encontre na Loja Online a resposta para todos os pormenores que farão a sua festa única, como os nossos marcadores de lugar.</p>
<p>Também alugamos carros para o transporte dos noivos. Para saber o preço contacte-nos e informe a data do Evento / a morada de recolha / a da Igreja / e a do local da boda.</p>
<p>Assim, temos ainda para alugar um insuflável e um escorrega. Portanto, peça o seu orçamento dizendo em que dia será o evento e se o deseja levantar em loja ou se pretende que nos desloquemos ao local do evento para a montagem / e desmontagem.</p>
<p>Assim, encontre aqui a resposta para todos os detalhes que farão o seu Casamento único. Portanto dos quais Marcadores de lugar para convidados / Convites de Casamento / Porta Alianças / Lembranças de Casamento.</p>
<ul>
<li>Mas também, as Cestas de Lembranças / e os Photo Booth / e os Cabides. Assim como Flutes / e Talheres / e os Balões / e os Sparklers / e Placas “Lá Vem a Noiva”. Caixa Cartões Honra</li>
</ul>
<p>Também temos Esferográfica Pluma Livro Casamento / e os Ramos de Solteiras / e Caixas de Envelopes. E ainda, as Ofertas a Pais e Padrinhos / e as Argolas de Guardanapos/ e as Ementas.</p>
<p><strong>Δείτε επίσης: <a href="https://miminhosritacatita.com/el/product/agenda-da-noiva/">Ημερολόγιο νύφης</a></strong></p>
<p><strong>Visite o N/ Facebook:</strong> <a href="https://www.facebook.com/pg/miminhos.ritacatita/photos/?tab=albums" target="_blank" rel="noopener">Miminhos Rita Catita</a></p>
<p>&nbsp;</p>

<p>Marcador Lugar Lembrança &#8216;A Noiva Sou Eu&#8217;</p>
<p>Veja no link abaixo o marcador de mesa que combina com esta peça:</p>
<p><a href="https://miminhosritacatita.com/el/colecao-a-noiva-sou-eu/marcador-e-ementa-a-noiva-sou-eu/" target="_blank" rel="noopener">https://miminhosritacatita.com/colecao-a-noiva-sou-eu/marcador-e-ementa-a-noiva-sou-eu/</a></p>
<p>&nbsp;</p>
<p>&nbsp;</p>
