{"id":38393,"date":"2023-04-14T09:55:06","date_gmt":"2023-04-14T09:55:06","guid":{"rendered":"https:\/\/miminhosritacatita.com\/?post_type=product&#038;p=38393"},"modified":"2026-03-12T17:48:59","modified_gmt":"2026-03-12T17:48:59","slug":"vela-batismo-azul-bebe","status":"publish","type":"product","link":"https:\/\/miminhosritacatita.com\/el\/batizado\/acessorios-de-batizado\/velas-de-batizado\/vela-batismo-azul-bebe\/","title":{"rendered":"Vela Batismo Azul Beb\u00e9"},"content":{"rendered":"<h1>Vela Batismo Azul Beb\u00e9<\/h1>\n<p>Vela Batismo Azul Beb\u00e9<\/p>\n<p>\u0397 \u03b2\u03ac\u03c0\u03c4\u03b9\u03c3\u03b7 \u03b5\u03af\u03bd\u03b1\u03b9 \u03ad\u03bd\u03b1 \u03b1\u03c0\u03cc \u03c4\u03b1 \u03c0\u03b9\u03bf \u03c3\u03b7\u03bc\u03b1\u03bd\u03c4\u03b9\u03ba\u03ac \u03c3\u03c4\u03ac\u03b4\u03b9\u03b1 \u03c3\u03c4\u03b7\u03bd \u03b1\u03bd\u03ac\u03c0\u03c4\u03c5\u03be\u03b7 \u03c4\u03bf\u03c5 \u03c0\u03b1\u03b9\u03b4\u03b9\u03bf\u03cd \u03c3\u03b1\u03c2 \u03ba\u03b1\u03b9 \u03b2\u03c1\u03af\u03c3\u03ba\u03b5\u03c4\u03b1\u03b9 \u03c0\u03c1\u03bf \u03c4\u03c9\u03bd \u03c0\u03c5\u03bb\u03ce\u03bd. \u039a\u03b1\u03b9 \u03b5\u03af\u03bc\u03b1\u03c3\u03c4\u03b5 \u03c0\u03b5\u03c0\u03b5\u03b9\u03c3\u03bc\u03ad\u03bd\u03bf\u03b9 \u03cc\u03c4\u03b9 \u03b1\u03c5\u03c4\u03cc\u03c2 \u03b5\u03af\u03bd\u03b1\u03b9 \u03ad\u03bd\u03b1\u03c2 \u03bb\u03cc\u03b3\u03bf\u03c2 \u03b3\u03b9\u03b1 \u03bd\u03b1 \u03b3\u03b9\u03bf\u03c1\u03c4\u03ac\u03c3\u03bf\u03c5\u03bc\u03b5.<\/p>\n<p>Todos os detalhes contam, desde o nome do seu filho, \u00e0 data do nascimento, at\u00e9 \u00e0 lista de convidados! Porque vamos j\u00e1 come\u00e7ar a preparar o Batizado mais doce de sempre.<\/p>\n<p>Entendemos que o m\u00e9rito pelo Batismo \u00e9 seu, mas que a miss\u00e3o \u00e9 nossa. E, por isso, criamos um conjunto de batizado, \u00fanico e adaptado ao gosto de cada cliente, cumprindo sempre com a qualidade e perfei\u00e7\u00e3o e bom gosto.<\/p>\n<p>Feitos com amor, as nossas Caixas de Batismo s\u00e3o feitos para cada cliente e podem conter: caixa de batizado, vela de batizado, toalha de batizado, babete de batizado, concha de batizado e chuca de batizado. Pois na altura em que nascem, todos os beb\u00e9s j\u00e1 tem a sua hist\u00f3ria.<\/p>\n<h2>\u00a0Vela Batismo Azul Beb\u00e9<\/h2>\n<p>\u039a\u03b1\u03b9 \u03c3\u03c4\u03bf Miminhos, \u03b3\u03bd\u03c9\u03c1\u03af\u03b6\u03bf\u03c5\u03bc\u03b5 \u03ae\u03b4\u03b7 \u03cc\u03c4\u03b9 \u03c4\u03b1 \u03ba\u03b5\u03c1\u03b9\u03ac \u03b5\u03af\u03bd\u03b1\u03b9 \u03bc\u03b9\u03b1 \u03ba\u03b1\u03bb\u03ae \u03b1\u03c6\u03bf\u03c1\u03bc\u03ae \u03b3\u03b9\u03b1 \u03bd\u03b1 \u03c0\u03b5\u03af\u03c4\u03b5 \u03c4\u03b7\u03bd \u03b9\u03c3\u03c4\u03bf\u03c1\u03af\u03b1 \u03c3\u03b1\u03c2!<\/p>\n<p>Feitos com amor, as Caixas de Batizado s\u00e3o feitos para cada cliente, ideia que resulta dos detalhes da sua hist\u00f3ria. Por isso, vamos j\u00e1 conta-la como ela \u00e9, pelas suas palavras.<\/p>\n<p>Seja como for, temos conjuntos de todas as formas e cores e materiais e tamb\u00e9m a todos os pre\u00e7os. Al\u00e9m disso, a nossa Vela Batismo Azul Beb\u00e9 \u00e9 feita c\u00e1, j\u00e1 que \u00e9 o que nos d\u00e1 o controlo sobre o prazo de produ\u00e7\u00e3o.<\/p>\n<p>Compre j\u00e1 na Loja Online da Miminhos os produtos que far\u00e3o da sua festa de batizado, a melhor. Dos quais, Convites e Lembran\u00e7as e Conjuntos e Livros de Honra.<\/p>\n<ul>\n<li>\u039a\u03b1\u03b9 \u03b5\u03c0\u03af\u03c3\u03b7\u03c2 \u03c0\u03bb\u03b1\u03ba\u03ac\u03c4 \u03ba\u03b1\u03b9 \u03ba\u03bf\u03c5\u03c4\u03b9\u03ac \u03c6\u03b1\u03ba\u03ad\u03bb\u03c9\u03bd \u03ba\u03b1\u03b9 \u03bc\u03b1\u03c1\u03ba\u03b1\u03b4\u03cc\u03c1\u03bf\u03c5\u03c2 \u03c4\u03c1\u03b1\u03c0\u03b5\u03b6\u03b9\u03ce\u03bd \u03ba\u03b1\u03b9 \u03bc\u03b5\u03bd\u03bf\u03cd \u03ba\u03b1\u03b9 \u03ba\u03b1\u03bb\u03ac\u03b8\u03b9\u03b1.<\/li>\n<\/ul>\n<ul>\n<li><strong>Velas de Batizado, Velas de Batismo, Velas Batizado, Vela de Batizado, Vela de Batismo, Vela Batizado, Vela Batismo<\/strong><\/li>\n<\/ul>\n<p>\u0391\u03bb\u03bb\u03ac \u03ba\u03b1\u03b9 Baby Shower \u03ba\u03b1\u03b9 \u03a6\u03bf\u03c1\u03ad\u03bc\u03b1\u03c4\u03b1 \u03ba\u03b1\u03b9 \u039a\u03bf\u03c3\u03c4\u03bf\u03cd\u03bc\u03b9\u03b1 \u03ba\u03b1\u03b9 Cake Toppers. \u0388\u03c7\u03bf\u03c5\u03bc\u03b5 \u03b5\u03c0\u03af\u03c3\u03b7\u03c2 \u03ad\u03bd\u03b1 \u03c6\u03bf\u03c5\u03c3\u03ba\u03c9\u03c4\u03cc \u03ba\u03b1\u03b9 \u03bc\u03b9\u03b1 \u03c4\u03c3\u03bf\u03c5\u03bb\u03ae\u03b8\u03c1\u03b1 \u03b3\u03b9\u03b1 \u03bd\u03b1 \u03c4\u03b1 \u03bd\u03bf\u03b9\u03ba\u03b9\u03ac\u03c3\u03b5\u03c4\u03b5.<\/p>\n<p class=\"font_3\">Assim, inspire-se no nosso trabalho e tenha j\u00e1 mais ideias de <strong>\u03b2\u03ac\u03c0\u03c4\u03b9\u03c3\u03b7<\/strong>, \u03b1\u03c0\u03cc \u03c4\u03b9\u03c2 \u03c0\u03b9\u03bf \u03b1\u03c0\u03bb\u03ad\u03c2, \u03c4\u03b9\u03c2 \u03c0\u03b9\u03bf \u03ba\u03bf\u03bc\u03c8\u03ad\u03c2 \u03ba\u03b1\u03b9 \u03b5\u03c0\u03af\u03c3\u03b7\u03bc\u03b5\u03c2 \u03bc\u03ad\u03c7\u03c1\u03b9 \u03c4\u03b9\u03c2 \u03c0\u03b9\u03bf \u03b4\u03b9\u03b1\u03c3\u03ba\u03b5\u03b4\u03b1\u03c3\u03c4\u03b9\u03ba\u03ad\u03c2.<\/p>\n<p class=\"font_2\">Assim, combine j\u00e1 o design da sua Vela Batismo Azul Beb\u00e9 com o ambiente que quer apresentar aos seus convidados no dia.<\/p>\n<p class=\"font_3\">Portanto, veja j\u00e1, em baixo alguns tipos de caixas de batizado e vela de batizado criados na loja da Miminhos.\u200b<\/p>\n<p><strong>\u0392\u03bb\u03ad\u03c0\u03b5 \u03b5\u03c0\u03af\u03c3\u03b7\u03c2 <a href=\"https:\/\/miminhosritacatita.com\/el\/product-category\/batizados\/\">\u0386\u03c1\u03b8\u03c1\u03b1 \u03b3\u03b9\u03b1 \u03c4\u03b7 \u03b2\u03ac\u03c0\u03c4\u03b9\u03c3\u03b7<\/a><\/strong><\/p>\n<p><strong>\u0395\u03c0\u03b9\u03c3\u03ba\u03b5\u03c6\u03b8\u03b5\u03af\u03c4\u03b5 \u03c4\u03bf <a href=\"https:\/\/www.instagram.com\/miminhos.rita.catita\/\" target=\"_blank\" rel=\"noopener\">Instagram<\/a><\/strong><\/p>\n<p>&nbsp;<\/p>","protected":false},"excerpt":{"rendered":"<p>Vela Batismo Azul Beb\u00e9<\/p>\n<div id=\"id_5c950a852167d8377006006\" class=\"text_exposed_root text_exposed\"><span class=\"text_exposed_show\">Vela com medalha &#8211; 30\u20ac<\/span><\/div>\n<div>Concha com medalha &#8211; 17,50\u20ac<\/div>\n<div>Toalha bordada &#8211; 40\u20ac<\/div>\n<div>Caixa &#8211; 50\u20ac<\/div>\n<div>Impress\u00e3o na caixa &#8211; 7,50\u20ac<\/div>\n<div><\/div>\n<div>Dimens\u00e3o da caixa: 35 x 22 x 5,5cm<\/div>\n<p>&nbsp;<\/p>\n<p>Para altera\u00e7\u00f5es \u00e0s cores, indicar nas notas.<\/p>","protected":false},"featured_media":62310,"template":"","meta":[],"product_brand":[],"product_cat":[970],"product_tag":[],"class_list":{"0":"post-38393","1":"product","2":"type-product","3":"status-publish","4":"has-post-thumbnail","6":"product_cat-velas-de-batizado","8":"first","9":"instock","10":"taxable","11":"shipping-taxable","12":"purchasable","13":"product-type-simple"},"_links":{"self":[{"href":"https:\/\/miminhosritacatita.com\/el\/wp-json\/wp\/v2\/product\/38393","targetHints":{"allow":["GET"]}}],"collection":[{"href":"https:\/\/miminhosritacatita.com\/el\/wp-json\/wp\/v2\/product"}],"about":[{"href":"https:\/\/miminhosritacatita.com\/el\/wp-json\/wp\/v2\/types\/product"}],"wp:featuredmedia":[{"embeddable":true,"href":"https:\/\/miminhosritacatita.com\/el\/wp-json\/wp\/v2\/media\/62310"}],"wp:attachment":[{"href":"https:\/\/miminhosritacatita.com\/el\/wp-json\/wp\/v2\/media?parent=38393"}],"wp:term":[{"taxonomy":"product_brand","embeddable":true,"href":"https:\/\/miminhosritacatita.com\/el\/wp-json\/wp\/v2\/product_brand?post=38393"},{"taxonomy":"product_cat","embeddable":true,"href":"https:\/\/miminhosritacatita.com\/el\/wp-json\/wp\/v2\/product_cat?post=38393"},{"taxonomy":"product_tag","embeddable":true,"href":"https:\/\/miminhosritacatita.com\/el\/wp-json\/wp\/v2\/product_tag?post=38393"}],"curies":[{"name":"wp","href":"https:\/\/api.w.org\/{rel}","templated":true}]}}

Vela Batismo Azul Bebé

<h1>Vela Batismo Azul Bebé</h1>
<p>Vela Batismo Azul Bebé</p>
<p>Η βάπτιση είναι ένα από τα πιο σημαντικά στάδια στην ανάπτυξη του παιδιού σας και βρίσκεται προ των πυλών. Και είμαστε πεπεισμένοι ότι αυτός είναι ένας λόγος για να γιορτάσουμε.</p>
<p>Todos os detalhes contam, desde o nome do seu filho, à data do nascimento, até à lista de convidados! Porque vamos já começar a preparar o Batizado mais doce de sempre.</p>
<p>Entendemos que o mérito pelo Batismo é seu, mas que a missão é nossa. E, por isso, criamos um conjunto de batizado, único e adaptado ao gosto de cada cliente, cumprindo sempre com a qualidade e perfeição e bom gosto.</p>
<p>Feitos com amor, as nossas Caixas de Batismo são feitos para cada cliente e podem conter: caixa de batizado, vela de batizado, toalha de batizado, babete de batizado, concha de batizado e chuca de batizado. Pois na altura em que nascem, todos os bebés já tem a sua história.</p>
<h2> Vela Batismo Azul Bebé</h2>
<p>Και στο Miminhos, γνωρίζουμε ήδη ότι τα κεριά είναι μια καλή αφορμή για να πείτε την ιστορία σας!</p>
<p>Feitos com amor, as Caixas de Batizado são feitos para cada cliente, ideia que resulta dos detalhes da sua história. Por isso, vamos já conta-la como ela é, pelas suas palavras.</p>
<p>Seja como for, temos conjuntos de todas as formas e cores e materiais e também a todos os preços. Além disso, a nossa Vela Batismo Azul Bebé é feita cá, já que é o que nos dá o controlo sobre o prazo de produção.</p>
<p>Compre já na Loja Online da Miminhos os produtos que farão da sua festa de batizado, a melhor. Dos quais, Convites e Lembranças e Conjuntos e Livros de Honra.</p>
<ul>
<li>Και επίσης πλακάτ και κουτιά φακέλων και μαρκαδόρους τραπεζιών και μενού και καλάθια.</li>
</ul>
<ul>
<li><strong>Velas de Batizado, Velas de Batismo, Velas Batizado, Vela de Batizado, Vela de Batismo, Vela Batizado, Vela Batismo</strong></li>
</ul>
<p>Αλλά και Baby Shower και Φορέματα και Κοστούμια και Cake Toppers. Έχουμε επίσης ένα φουσκωτό και μια τσουλήθρα για να τα νοικιάσετε.</p>
<p class="font_3">Assim, inspire-se no nosso trabalho e tenha já mais ideias de <strong>βάπτιση</strong>, από τις πιο απλές, τις πιο κομψές και επίσημες μέχρι τις πιο διασκεδαστικές.</p>
<p class="font_2">Assim, combine já o design da sua Vela Batismo Azul Bebé com o ambiente que quer apresentar aos seus convidados no dia.</p>
<p class="font_3">Portanto, veja já, em baixo alguns tipos de caixas de batizado e vela de batizado criados na loja da Miminhos.​</p>
<p><strong>Βλέπε επίσης <a href="https://miminhosritacatita.com/el/product-category/batizados/">Άρθρα για τη βάπτιση</a></strong></p>
<p><strong>Επισκεφθείτε το <a href="https://www.instagram.com/miminhos.rita.catita/" target="_blank" rel="noopener">Instagram</a></strong></p>
<p>&nbsp;</p>

<p>Vela Batismo Azul Bebé</p>
<div id="id_5c950a852167d8377006006" class="text_exposed_root text_exposed"><span class="text_exposed_show">Vela com medalha &#8211; 30€</span></div>
<div>Concha com medalha &#8211; 17,50€</div>
<div>Toalha bordada &#8211; 40€</div>
<div>Caixa &#8211; 50€</div>
<div>Impressão na caixa &#8211; 7,50€</div>
<div></div>
<div>Dimensão da caixa: 35 x 22 x 5,5cm</div>
<p>&nbsp;</p>
<p>Para alterações às cores, indicar nas notas.</p>
