{"id":43943,"date":"2024-02-02T09:57:29","date_gmt":"2024-02-02T09:57:29","guid":{"rendered":"https:\/\/miminhosritacatita.com\/?post_type=product&#038;p=43943"},"modified":"2026-03-27T09:48:45","modified_gmt":"2026-03-27T09:48:45","slug":"agenda-noiva-preto-branco-standard","status":"publish","type":"product","link":"https:\/\/miminhosritacatita.com\/de\/agendas\/agenda-noiva-preto-branco-standard\/","title":{"rendered":"Tagebuch der Braut Schwarz-wei\u00df Standard"},"content":{"rendered":"<h1>Tagebuch der Braut Schwarz-wei\u00df Standard<\/h1>\n<p>Tagebuch der Braut Schwarz-wei\u00df Standard<\/p>\n<p>Also, wenn ihr genauso verr\u00fcckt nach Details seid wie wir, dann mit der <strong>Braut-Agenda<\/strong> Sie werden den Verstand verlieren.<\/p>\n<p>(Fast) alles beginnt hier, und das ist das (zweit)beste daran: das Planen, aber auch die Freude an der Zubereitung.<\/p>\n<p>Der personalisierte Braut-Terminkalender geh\u00f6rt also Ihnen, aber das Versprechen geben wir \u2013 deshalb sind unsere <strong>Terminkalender f\u00fcr die Braut<\/strong> werden hier hergestellt, wodurch wir die volle Kontrolle \u00fcber die Produktionsfristen haben.<\/p>\n<p>Man sagt jedoch, das Geheimnis liege im Detail\u2026 Und wir glauben daran! In unserem Shop <strong>a\u00a0<\/strong>Die Braut-Terminkalender geh\u00f6ren zu unseren Lieblingsdetails.<\/p>\n<p>Assim sendo, \u00e9 poss\u00edvel seres uma noiva organizada? ..\u00e9 sim!! Por isso, com a nossa Agenda de Noiva \u00e9 poss\u00edvel!<\/p>\n<p>Deshalb zeigen wir euch noch ein bisschen mehr davon, was darin enthalten ist \u2013 es ist wirklich sehr umfassend und wird euch bei der Planung eurer Hochzeit weiterhelfen!<\/p>\n<p>Hier habt ihr also Platz, um all eure Ideen f\u00fcr den gro\u00dfen Tag auf praktische und einfache Weise aufzuschreiben und zu ordnen.<\/p>\n<h2>Tagebuch der Braut Schwarz-wei\u00df Standard<\/h2>\n<p>So enth\u00e4lt der Ratgeber zahlreiche Tipps und Ratschl\u00e4ge dazu, wie man die Eheringe und die Einladungen ausw\u00e4hlt und was am besten zusammenpasst. Er hilft bei der Kl\u00e4rung von Fragen zur Art der Zeremonie, bei der Auswahl und Organisation der G\u00e4ste sowie bei den verschiedenen Arten von Kleidern.<\/p>\n<p>Au\u00dferdem gibt es viel Platz, um eure Fotos einzukleben sowie die Aufgaben zu notieren, die ihr bis zum gro\u00dfen Tag erledigen m\u00fcsst \u2013 aus diesem und vielen weiteren Gr\u00fcnden haben wir einen sehr umfassenden Terminkalender!<\/p>\n<p>Au\u00dferdem verf\u00fcgt der Kalender \u00fcber Registerkarten, damit Sie das Gesuchte leicht finden k\u00f6nnen.<\/p>\n<p>Deshalb haben wir den Braut-Terminkalender mit personalisiertem Einband hergestellt und damit unser Versprechen in Bezug auf Qualit\u00e4t und guten Geschmack eingel\u00f6st:<\/p>\n<ul>\n<li>Encaderna\u00e7\u00e3o \u00e9 em Espiral Branco<\/li>\n<li>Hardcover<\/li>\n<li>Agenda N\u00e3o Datada do dia da semana, com dois anos completos.<\/li>\n<li>Gr\u00f6\u00dfe: A5<\/li>\n<li>5 Trennzeichen<\/li>\n<\/ul>\n<p>Ebenso wie,<\/p>\n<p>Tipps zur Hochzeitsplanung und zur Auswahl verschiedener Artikel und Anbieter \/<\/p>\n<p>Checkliste bis zum gro\u00dfen Tag \/<\/p>\n<p>Liste der Dinge, die Sie f\u00fcr den gro\u00dfen Tag ben\u00f6tigen \/<\/p>\n<p>Tischplaner \/<\/p>\n<p>Und au\u00dferdem\u2026 Der Terminkalender der Braut<br \/>\n\u00dcber 200 Seiten voller Spa\u00df!<\/p>\n<p><strong>Siehe auch:<\/strong><a href=\"https:\/\/miminhosritacatita.com\/de\/product\/topo-de-bolo-acrilico-impresso\/\"> Tortenaufleger<\/a><\/p>\n<p><strong>Besuchen Sie unser <a href=\"https:\/\/www.instagram.com\/miminhos.rita.catita\/\" target=\"_blank\" rel=\"noopener\">Instagram<\/a><\/strong><\/p>","protected":false},"excerpt":{"rendered":"<ul>\n<li>Gr\u00f6\u00dfe: A5<\/li>\n<li>Hardcover<\/li>\n<li>Agenda N\u00e3o Datada do dia da semana, 2 anos completos<\/li>\n<li>5 Trennzeichen<\/li>\n<li>249 Seiten<\/li>\n<li>Papiergewicht: 120 g<\/li>\n<li>Capa Standard como imagem<\/li>\n<\/ul>","protected":false},"featured_media":43946,"template":"","meta":[],"product_brand":[],"product_cat":[1096,482,1155],"product_tag":[],"class_list":["post-43943","product","type-product","status-publish","has-post-thumbnail","product_cat-agendas","product_cat-agenda-da-noiva","product_cat-agenda-para-noiva","first","instock","featured","taxable","shipping-taxable","purchasable","product-type-simple"],"_links":{"self":[{"href":"https:\/\/miminhosritacatita.com\/de\/wp-json\/wp\/v2\/product\/43943","targetHints":{"allow":["GET"]}}],"collection":[{"href":"https:\/\/miminhosritacatita.com\/de\/wp-json\/wp\/v2\/product"}],"about":[{"href":"https:\/\/miminhosritacatita.com\/de\/wp-json\/wp\/v2\/types\/product"}],"wp:featuredmedia":[{"embeddable":true,"href":"https:\/\/miminhosritacatita.com\/de\/wp-json\/wp\/v2\/media\/43946"}],"wp:attachment":[{"href":"https:\/\/miminhosritacatita.com\/de\/wp-json\/wp\/v2\/media?parent=43943"}],"wp:term":[{"taxonomy":"product_brand","embeddable":true,"href":"https:\/\/miminhosritacatita.com\/de\/wp-json\/wp\/v2\/product_brand?post=43943"},{"taxonomy":"product_cat","embeddable":true,"href":"https:\/\/miminhosritacatita.com\/de\/wp-json\/wp\/v2\/product_cat?post=43943"},{"taxonomy":"product_tag","embeddable":true,"href":"https:\/\/miminhosritacatita.com\/de\/wp-json\/wp\/v2\/product_tag?post=43943"}],"curies":[{"name":"wp","href":"https:\/\/api.w.org\/{rel}","templated":true}]}}

Tagebuch der Braut Schwarz-weiß Standard

<h1>Tagebuch der Braut Schwarz-weiß Standard</h1>
<p>Tagebuch der Braut Schwarz-weiß Standard</p>
<p>Also, wenn ihr genauso verrückt nach Details seid wie wir, dann mit der <strong>Braut-Agenda</strong> Sie werden den Verstand verlieren.</p>
<p>(Fast) alles beginnt hier, und das ist das (zweit)beste daran: das Planen, aber auch die Freude an der Zubereitung.</p>
<p>Der personalisierte Braut-Terminkalender gehört also Ihnen, aber das Versprechen geben wir – deshalb sind unsere <strong>Terminkalender für die Braut</strong> werden hier hergestellt, wodurch wir die volle Kontrolle über die Produktionsfristen haben.</p>
<p>Man sagt jedoch, das Geheimnis liege im Detail… Und wir glauben daran! In unserem Shop <strong>a </strong>Die Braut-Terminkalender gehören zu unseren Lieblingsdetails.</p>
<p>Assim sendo, é possível seres uma noiva organizada? ..é sim!! Por isso, com a nossa Agenda de Noiva é possível!</p>
<p>Deshalb zeigen wir euch noch ein bisschen mehr davon, was darin enthalten ist – es ist wirklich sehr umfassend und wird euch bei der Planung eurer Hochzeit weiterhelfen!</p>
<p>Hier habt ihr also Platz, um all eure Ideen für den großen Tag auf praktische und einfache Weise aufzuschreiben und zu ordnen.</p>
<h2>Tagebuch der Braut Schwarz-weiß Standard</h2>
<p>So enthält der Ratgeber zahlreiche Tipps und Ratschläge dazu, wie man die Eheringe und die Einladungen auswählt und was am besten zusammenpasst. Er hilft bei der Klärung von Fragen zur Art der Zeremonie, bei der Auswahl und Organisation der Gäste sowie bei den verschiedenen Arten von Kleidern.</p>
<p>Außerdem gibt es viel Platz, um eure Fotos einzukleben sowie die Aufgaben zu notieren, die ihr bis zum großen Tag erledigen müsst – aus diesem und vielen weiteren Gründen haben wir einen sehr umfassenden Terminkalender!</p>
<p>Außerdem verfügt der Kalender über Registerkarten, damit Sie das Gesuchte leicht finden können.</p>
<p>Deshalb haben wir den Braut-Terminkalender mit personalisiertem Einband hergestellt und damit unser Versprechen in Bezug auf Qualität und guten Geschmack eingelöst:</p>
<ul>
<li>Encadernação é em Espiral Branco</li>
<li>Hardcover</li>
<li>Agenda Não Datada do dia da semana, com dois anos completos.</li>
<li>Größe: A5</li>
<li>5 Trennzeichen</li>
</ul>
<p>Ebenso wie,</p>
<p>Tipps zur Hochzeitsplanung und zur Auswahl verschiedener Artikel und Anbieter /</p>
<p>Checkliste bis zum großen Tag /</p>
<p>Liste der Dinge, die Sie für den großen Tag benötigen /</p>
<p>Tischplaner /</p>
<p>Und außerdem… Der Terminkalender der Braut<br />
Über 200 Seiten voller Spaß!</p>
<p><strong>Siehe auch:</strong><a href="https://miminhosritacatita.com/de/product/topo-de-bolo-acrilico-impresso/"> Tortenaufleger</a></p>
<p><strong>Besuchen Sie unser <a href="https://www.instagram.com/miminhos.rita.catita/" target="_blank" rel="noopener">Instagram</a></strong></p>

<ul>
<li>Größe: A5</li>
<li>Hardcover</li>
<li>Agenda Não Datada do dia da semana, 2 anos completos</li>
<li>5 Trennzeichen</li>
<li>249 Seiten</li>
<li>Papiergewicht: 120 g</li>
<li>Capa Standard como imagem</li>
</ul>
