{"id":4335,"date":"2018-11-16T11:59:25","date_gmt":"2018-11-16T11:59:25","guid":{"rendered":"https:\/\/miminhosritacatita.com\/?post_type=product&#038;p=4335"},"modified":"2026-03-12T16:09:06","modified_gmt":"2026-03-12T16:09:06","slug":"porta-aliancas-coracoes-madeira","status":"publish","type":"product","link":"https:\/\/miminhosritacatita.com\/de\/casamento\/porta-aliancas\/porta-aliancas-coracoes-madeira\/","title":{"rendered":"Porta Alian\u00e7as Cora\u00e7\u00f5es Madeira"},"content":{"rendered":"<h1>Porta Alian\u00e7as Cora\u00e7\u00f5es Madeira<\/h1>\n<p>Porta Alian\u00e7as Cora\u00e7\u00f5es Madeira<\/p>\n<p>Man sagt, das Geheimnis liege im Detail\u2026 Und wir glauben daran! In unserem Gesch\u00e4ft geh\u00f6ren die Ringtr\u00e4ger zu unseren Lieblingsdetails.<\/p>\n<p>Von den Morgenm\u00e4nteln bis zu den Strumpfhaltern \u2026 Wie wird Ihrer aussehen? \u00dcberlegen Sie es sich gut, denn hier kommt Ihr pers\u00f6nlicher Stil voll zur Geltung!<\/p>\n<p>Feitos com amor, as nossa Porta Alian\u00e7as Cora\u00e7\u00f5es Madeira \u00e9 feita para cada cliente, ideia que resulta dos detalhes da sua hist\u00f3ria. Por isso, vamos j\u00e1 conta-la como ela \u00e9, pelas suas palavras.<\/p>\n<p>In unserem Gesch\u00e4ft f\u00fchren wir verschiedene Ringtr\u00e4ger in verschiedenen Preisklassen und f\u00fcr jeden Geschmack, wobei wir stets unser Qualit\u00e4tsversprechen einhalten.<\/p>\n<p>Wir glauben, dass der Verdienst f\u00fcr <b>Hochzeit<\/b> geh\u00f6rt Ihnen, aber die Mission ist unsere. Deshalb kreieren wir Produkte, die auf den Geschmack jedes einzelnen Kunden zugeschnitten sind, wobei wir stets auf Qualit\u00e4t, Perfektion und guten Geschmack achten.<\/p>\n<h2>Porta Alian\u00e7as Cora\u00e7\u00f5es Madeira<\/h2>\n<p>Finden Sie also die Antwort auf alle Details, die Ihre Party einzigartig machen, im Online Shop.<\/p>\n<p>Wir vermieten auch Autos f\u00fcr den Transport des Brautpaares. Um den Preis zu erfahren, kontaktieren Sie uns bitte und geben Sie das Datum der Veranstaltung, die Abholadresse, die Adresse der Kirche sowie die Adresse des Hochzeitsortes an. Kissen \u201eEngelsfl\u00fcgel\u201c<\/p>\n<p>Wir haben auch eine H\u00fcpfburg und eine Rutsche zu vermieten. Fordern Sie ein Angebot an und geben Sie dabei den Tag der Veranstaltung an und ob Sie die H\u00fcpfburg im Gesch\u00e4ft abholen m\u00f6chten oder ob wir sie am Veranstaltungsort auf- und abbauen sollen.<\/p>\n<p>Hier finden Sie Antworten auf alle Fragen, die Ihre Hochzeit zu etwas Einzigartigem machen. Dazu geh\u00f6ren:<\/p>\n<ul>\n<li>Convites \/ Porta Alian\u00e7as Cora\u00e7\u00f5es \/ Livros de Honra \/ Lembran\u00e7as. Mas tamb\u00e9m, as Cestas de Lembran\u00e7as \/ e os Photo Booth \/ e os Cabides. Assim como Flutes \/ e Talheres \/ e os Bal\u00f5es \/ e os Sparklers \/ e Placas para casamento.<\/li>\n<\/ul>\n<p>Tamb\u00e9m temos outros tipos de porta alian\u00e7as \/ e os Ramos de Solteiras \/ e Caixas de Envelopes. E ainda, as Ofertas a Pais e Padrinhos \/ e as Argolas de Guardanapos\/ e as Ementas.<\/p>\n<p><strong>Siehe auch: <a href=\"https:\/\/miminhosritacatita.com\/de\/product\/terminkalender-der-braut\/\">Braut-Agenda<\/a><\/strong><\/p>\n<p><strong>Folgen Sie uns auf <a href=\"https:\/\/www.instagram.com\/miminhos.rita.catita\/\" target=\"_blank\" rel=\"noopener\">Instagram<\/a><\/strong><\/p>\n<p>&nbsp;<\/p>\n<p>&nbsp;<\/p>","protected":false},"excerpt":{"rendered":"<p>Porta Alian\u00e7as Cora\u00e7\u00f5es Madeira<\/p>\n<p>Dimens\u00e3o 28,5cm cada<\/p>\n<p>Eine hervorragende Idee, um Ihre Hochzeit noch unvergesslicher und einzigartiger zu machen!<\/p>\n<p>&nbsp;<\/p>\n<p>&nbsp;<\/p>\n<p>&nbsp;<\/p>\n<p>&nbsp;<\/p>\n<p>&nbsp;<\/p>\n<p>&nbsp;<\/p>","protected":false},"featured_media":12439,"template":"","meta":[],"product_brand":[],"product_cat":[481],"product_tag":[],"class_list":["post-4335","product","type-product","status-publish","has-post-thumbnail","product_cat-porta-aliancas","first","instock","taxable","shipping-taxable","purchasable","product-type-simple"],"_links":{"self":[{"href":"https:\/\/miminhosritacatita.com\/de\/wp-json\/wp\/v2\/product\/4335","targetHints":{"allow":["GET"]}}],"collection":[{"href":"https:\/\/miminhosritacatita.com\/de\/wp-json\/wp\/v2\/product"}],"about":[{"href":"https:\/\/miminhosritacatita.com\/de\/wp-json\/wp\/v2\/types\/product"}],"wp:featuredmedia":[{"embeddable":true,"href":"https:\/\/miminhosritacatita.com\/de\/wp-json\/wp\/v2\/media\/12439"}],"wp:attachment":[{"href":"https:\/\/miminhosritacatita.com\/de\/wp-json\/wp\/v2\/media?parent=4335"}],"wp:term":[{"taxonomy":"product_brand","embeddable":true,"href":"https:\/\/miminhosritacatita.com\/de\/wp-json\/wp\/v2\/product_brand?post=4335"},{"taxonomy":"product_cat","embeddable":true,"href":"https:\/\/miminhosritacatita.com\/de\/wp-json\/wp\/v2\/product_cat?post=4335"},{"taxonomy":"product_tag","embeddable":true,"href":"https:\/\/miminhosritacatita.com\/de\/wp-json\/wp\/v2\/product_tag?post=4335"}],"curies":[{"name":"wp","href":"https:\/\/api.w.org\/{rel}","templated":true}]}}

Porta Alianças Corações Madeira

<h1>Porta Alianças Corações Madeira</h1>
<p>Porta Alianças Corações Madeira</p>
<p>Man sagt, das Geheimnis liege im Detail… Und wir glauben daran! In unserem Geschäft gehören die Ringträger zu unseren Lieblingsdetails.</p>
<p>Von den Morgenmänteln bis zu den Strumpfhaltern … Wie wird Ihrer aussehen? Überlegen Sie es sich gut, denn hier kommt Ihr persönlicher Stil voll zur Geltung!</p>
<p>Feitos com amor, as nossa Porta Alianças Corações Madeira é feita para cada cliente, ideia que resulta dos detalhes da sua história. Por isso, vamos já conta-la como ela é, pelas suas palavras.</p>
<p>In unserem Geschäft führen wir verschiedene Ringträger in verschiedenen Preisklassen und für jeden Geschmack, wobei wir stets unser Qualitätsversprechen einhalten.</p>
<p>Wir glauben, dass der Verdienst für <b>Hochzeit</b> gehört Ihnen, aber die Mission ist unsere. Deshalb kreieren wir Produkte, die auf den Geschmack jedes einzelnen Kunden zugeschnitten sind, wobei wir stets auf Qualität, Perfektion und guten Geschmack achten.</p>
<h2>Porta Alianças Corações Madeira</h2>
<p>Finden Sie also die Antwort auf alle Details, die Ihre Party einzigartig machen, im Online Shop.</p>
<p>Wir vermieten auch Autos für den Transport des Brautpaares. Um den Preis zu erfahren, kontaktieren Sie uns bitte und geben Sie das Datum der Veranstaltung, die Abholadresse, die Adresse der Kirche sowie die Adresse des Hochzeitsortes an. Kissen „Engelsflügel“</p>
<p>Wir haben auch eine Hüpfburg und eine Rutsche zu vermieten. Fordern Sie ein Angebot an und geben Sie dabei den Tag der Veranstaltung an und ob Sie die Hüpfburg im Geschäft abholen möchten oder ob wir sie am Veranstaltungsort auf- und abbauen sollen.</p>
<p>Hier finden Sie Antworten auf alle Fragen, die Ihre Hochzeit zu etwas Einzigartigem machen. Dazu gehören:</p>
<ul>
<li>Convites / Porta Alianças Corações / Livros de Honra / Lembranças. Mas também, as Cestas de Lembranças / e os Photo Booth / e os Cabides. Assim como Flutes / e Talheres / e os Balões / e os Sparklers / e Placas para casamento.</li>
</ul>
<p>Também temos outros tipos de porta alianças / e os Ramos de Solteiras / e Caixas de Envelopes. E ainda, as Ofertas a Pais e Padrinhos / e as Argolas de Guardanapos/ e as Ementas.</p>
<p><strong>Siehe auch: <a href="https://miminhosritacatita.com/de/product/terminkalender-der-braut/">Braut-Agenda</a></strong></p>
<p><strong>Folgen Sie uns auf <a href="https://www.instagram.com/miminhos.rita.catita/" target="_blank" rel="noopener">Instagram</a></strong></p>
<p>&nbsp;</p>
<p>&nbsp;</p>

<p>Porta Alianças Corações Madeira</p>
<p>Dimensão 28,5cm cada</p>
<p>Eine hervorragende Idee, um Ihre Hochzeit noch unvergesslicher und einzigartiger zu machen!</p>
<p>&nbsp;</p>
<p>&nbsp;</p>
<p>&nbsp;</p>
<p>&nbsp;</p>
<p>&nbsp;</p>
<p>&nbsp;</p>
