{"id":42403,"date":"2023-12-06T11:10:10","date_gmt":"2023-12-06T11:10:10","guid":{"rendered":"https:\/\/miminhosritacatita.com\/?post_type=product&#038;p=42403"},"modified":"2026-04-27T11:27:54","modified_gmt":"2026-04-27T11:27:54","slug":"agenda-anual-capa-personalizada","status":"publish","type":"product","link":"https:\/\/miminhosritacatita.com\/de\/branding-e-material-corporativo\/agendas-para-empresas\/agenda-anual-capa-personalizada\/","title":{"rendered":"Agenda Anual Capa Personalizada"},"content":{"rendered":"<h1>Agenda Anual Capa Personalizada<\/h1>\n<p>Agenda Anual Capa Personalizada<\/p>\n<p>Ent\u00e3o, se j\u00e1 s\u00e3o doidas por detalhes como n\u00f3s, com a\u00a0Agenda Anual Capa Personalizada v\u00e3o perder a cabe\u00e7a.<\/p>\n<p>(Quase) Tudo come\u00e7a aqui e esta \u00e9 a (segunda) melhor parte: planear, mas tamb\u00e9m deliciar-se na prepara\u00e7\u00e3o dos seus dias.<\/p>\n<p>Portanto, a Agenda Anual \u00e9 sua mas o promessa \u00e9 nossa, por isso as nossas <strong>Tagesordnungen <\/strong>podem ter a capa personalizada, o que nos d\u00e1 um total controlo sobre os prazos de produ\u00e7\u00e3o.<\/p>\n<p>No entanto, dizem que o segredo est\u00e1 nos detalhes\u2026 E n\u00f3s acreditamos! Na nossa loja a Agenda Anual \u00e9 dos nossos detalhes favoritos.<\/p>\n<p>Assim sendo, \u00e9 poss\u00edvel seres uma pessoa organizada? ..\u00e9 sim!! Com a nossa Agenda Anual \u00e9 poss\u00edvel!<\/p>\n<p>Como tal, mostramos mais um pouco do que cont\u00e9m, \u00e9 super completa.<\/p>\n<p>Portanto, aqui h\u00e1 espa\u00e7o para escrever e organizar todos os dias, de forma pr\u00e1tica.<\/p>\n<h2>Agenda Anual Capa Personalizada<\/h2>\n<p>Assim, a Agenda tem mapa mundo, espa\u00e7o para colocar contactos, \u00e9 agenda com vista di\u00e1ria, s\u00e1bado e domingo numa s\u00f3 p\u00e1gina.<\/p>\n<p>Portanto, esta Agenda pode ser impressa na capa, de forma personalizada.<\/p>\n<ul>\n<li>Capa dura<\/li>\n<li>Agenda Semanal<\/li>\n<li>Gr\u00f6\u00dfe: A5<\/li>\n<\/ul>\n<p>Agenda de tamanho A5 em resistente cart\u00e3o. Com capas r\u00edgidas.<\/p>\n<p>&nbsp;<\/p>\n<p>Descubra a eleg\u00e2ncia das <strong>agendas personalizadas<\/strong> que combinam funcionalidade com sofistica\u00e7\u00e3o. Com capas em veludo macio e acabamento em <strong>letterpress dourado espelhado<\/strong>, cada agenda destaca-se como uma pe\u00e7a \u00fanica. Al\u00e9m disso, o design exclusivo transforma o planeamento di\u00e1rio numa experi\u00eancia visualmente encantadora.<\/p>\n<p>Seja para organizar compromissos, anotar ideias ou oferecer um presente memor\u00e1vel, esta agenda adapta-se perfeitamente a qualquer ocasi\u00e3o. Por isso, se procura um produto que una estilo, qualidade e personaliza\u00e7\u00e3o, esta \u00e9 a escolha certa. Afinal, cada detalhe foi pensado para refletir bom gosto, enquanto valoriza a rotina com um toque de luxo.<\/p>\n<p>&nbsp;<\/p>\n<p><strong>Siehe auch:<\/strong><a href=\"https:\/\/miminhosritacatita.com\/de\/product\/topo-de-bolo-acrilico-impresso\/\"> Tortenaufleger<\/a><\/p>\n<p>Folgen Sie uns auf <a href=\"https:\/\/www.instagram.com\/miminhos.rita.catita\/\" target=\"_blank\" rel=\"noopener\">Instagram<\/a><\/p>","protected":false},"excerpt":{"rendered":"<p>Agenda Anual Capa Personalizada<\/p>\n<p>Gr\u00f6\u00dfe: A5<\/p>\n<p>Capa dura em veludo com Impress\u00e3o personalizada em dourado espelhado<br \/>\nVista semanal<br \/>\nEsta agenda tem processos que avultam o valor da agenda, para compra em quantidade o valor altera substancialmente<\/p>","protected":false},"featured_media":65044,"template":"","meta":[],"product_brand":[],"product_cat":[1096,1199,1319],"product_tag":[],"class_list":{"0":"post-42403","1":"product","2":"type-product","3":"status-publish","4":"has-post-thumbnail","6":"product_cat-agendas","7":"product_cat-agenda-anual-agendas","8":"product_cat-agendas-para-empresas","10":"first","11":"instock","12":"featured","13":"taxable","14":"shipping-taxable","15":"purchasable","16":"product-type-simple"},"_links":{"self":[{"href":"https:\/\/miminhosritacatita.com\/de\/wp-json\/wp\/v2\/product\/42403","targetHints":{"allow":["GET"]}}],"collection":[{"href":"https:\/\/miminhosritacatita.com\/de\/wp-json\/wp\/v2\/product"}],"about":[{"href":"https:\/\/miminhosritacatita.com\/de\/wp-json\/wp\/v2\/types\/product"}],"wp:featuredmedia":[{"embeddable":true,"href":"https:\/\/miminhosritacatita.com\/de\/wp-json\/wp\/v2\/media\/65044"}],"wp:attachment":[{"href":"https:\/\/miminhosritacatita.com\/de\/wp-json\/wp\/v2\/media?parent=42403"}],"wp:term":[{"taxonomy":"product_brand","embeddable":true,"href":"https:\/\/miminhosritacatita.com\/de\/wp-json\/wp\/v2\/product_brand?post=42403"},{"taxonomy":"product_cat","embeddable":true,"href":"https:\/\/miminhosritacatita.com\/de\/wp-json\/wp\/v2\/product_cat?post=42403"},{"taxonomy":"product_tag","embeddable":true,"href":"https:\/\/miminhosritacatita.com\/de\/wp-json\/wp\/v2\/product_tag?post=42403"}],"curies":[{"name":"wp","href":"https:\/\/api.w.org\/{rel}","templated":true}]}}

<h1>Agenda Anual Capa Personalizada</h1>
<p>Agenda Anual Capa Personalizada</p>
<p>Então, se já são doidas por detalhes como nós, com a Agenda Anual Capa Personalizada vão perder a cabeça.</p>
<p>(Quase) Tudo começa aqui e esta é a (segunda) melhor parte: planear, mas também deliciar-se na preparação dos seus dias.</p>
<p>Portanto, a Agenda Anual é sua mas o promessa é nossa, por isso as nossas <strong>Tagesordnungen </strong>podem ter a capa personalizada, o que nos dá um total controlo sobre os prazos de produção.</p>
<p>No entanto, dizem que o segredo está nos detalhes… E nós acreditamos! Na nossa loja a Agenda Anual é dos nossos detalhes favoritos.</p>
<p>Assim sendo, é possível seres uma pessoa organizada? ..é sim!! Com a nossa Agenda Anual é possível!</p>
<p>Como tal, mostramos mais um pouco do que contém, é super completa.</p>
<p>Portanto, aqui há espaço para escrever e organizar todos os dias, de forma prática.</p>
<h2>Agenda Anual Capa Personalizada</h2>
<p>Assim, a Agenda tem mapa mundo, espaço para colocar contactos, é agenda com vista diária, sábado e domingo numa só página.</p>
<p>Portanto, esta Agenda pode ser impressa na capa, de forma personalizada.</p>
<ul>
<li>Capa dura</li>
<li>Agenda Semanal</li>
<li>Größe: A5</li>
</ul>
<p>Agenda de tamanho A5 em resistente cartão. Com capas rígidas.</p>
<p>&nbsp;</p>
<p>Descubra a elegância das <strong>agendas personalizadas</strong> que combinam funcionalidade com sofisticação. Com capas em veludo macio e acabamento em <strong>letterpress dourado espelhado</strong>, cada agenda destaca-se como uma peça única. Além disso, o design exclusivo transforma o planeamento diário numa experiência visualmente encantadora.</p>
<p>Seja para organizar compromissos, anotar ideias ou oferecer um presente memorável, esta agenda adapta-se perfeitamente a qualquer ocasião. Por isso, se procura um produto que una estilo, qualidade e personalização, esta é a escolha certa. Afinal, cada detalhe foi pensado para refletir bom gosto, enquanto valoriza a rotina com um toque de luxo.</p>
<p>&nbsp;</p>
<p><strong>Siehe auch:</strong><a href="https://miminhosritacatita.com/de/product/topo-de-bolo-acrilico-impresso/"> Tortenaufleger</a></p>
<p>Folgen Sie uns auf <a href="https://www.instagram.com/miminhos.rita.catita/" target="_blank" rel="noopener">Instagram</a></p>

<p>Agenda Anual Capa Personalizada</p>
<p>Größe: A5</p>
<p>Capa dura em veludo com Impressão personalizada em dourado espelhado<br />
Vista semanal<br />
Esta agenda tem processos que avultam o valor da agenda, para compra em quantidade o valor altera substancialmente</p>
